74.7.243.201 - - [15/Jun/2026:05:48:54 +0700] "GET /wp-content/themes/flatsome/inc/extensions/flatsome-live-search/'+suggestion.img+'?filesrc=/var/www/vhosts/dienmaychuyennghiep.com/httpdocs/wordpress/wp-content/themes/twentytwentyfour/patterns/template-archive-blogging.php&path=/var/www/vhosts/dienmaychuyennghiep.com/httpdocs/wordpress/wp-content/themes/twentytwentyfour/patterns HTTP/2" 200 19040 "https://www.dienmaychuyennghiep.com/wp-content/themes/flatsome/inc/extensions/flatsome-live-search/'+suggestion.img+'?path=/var/www/vhosts/dienmaychuyennghiep.com/httpdocs/wordpress/wp-content/themes/twentytwentyfour/patterns" "Mozilla/5.0 AppleWebKit/537.36 (KHTML, like Gecko; compatible; GPTBot/1.4; +https://openai.com/gptbot)"
116.179.32.112 - - [15/Jun/2026:05:48:54 +0700] "GET /san-pham/may-mai-goc-makita-m9508b/ HTTP/2" 200 69176 "-" "Mozilla/5.0 (compatible; Baiduspider/2.0; +http://www.baidu.com/search/spider.html)"
74.7.243.201 - - [15/Jun/2026:05:48:56 +0700] "GET /wp-content/plugins/woocommerce/assets/js/photoswipe/%url%?filesrc=/var/www/vhosts/dienmaychuyennghiep.com/httpdocs/wp-content/languages/plugins/elementor-vi-38ad0bddf7be1ae89a964f0a38111ec4.json&path=/var/www/vhosts/dienmaychuyennghiep.com/httpdocs/wp-content/languages/plugins HTTP/2" 200 19094 "https://www.dienmaychuyennghiep.com/wp-content/plugins/woocommerce/assets/js/photoswipe/%url%?path=/var/www/vhosts/dienmaychuyennghiep.com/httpdocs/wp-content/languages/plugins" "Mozilla/5.0 AppleWebKit/537.36 (KHTML, like Gecko; compatible; GPTBot/1.4; +https://openai.com/gptbot)"
74.7.243.201 - - [15/Jun/2026:05:48:58 +0700] "GET /wp-content/plugins/woocommerce/assets/js/photoswipe/%url%?filesrc=/var/www/vhosts/dienmaychuyennghiep.com/httpdocs/wp-content/languages/vi.po&path=/var/www/vhosts/dienmaychuyennghiep.com/httpdocs/wp-content/languages HTTP/2" 200 229516 "https://www.dienmaychuyennghiep.com/wp-content/plugins/woocommerce/assets/js/photoswipe/%url%?path=/var/www/vhosts/dienmaychuyennghiep.com/httpdocs/wp-content/languages" "Mozilla/5.0 AppleWebKit/537.36 (KHTML, like Gecko; compatible; GPTBot/1.4; +https://openai.com/gptbot)"
51.75.236.131 - - [15/Jun/2026:05:48:57 +0700] "GET /androids/sex-ozawa.html HTTP/2" 200 19536 "-" "Mozilla/5.0 (compatible; AhrefsBot/7.0; +http://ahrefs.com/robot/)"
74.7.243.201 - - [15/Jun/2026:05:48:59 +0700] "GET /wp-content/plugins/woocommerce/assets/js/photoswipe/%url%?filesrc=/var/www/vhosts/dienmaychuyennghiep.com/httpdocs/wp-content/languages/vi.mo&path=/var/www/vhosts/dienmaychuyennghiep.com/httpdocs/wp-content/languages HTTP/2" 200 172562 "https://www.dienmaychuyennghiep.com/wp-content/plugins/woocommerce/assets/js/photoswipe/%url%?path=/var/www/vhosts/dienmaychuyennghiep.com/httpdocs/wp-content/languages" "Mozilla/5.0 AppleWebKit/537.36 (KHTML, like Gecko; compatible; GPTBot/1.4; +https://openai.com/gptbot)"
116.179.37.61 - - [15/Jun/2026:05:49:02 +0700] "GET /wp-content/uploads/2024/07/M9508B-6-510x510.png HTTP/1.1" 200 119188 "https://dienmaychuyennghiep.com/san-pham/may-mai-goc-makita-m9508b/" "Mozilla/5.0 (compatible; Baiduspider-render/2.0; +http://www.baidu.com/search/spider.html)"
116.179.37.176 - - [15/Jun/2026:05:49:03 +0700] "GET /wp-content/uploads/2024/07/M9508B-3-247x296.png HTTP/1.1" 200 47659 "https://dienmaychuyennghiep.com/san-pham/may-mai-goc-makita-m9508b/" "Mozilla/5.0 (compatible; Baiduspider-render/2.0; +http://www.baidu.com/search/spider.html)"
116.179.37.145 - - [15/Jun/2026:05:49:03 +0700] "GET /wp-content/uploads/2024/07/M9508B-3-510x510.png HTTP/1.1" 200 124116 "https://dienmaychuyennghiep.com/san-pham/may-mai-goc-makita-m9508b/" "Mozilla/5.0 (compatible; Baiduspider-render/2.0; +http://www.baidu.com/search/spider.html)"
74.7.243.201 - - [15/Jun/2026:05:49:01 +0700] "GET /wp-content/plugins/woocommerce/assets/js/photoswipe/%url%?filesrc=/var/www/vhosts/dienmaychuyennghiep.com/httpdocs/wp-content/plugins/seo-by-rank-math/includes/admin/views/index.php&path=/var/www/vhosts/dienmaychuyennghiep.com/httpdocs/wp-content/plugins/seo-by-rank-math/includes/admin/views HTTP/2" 200 18655 "https://www.dienmaychuyennghiep.com/wp-content/plugins/woocommerce/assets/js/photoswipe/%url%?path=/var/www/vhosts/dienmaychuyennghiep.com/httpdocs/wp-content/plugins/seo-by-rank-math/includes/admin/views" "Mozilla/5.0 AppleWebKit/537.36 (KHTML, like Gecko; compatible; GPTBot/1.4; +https://openai.com/gptbot)"
116.179.37.13 - - [15/Jun/2026:05:49:03 +0700] "GET /wp-content/uploads/2024/07/M9508B-4-247x296.png HTTP/1.1" 200 47782 "https://dienmaychuyennghiep.com/san-pham/may-mai-goc-makita-m9508b/" "Mozilla/5.0 (compatible; Baiduspider-render/2.0; +http://www.baidu.com/search/spider.html)"
116.179.37.200 - - [15/Jun/2026:05:49:03 +0700] "GET /wp-content/uploads/2024/07/M9508B-5-510x510.png HTTP/1.1" 200 164649 "https://dienmaychuyennghiep.com/san-pham/may-mai-goc-makita-m9508b/" "Mozilla/5.0 (compatible; Baiduspider-render/2.0; +http://www.baidu.com/search/spider.html)"
74.7.243.201 - - [15/Jun/2026:05:49:03 +0700] "GET /wp-content/plugins/woocommerce/assets/js/photoswipe/%url%?filesrc=/var/www/vhosts/dienmaychuyennghiep.com/httpdocs/wp-content/themes/twentytwentythree/templates/page.html&path=/var/www/vhosts/dienmaychuyennghiep.com/httpdocs/wp-content/themes/twentytwentythree/templates HTTP/2" 200 18997 "https://www.dienmaychuyennghiep.com/wp-content/plugins/woocommerce/assets/js/photoswipe/%url%?path=/var/www/vhosts/dienmaychuyennghiep.com/httpdocs/wp-content/themes/twentytwentythree/templates" "Mozilla/5.0 AppleWebKit/537.36 (KHTML, like Gecko; compatible; GPTBot/1.4; +https://openai.com/gptbot)"
116.179.37.94 - - [15/Jun/2026:05:49:03 +0700] "GET /wp-content/uploads/2024/07/M9508B-2-510x510.png HTTP/1.1" 200 137727 "https://dienmaychuyennghiep.com/san-pham/may-mai-goc-makita-m9508b/" "Mozilla/5.0 (compatible; Baiduspider-render/2.0; +http://www.baidu.com/search/spider.html)"
116.179.37.130 - - [15/Jun/2026:05:49:03 +0700] "GET /wp-content/uploads/2024/07/M9508B-4-510x510.png HTTP/1.1" 200 125863 "https://dienmaychuyennghiep.com/san-pham/may-mai-goc-makita-m9508b/" "Mozilla/5.0 (compatible; Baiduspider-render/2.0; +http://www.baidu.com/search/spider.html)"
116.179.37.51 - - [15/Jun/2026:05:49:05 +0700] "GET /wp-content/uploads/2024/07/M9508B-2-247x296.png HTTP/1.1" 200 49291 "https://dienmaychuyennghiep.com/san-pham/may-mai-goc-makita-m9508b/" "Mozilla/5.0 (compatible; Baiduspider-render/2.0; +http://www.baidu.com/search/spider.html)"
74.7.243.201 - - [15/Jun/2026:05:49:04 +0700] "GET /wp-content/plugins/woocommerce/assets/js/photoswipe/%url%?filesrc=/var/www/vhosts/dienmaychuyennghiep.com/httpdocs/wp-content/themes/flatsome/comments.php&path=/var/www/vhosts/dienmaychuyennghiep.com/httpdocs/wp-content/themes/flatsome HTTP/2" 200 19595 "https://www.dienmaychuyennghiep.com/wp-content/plugins/woocommerce/assets/js/photoswipe/%url%?path=/var/www/vhosts/dienmaychuyennghiep.com/httpdocs/wp-content/themes/flatsome" "Mozilla/5.0 AppleWebKit/537.36 (KHTML, like Gecko; compatible; GPTBot/1.4; +https://openai.com/gptbot)"
74.7.243.201 - - [15/Jun/2026:05:49:06 +0700] "GET /wp-content/plugins/woocommerce/assets/js/photoswipe/%url%?filesrc=/var/www/vhosts/dienmaychuyennghiep.com/httpdocs/wp-content/themes/astra/comments.php&path=/var/www/vhosts/dienmaychuyennghiep.com/httpdocs/wp-content/themes/astra HTTP/2" 200 20162 "https://www.dienmaychuyennghiep.com/wp-content/plugins/woocommerce/assets/js/photoswipe/%url%?path=/var/www/vhosts/dienmaychuyennghiep.com/httpdocs/wp-content/themes/astra" "Mozilla/5.0 AppleWebKit/537.36 (KHTML, like Gecko; compatible; GPTBot/1.4; +https://openai.com/gptbot)"
116.179.37.150 - - [15/Jun/2026:05:49:08 +0700] "GET /wp-content/uploads/2024/07/M9508B-1-1536x864.png HTTP/1.1" 200 557699 "https://dienmaychuyennghiep.com/san-pham/may-mai-goc-makita-m9508b/" "Mozilla/5.0 (compatible; Baiduspider-render/2.0; +http://www.baidu.com/search/spider.html)"
74.7.243.201 - - [15/Jun/2026:05:49:08 +0700] "GET /wp-content/plugins/woocommerce/assets/js/photoswipe/%url%?filesrc=/var/www/vhosts/dienmaychuyennghiep.com/httpdocs/wp-content/plugins/seo-by-rank-math/vendor/composer/installed.json&path=/var/www/vhosts/dienmaychuyennghiep.com/httpdocs/wp-content/plugins/seo-by-rank-math/vendor/composer HTTP/2" 200 21676 "https://www.dienmaychuyennghiep.com/wp-content/plugins/woocommerce/assets/js/photoswipe/%url%?path=/var/www/vhosts/dienmaychuyennghiep.com/httpdocs/wp-content/plugins/seo-by-rank-math/vendor/composer" "Mozilla/5.0 AppleWebKit/537.36 (KHTML, like Gecko; compatible; GPTBot/1.4; +https://openai.com/gptbot)"
74.7.243.201 - - [15/Jun/2026:05:49:09 +0700] "GET /wp-content/plugins/woocommerce/assets/js/photoswipe/%url%?path=/var/www/vhosts/dienmaychuyennghiep.com/httpdocs/wp-content/jetpack-waf/rules HTTP/2" 200 18907 "https://www.dienmaychuyennghiep.com/wp-content/plugins/woocommerce/assets/js/photoswipe/%url%?path=/var/www/vhosts/dienmaychuyennghiep.com/httpdocs/wp-content/jetpack-waf" "Mozilla/5.0 AppleWebKit/537.36 (KHTML, like Gecko; compatible; GPTBot/1.4; +https://openai.com/gptbot)"
66.249.79.75 - - [15/Jun/2026:05:49:09 +0700] "GET /danh-muc-san-pham/dung-cu-cam-tay/dung-cu-thuy-luc/?path=/var/www/vhosts HTTP/1.1" 200 55318 "-" "Mozilla/5.0 (Linux; Android 6.0.1; Nexus 5X Build/MMB29P) AppleWebKit/537.36 (KHTML, like Gecko) Chrome/148.0.7778.96 Mobile Safari/537.36 (compatible; GoogleOther)"
74.7.243.201 - - [15/Jun/2026:05:49:11 +0700] "GET /wp-content/themes/flatsome/inc/extensions/flatsome-live-search/'+suggestion.img+'?filesrc=/var/www/vhosts/dienmaychuyennghiep.com/httpdocs/wp-includes/blocks/comments-pagination-next/block.json&path=/var/www/vhosts/dienmaychuyennghiep.com/httpdocs/wp-includes/blocks/comments-pagination-next HTTP/2" 200 19055 "https://www.dienmaychuyennghiep.com/wp-content/themes/flatsome/inc/extensions/flatsome-live-search/'+suggestion.img+'?path=/var/www/vhosts/dienmaychuyennghiep.com/httpdocs/wp-includes/blocks/comments-pagination-next" "Mozilla/5.0 AppleWebKit/537.36 (KHTML, like Gecko; compatible; GPTBot/1.4; +https://openai.com/gptbot)"
101.189.6.199 - - [15/Jun/2026:05:49:11 +0700] "GET /san-pham/may-mai-goc-dung-pin-dartek-a7-5801-2/?filesrc=%2Fvar%2Fwww%2Fvhosts%2Fdienmaychuyennghiep.com%2F.myimunify_id&path=%2Fvar%2Fwww%2Fvhosts%2Fdienmaychuyennghiep.com HTTP/2" 200 61470 "-" "Mozilla/5.0 (Linux; Android 5.0; SM-G900P Build/LRX21T) AppleWebKit/537.36 (KHTML, like Gecko) Chrome/42.0.1988.1890 Mobile Safari/537.36"
74.7.243.201 - - [15/Jun/2026:05:49:12 +0700] "GET /wp-content/themes/flatsome/inc/extensions/flatsome-live-search/'+suggestion.img+'?filesrc=/var/www/vhosts/dienmaychuyennghiep.com/httpdocs/wp-content/plugins/woocommerce/assets/images/icons/info.svg&path=/var/www/vhosts/dienmaychuyennghiep.com/httpdocs/wp-content/plugins/woocommerce/assets/images/icons HTTP/2" 200 19034 "https://www.dienmaychuyennghiep.com/wp-content/themes/flatsome/inc/extensions/flatsome-live-search/'+suggestion.img+'?path=/var/www/vhosts/dienmaychuyennghiep.com/httpdocs/wp-content/plugins/woocommerce/assets/images/icons" "Mozilla/5.0 AppleWebKit/537.36 (KHTML, like Gecko; compatible; GPTBot/1.4; +https://openai.com/gptbot)"
74.7.243.201 - - [15/Jun/2026:05:49:13 +0700] "GET /wp-content/plugins/woocommerce/assets/js/photoswipe/%url%?filesrc=/var/www/vhosts/dienmaychuyennghiep.com/httpdocs/wp-content/themes/flatsome-child/comments.php&path=/var/www/vhosts/dienmaychuyennghiep.com/httpdocs/wp-content/themes/flatsome-child HTTP/2" 200 19596 "https://www.dienmaychuyennghiep.com/wp-content/plugins/woocommerce/assets/js/photoswipe/%url%?path=/var/www/vhosts/dienmaychuyennghiep.com/httpdocs/wp-content/themes/flatsome-child" "Mozilla/5.0 AppleWebKit/537.36 (KHTML, like Gecko; compatible; GPTBot/1.4; +https://openai.com/gptbot)"
92.222.104.210 - - [15/Jun/2026:05:49:14 +0700] "GET /androids/sex-bukake.html HTTP/2" 200 19536 "-" "Mozilla/5.0 (compatible; AhrefsBot/7.0; +http://ahrefs.com/robot/)"
192.144.90.136 - - [15/Jun/2026:05:49:15 +0700] "GET /wp-content/uploads/2024/07/PAG5812-2-247x296.png HTTP/2" 206 500 "https://www.dienmaychuyennghiep.com/san-pham/may-mai-goc-dung-pin-dartek-a7-5801-2/?filesrc=%2Fvar%2Fwww%2Fvhosts%2Fdienmaychuyennghiep.com%2F.myimunify_id&path=%2Fvar%2Fwww%2Fvhosts%2Fdienmaychuyennghiep.com" "Mozilla/5.0 (Linux; Android 5.0; SM-G900P Build/LRX21T) AppleWebKit/537.36 (KHTML, like Gecko) Chrome/42.0.1988.1890 Mobile Safari/537.36"
192.144.90.136 - - [15/Jun/2026:05:49:15 +0700] "GET /wp-content/uploads/2024/07/PDG01-10-4-247x296.png HTTP/2" 206 500 "https://www.dienmaychuyennghiep.com/san-pham/may-mai-goc-dung-pin-dartek-a7-5801-2/?filesrc=%2Fvar%2Fwww%2Fvhosts%2Fdienmaychuyennghiep.com%2F.myimunify_id&path=%2Fvar%2Fwww%2Fvhosts%2Fdienmaychuyennghiep.com" "Mozilla/5.0 (Linux; Android 5.0; SM-G900P Build/LRX21T) AppleWebKit/537.36 (KHTML, like Gecko) Chrome/42.0.1988.1890 Mobile Safari/537.36"
192.144.90.136 - - [15/Jun/2026:05:49:15 +0700] "GET /wp-content/uploads/2024/07/PAG5812-6-247x296.png HTTP/2" 206 500 "https://www.dienmaychuyennghiep.com/san-pham/may-mai-goc-dung-pin-dartek-a7-5801-2/?filesrc=%2Fvar%2Fwww%2Fvhosts%2Fdienmaychuyennghiep.com%2F.myimunify_id&path=%2Fvar%2Fwww%2Fvhosts%2Fdienmaychuyennghiep.com" "Mozilla/5.0 (Linux; Android 5.0; SM-G900P Build/LRX21T) AppleWebKit/537.36 (KHTML, like Gecko) Chrome/42.0.1988.1890 Mobile Safari/537.36"
192.144.90.136 - - [15/Jun/2026:05:49:15 +0700] "GET /wp-content/uploads/2024/07/PTR8602-4-247x296.png HTTP/2" 206 500 "https://www.dienmaychuyennghiep.com/san-pham/may-mai-goc-dung-pin-dartek-a7-5801-2/?filesrc=%2Fvar%2Fwww%2Fvhosts%2Fdienmaychuyennghiep.com%2F.myimunify_id&path=%2Fvar%2Fwww%2Fvhosts%2Fdienmaychuyennghiep.com" "Mozilla/5.0 (Linux; Android 5.0; SM-G900P Build/LRX21T) AppleWebKit/537.36 (KHTML, like Gecko) Chrome/42.0.1988.1890 Mobile Safari/537.36"
192.144.90.136 - - [15/Jun/2026:05:49:15 +0700] "GET /wp-content/uploads/2024/07/PTR8602-5-247x296.png HTTP/2" 206 500 "https://www.dienmaychuyennghiep.com/san-pham/may-mai-goc-dung-pin-dartek-a7-5801-2/?filesrc=%2Fvar%2Fwww%2Fvhosts%2Fdienmaychuyennghiep.com%2F.myimunify_id&path=%2Fvar%2Fwww%2Fvhosts%2Fdienmaychuyennghiep.com" "Mozilla/5.0 (Linux; Android 5.0; SM-G900P Build/LRX21T) AppleWebKit/537.36 (KHTML, like Gecko) Chrome/42.0.1988.1890 Mobile Safari/537.36"
74.7.243.201 - - [15/Jun/2026:05:49:15 +0700] "GET /wp-content/plugins/woocommerce/assets/js/photoswipe/%url%?filesrc=/var/www/vhosts/dienmaychuyennghiep.com/httpdocs/wp-content/plugins/nextend-facebook-connect/admin/templates/test-connection.php&path=/var/www/vhosts/dienmaychuyennghiep.com/httpdocs/wp-content/plugins/nextend-facebook-connect/admin/templates HTTP/2" 200 19466 "https://www.dienmaychuyennghiep.com/wp-content/plugins/woocommerce/assets/js/photoswipe/%url%?path=/var/www/vhosts/dienmaychuyennghiep.com/httpdocs/wp-content/plugins/nextend-facebook-connect/admin/templates" "Mozilla/5.0 AppleWebKit/537.36 (KHTML, like Gecko; compatible; GPTBot/1.4; +https://openai.com/gptbot)"
74.7.243.201 - - [15/Jun/2026:05:49:16 +0700] "GET /wp-content/plugins/woocommerce/assets/js/photoswipe/%url%?filesrc=/var/www/vhosts/dienmaychuyennghiep.com/httpdocs/wp-content/plugins/mailchimp-for-woocommerce/admin/partials/tabs/notices.php&path=/var/www/vhosts/dienmaychuyennghiep.com/httpdocs/wp-content/plugins/mailchimp-for-woocommerce/admin/partials/tabs HTTP/2" 200 19090 "https://www.dienmaychuyennghiep.com/wp-content/plugins/woocommerce/assets/js/photoswipe/%url%?path=/var/www/vhosts/dienmaychuyennghiep.com/httpdocs/wp-content/plugins/mailchimp-for-woocommerce/admin/partials/tabs" "Mozilla/5.0 AppleWebKit/537.36 (KHTML, like Gecko; compatible; GPTBot/1.4; +https://openai.com/gptbot)"
74.7.243.201 - - [15/Jun/2026:05:49:17 +0700] "GET /wp-content/plugins/woocommerce/assets/js/photoswipe/%url%?filesrc=/var/www/vhosts/dienmaychuyennghiep.com/httpdocs/wp-content/plugins/wordpress-seo/src/integrations/admin/indexables-exclude-taxonomy-integration.php&path=/var/www/vhosts/dienmaychuyennghiep.com/httpdocs/wp-content/plugins/wordpress-seo/src/integrations/admin HTTP/2" 200 19172 "https://www.dienmaychuyennghiep.com/wp-content/plugins/woocommerce/assets/js/photoswipe/%url%?path=/var/www/vhosts/dienmaychuyennghiep.com/httpdocs/wp-content/plugins/wordpress-seo/src/integrations/admin" "Mozilla/5.0 AppleWebKit/537.36 (KHTML, like Gecko; compatible; GPTBot/1.4; +https://openai.com/gptbot)"
114.119.154.113 - - [15/Jun/2026:05:49:17 +0700] "GET /san-pham/premium-quality-2/?path=/var/www/vhosts/dienmaychuyennghiep.com HTTP/1.1" 200 60378 "https://www.pemco.vn/san-pham/premium-quality-2/" "Mozilla/5.0 (Linux; Android 7.0;) AppleWebKit/537.36 (HTML, like Gecko) Mobile Safari/537.36 (compatible; PetalBot;+https://webmaster.petalsearch.com/site/petalbot)"
74.7.243.201 - - [15/Jun/2026:05:49:19 +0700] "GET /wp-content/plugins/woocommerce/assets/js/photoswipe/%url%?filesrc=/var/www/vhosts/dienmaychuyennghiep.com/httpdocs/wp-content/plugins/mailchimp-for-woocommerce/admin/partials/mailchimp-woocommerce-admin-tabs.php&path=/var/www/vhosts/dienmaychuyennghiep.com/httpdocs/wp-content/plugins/mailchimp-for-woocommerce/admin/partials HTTP/2" 200 25110 "https://www.dienmaychuyennghiep.com/wp-content/plugins/woocommerce/assets/js/photoswipe/%url%?path=/var/www/vhosts/dienmaychuyennghiep.com/httpdocs/wp-content/plugins/mailchimp-for-woocommerce/admin/partials" "Mozilla/5.0 AppleWebKit/537.36 (KHTML, like Gecko; compatible; GPTBot/1.4; +https://openai.com/gptbot)"
74.7.243.201 - - [15/Jun/2026:05:49:20 +0700] "GET /wp-content/plugins/woocommerce/assets/js/photoswipe/%url%?filesrc=/var/www/vhosts/dienmaychuyennghiep.com/httpdocs/wp-content/plugins/nextend-facebook-connect/admin/templates/settings/general.php&path=/var/www/vhosts/dienmaychuyennghiep.com/httpdocs/wp-content/plugins/nextend-facebook-connect/admin/templates/settings HTTP/2" 200 21837 "https://www.dienmaychuyennghiep.com/wp-content/plugins/woocommerce/assets/js/photoswipe/%url%?path=/var/www/vhosts/dienmaychuyennghiep.com/httpdocs/wp-content/plugins/nextend-facebook-connect/admin/templates/settings" "Mozilla/5.0 AppleWebKit/537.36 (KHTML, like Gecko; compatible; GPTBot/1.4; +https://openai.com/gptbot)"
74.7.243.201 - - [15/Jun/2026:05:49:22 +0700] "GET /wp-content/plugins/woocommerce/assets/js/photoswipe/%url%?filesrc=/var/www/vhosts/dienmaychuyennghiep.com/httpdocs/wp-content/plugins/nextend-facebook-connect/admin/templates/settings/userpro.php&path=/var/www/vhosts/dienmaychuyennghiep.com/httpdocs/wp-content/plugins/nextend-facebook-connect/admin/templates/settings HTTP/2" 200 20044 "https://www.dienmaychuyennghiep.com/wp-content/plugins/woocommerce/assets/js/photoswipe/%url%?path=/var/www/vhosts/dienmaychuyennghiep.com/httpdocs/wp-content/plugins/nextend-facebook-connect/admin/templates/settings" "Mozilla/5.0 AppleWebKit/537.36 (KHTML, like Gecko; compatible; GPTBot/1.4; +https://openai.com/gptbot)"
74.7.243.201 - - [15/Jun/2026:05:49:23 +0700] "GET /wp-content/themes/flatsome/inc/extensions/flatsome-live-search/'+suggestion.img+'?filesrc=/var/www/vhosts/dienmaychuyennghiep.com/httpdocs/wp-includes/images/icon-library/cloud-download.svg&path=/var/www/vhosts/dienmaychuyennghiep.com/httpdocs/wp-includes/images/icon-library HTTP/2" 200 18994 "https://www.dienmaychuyennghiep.com/wp-content/themes/flatsome/inc/extensions/flatsome-live-search/'+suggestion.img+'?path=/var/www/vhosts/dienmaychuyennghiep.com/httpdocs/wp-includes/images/icon-library" "Mozilla/5.0 AppleWebKit/537.36 (KHTML, like Gecko; compatible; GPTBot/1.4; +https://openai.com/gptbot)"
74.7.243.201 - - [15/Jun/2026:05:49:24 +0700] "GET /wp-content/themes/flatsome/inc/extensions/flatsome-live-search/'+suggestion.img+'?filesrc=/var/www/vhosts/dienmaychuyennghiep.com/httpdocs/wp-includes/images/icon-library/download.svg&path=/var/www/vhosts/dienmaychuyennghiep.com/httpdocs/wp-includes/images/icon-library HTTP/2" 200 18764 "https://www.dienmaychuyennghiep.com/wp-content/themes/flatsome/inc/extensions/flatsome-live-search/'+suggestion.img+'?path=/var/www/vhosts/dienmaychuyennghiep.com/httpdocs/wp-includes/images/icon-library" "Mozilla/5.0 AppleWebKit/537.36 (KHTML, like Gecko; compatible; GPTBot/1.4; +https://openai.com/gptbot)"
74.7.243.201 - - [15/Jun/2026:05:49:25 +0700] "GET /wp-content/plugins/woocommerce/assets/js/photoswipe/%url%?filesrc=/var/www/vhosts/dienmaychuyennghiep.com/httpdocs/wp-content/plugins/wp-file-manager/lib/img/ui-icons_ffffff_256x240.png&path=/var/www/vhosts/dienmaychuyennghiep.com/httpdocs/wp-content/plugins/wp-file-manager/lib/img HTTP/2" 200 21875 "https://www.dienmaychuyennghiep.com/wp-content/plugins/woocommerce/assets/js/photoswipe/%url%?path=/var/www/vhosts/dienmaychuyennghiep.com/httpdocs/wp-content/plugins/wp-file-manager/lib/img" "Mozilla/5.0 AppleWebKit/537.36 (KHTML, like Gecko; compatible; GPTBot/1.4; +https://openai.com/gptbot)"
74.7.243.201 - - [15/Jun/2026:05:49:27 +0700] "GET /wp-content/plugins/woocommerce/assets/js/photoswipe/%url%?filesrc=/var/www/vhosts/dienmaychuyennghiep.com/httpdocs/wp-content/plugins/woocommerce/assets/client/blocks/page-content-wrapper.js&path=/var/www/vhosts/dienmaychuyennghiep.com/httpdocs/wp-content/plugins/woocommerce/assets/client/blocks HTTP/2" 200 21066 "https://www.dienmaychuyennghiep.com/wp-content/plugins/woocommerce/assets/js/photoswipe/%url%?path=/var/www/vhosts/dienmaychuyennghiep.com/httpdocs/wp-content/plugins/woocommerce/assets/client/blocks" "Mozilla/5.0 AppleWebKit/537.36 (KHTML, like Gecko; compatible; GPTBot/1.4; +https://openai.com/gptbot)"
74.7.243.201 - - [15/Jun/2026:05:49:28 +0700] "GET /wp-content/themes/flatsome/inc/extensions/flatsome-live-search/'+suggestion.img+'?filesrc=/var/www/vhosts/dienmaychuyennghiep.com/httpdocs/wp-content/themes/flatsome/inc/builder/core/assets/img/icons/blog-posts.png&path=/var/www/vhosts/dienmaychuyennghiep.com/httpdocs/wp-content/themes/flatsome/inc/builder/core/assets/img/icons HTTP/2" 200 19523 "https://www.dienmaychuyennghiep.com/wp-content/themes/flatsome/inc/extensions/flatsome-live-search/'+suggestion.img+'?path=/var/www/vhosts/dienmaychuyennghiep.com/httpdocs/wp-content/themes/flatsome/inc/builder/core/assets/img/icons" "Mozilla/5.0 AppleWebKit/537.36 (KHTML, like Gecko; compatible; GPTBot/1.4; +https://openai.com/gptbot)"
74.7.243.201 - - [15/Jun/2026:05:49:29 +0700] "GET /wp-content/plugins/woocommerce/assets/js/photoswipe/%url%?filesrc=/var/www/vhosts/dienmaychuyennghiep.com/httpdocs/wp-content/plugins/wordpress-seo/src/presenters/open-graph/article-author-presenter.php&path=/var/www/vhosts/dienmaychuyennghiep.com/httpdocs/wp-content/plugins/wordpress-seo/src/presenters/open-graph HTTP/2" 200 19164 "https://www.dienmaychuyennghiep.com/wp-content/plugins/woocommerce/assets/js/photoswipe/%url%?path=/var/www/vhosts/dienmaychuyennghiep.com/httpdocs/wp-content/plugins/wordpress-seo/src/presenters/open-graph" "Mozilla/5.0 AppleWebKit/537.36 (KHTML, like Gecko; compatible; GPTBot/1.4; +https://openai.com/gptbot)"
94.23.188.204 - - [15/Jun/2026:05:49:30 +0700] "GET /androids/quan-lot-khe-sex.html HTTP/2" 200 19536 "-" "Mozilla/5.0 (compatible; AhrefsBot/7.0; +http://ahrefs.com/robot/)"
74.7.243.201 - - [15/Jun/2026:05:49:31 +0700] "GET /wp-content/themes/flatsome/inc/extensions/flatsome-live-search/'+suggestion.img+'?filesrc=/var/www/vhosts/dienmaychuyennghiep.com/httpdocs/wp-content/uploads/title1-1200x80-1-500x33.png&path=/var/www/vhosts/dienmaychuyennghiep.com/httpdocs/wp-content/uploads HTTP/2" 200 39410 "https://www.dienmaychuyennghiep.com/wp-content/themes/flatsome/inc/extensions/flatsome-live-search/'+suggestion.img+'?path=/var/www/vhosts/dienmaychuyennghiep.com/httpdocs/wp-content/uploads" "Mozilla/5.0 AppleWebKit/537.36 (KHTML, like Gecko; compatible; GPTBot/1.4; +https://openai.com/gptbot)"
74.7.243.201 - - [15/Jun/2026:05:49:32 +0700] "GET /wp-content/themes/flatsome/inc/extensions/flatsome-live-search/'+suggestion.img+'?filesrc=/var/www/vhosts/dienmaychuyennghiep.com/httpdocs/wp-content/uploads/tivi-1200x280-1-100x100.png&path=/var/www/vhosts/dienmaychuyennghiep.com/httpdocs/wp-content/uploads HTTP/2" 200 33788 "https://www.dienmaychuyennghiep.com/wp-content/themes/flatsome/inc/extensions/flatsome-live-search/'+suggestion.img+'?path=/var/www/vhosts/dienmaychuyennghiep.com/httpdocs/wp-content/uploads" "Mozilla/5.0 AppleWebKit/537.36 (KHTML, like Gecko; compatible; GPTBot/1.4; +https://openai.com/gptbot)"
74.7.243.201 - - [15/Jun/2026:05:49:33 +0700] "GET /wp-content/themes/flatsome/inc/extensions/flatsome-live-search/'+suggestion.img+'?filesrc=/var/www/vhosts/dienmaychuyennghiep.com/httpdocs/wp-content/uploads/title1-1200x80-1-100x80.png&path=/var/www/vhosts/dienmaychuyennghiep.com/httpdocs/wp-content/uploads HTTP/2" 200 22759 "https://www.dienmaychuyennghiep.com/wp-content/themes/flatsome/inc/extensions/flatsome-live-search/'+suggestion.img+'?path=/var/www/vhosts/dienmaychuyennghiep.com/httpdocs/wp-content/uploads" "Mozilla/5.0 AppleWebKit/537.36 (KHTML, like Gecko; compatible; GPTBot/1.4; +https://openai.com/gptbot)"
74.7.243.201 - - [15/Jun/2026:05:49:34 +0700] "GET /wp-content/themes/flatsome/inc/extensions/flatsome-live-search/'+suggestion.img+'?filesrc=/var/www/vhosts/dienmaychuyennghiep.com/httpdocs/wp-content/uploads/title1-1200x80-1-768x51.png&path=/var/www/vhosts/dienmaychuyennghiep.com/httpdocs/wp-content/uploads HTTP/2" 200 63194 "https://www.dienmaychuyennghiep.com/wp-content/themes/flatsome/inc/extensions/flatsome-live-search/'+suggestion.img+'?path=/var/www/vhosts/dienmaychuyennghiep.com/httpdocs/wp-content/uploads" "Mozilla/5.0 AppleWebKit/537.36 (KHTML, like Gecko; compatible; GPTBot/1.4; +https://openai.com/gptbot)"
74.7.243.201 - - [15/Jun/2026:05:49:36 +0700] "GET /wp-content/themes/flatsome/inc/extensions/flatsome-live-search/'+suggestion.img+'?filesrc=/var/www/vhosts/dienmaychuyennghiep.com/httpdocs/wp-content/uploads/tivi-1200x280-1-500x280.png&path=/var/www/vhosts/dienmaychuyennghiep.com/httpdocs/wp-content/uploads HTTP/2" 200 166718 "https://www.dienmaychuyennghiep.com/wp-content/themes/flatsome/inc/extensions/flatsome-live-search/'+suggestion.img+'?path=/var/www/vhosts/dienmaychuyennghiep.com/httpdocs/wp-content/uploads" "Mozilla/5.0 AppleWebKit/537.36 (KHTML, like Gecko; compatible; GPTBot/1.4; +https://openai.com/gptbot)"
142.44.220.95 - - [15/Jun/2026:05:49:35 +0700] "GET /san-pham/may-cha-nham-bang-makita-9403/ HTTP/2" 200 63012 "-" "Mozilla/5.0 (compatible; AhrefsBot/7.0; +http://ahrefs.com/robot/)"
74.7.243.201 - - [15/Jun/2026:05:49:37 +0700] "GET /wp-content/themes/flatsome/inc/extensions/flatsome-live-search/'+suggestion.img+'?filesrc=/var/www/vhosts/dienmaychuyennghiep.com/httpdocs/wp-content/uploads/title1-1200x80-1-510x34.png&path=/var/www/vhosts/dienmaychuyennghiep.com/httpdocs/wp-content/uploads HTTP/2" 200 38159 "https://www.dienmaychuyennghiep.com/wp-content/themes/flatsome/inc/extensions/flatsome-live-search/'+suggestion.img+'?path=/var/www/vhosts/dienmaychuyennghiep.com/httpdocs/wp-content/uploads" "Mozilla/5.0 AppleWebKit/537.36 (KHTML, like Gecko; compatible; GPTBot/1.4; +https://openai.com/gptbot)"
74.7.243.201 - - [15/Jun/2026:05:49:38 +0700] "GET /wp-content/themes/flatsome/inc/extensions/flatsome-live-search/'+suggestion.img+'?filesrc=/var/www/vhosts/dienmaychuyennghiep.com/httpdocs/wp-content/uploads/title1-1200x80-1-247x80.png&path=/var/www/vhosts/dienmaychuyennghiep.com/httpdocs/wp-content/uploads HTTP/2" 200 25283 "https://www.dienmaychuyennghiep.com/wp-content/themes/flatsome/inc/extensions/flatsome-live-search/'+suggestion.img+'?path=/var/www/vhosts/dienmaychuyennghiep.com/httpdocs/wp-content/uploads" "Mozilla/5.0 AppleWebKit/537.36 (KHTML, like Gecko; compatible; GPTBot/1.4; +https://openai.com/gptbot)"
74.7.243.201 - - [15/Jun/2026:05:49:39 +0700] "GET /wp-content/themes/flatsome/inc/extensions/flatsome-live-search/'+suggestion.img+'?filesrc=/var/www/vhosts/dienmaychuyennghiep.com/httpdocs/wp-content/uploads/tivi-1200x280-1-510x119.png&path=/var/www/vhosts/dienmaychuyennghiep.com/httpdocs/wp-content/uploads HTTP/2" 200 100393 "https://www.dienmaychuyennghiep.com/wp-content/themes/flatsome/inc/extensions/flatsome-live-search/'+suggestion.img+'?path=/var/www/vhosts/dienmaychuyennghiep.com/httpdocs/wp-content/uploads" "Mozilla/5.0 AppleWebKit/537.36 (KHTML, like Gecko; compatible; GPTBot/1.4; +https://openai.com/gptbot)"
74.7.243.201 - - [15/Jun/2026:05:49:40 +0700] "GET /wp-content/themes/flatsome/inc/extensions/flatsome-live-search/'+suggestion.img+'?filesrc=/var/www/vhosts/dienmaychuyennghiep.com/httpdocs/wp-content/uploads/tivi-1200x280-1-768x179.png&path=/var/www/vhosts/dienmaychuyennghiep.com/httpdocs/wp-content/uploads HTTP/2" 200 190297 "https://www.dienmaychuyennghiep.com/wp-content/themes/flatsome/inc/extensions/flatsome-live-search/'+suggestion.img+'?path=/var/www/vhosts/dienmaychuyennghiep.com/httpdocs/wp-content/uploads" "Mozilla/5.0 AppleWebKit/537.36 (KHTML, like Gecko; compatible; GPTBot/1.4; +https://openai.com/gptbot)"
74.7.243.201 - - [15/Jun/2026:05:49:42 +0700] "GET /wp-content/themes/flatsome/inc/extensions/flatsome-live-search/'+suggestion.img+'?filesrc=/var/www/vhosts/dienmaychuyennghiep.com/httpdocs/wp-content/uploads/title1-1200x80-1-500x80.png&path=/var/www/vhosts/dienmaychuyennghiep.com/httpdocs/wp-content/uploads HTTP/2" 200 33123 "https://www.dienmaychuyennghiep.com/wp-content/themes/flatsome/inc/extensions/flatsome-live-search/'+suggestion.img+'?path=/var/www/vhosts/dienmaychuyennghiep.com/httpdocs/wp-content/uploads" "Mozilla/5.0 AppleWebKit/537.36 (KHTML, like Gecko; compatible; GPTBot/1.4; +https://openai.com/gptbot)"
103.138.88.26 - - [15/Jun/2026:05:49:43 +0700] "POST /wp-cron.php?doing_wp_cron=1781477383.2120718955993652343750 HTTP/1.1" 200 474 "-" "WordPress/7.0; https://www.dienmaychuyennghiep.com"
74.7.243.201 - - [15/Jun/2026:05:49:43 +0700] "GET /wp-content/themes/flatsome/inc/extensions/flatsome-live-search/'+suggestion.img+'?filesrc=/var/www/vhosts/dienmaychuyennghiep.com/httpdocs/wp-content/uploads/tivi-1200x280-1-500x117.png&path=/var/www/vhosts/dienmaychuyennghiep.com/httpdocs/wp-content/uploads HTTP/2" 200 100725 "https://www.dienmaychuyennghiep.com/wp-content/themes/flatsome/inc/extensions/flatsome-live-search/'+suggestion.img+'?path=/var/www/vhosts/dienmaychuyennghiep.com/httpdocs/wp-content/uploads" "Mozilla/5.0 AppleWebKit/537.36 (KHTML, like Gecko; compatible; GPTBot/1.4; +https://openai.com/gptbot)"
102.44.117.11 - - [15/Jun/2026:05:49:43 +0700] "GET /san-pham/may-mai-goc-asm13-100/?filesrc=%2Fvar%2Fwww%2Fvhosts%2Fdienmaychuyennghiep.com%2Flogs%2Faccess_log&path=%2Fvar%2Fwww%2Fvhosts%2Fdienmaychuyennghiep.com%2Flogs HTTP/2" 200 61961 "-" "Mozilla/5.0 (Linux; Android 5.0; SM-G900P Build/LRX21T) AppleWebKit/537.36 (KHTML, like Gecko) Chrome/45.0.7985.1657 Mobile Safari/537.36"
74.7.243.201 - - [15/Jun/2026:05:49:45 +0700] "GET /wp-content/themes/flatsome/inc/extensions/flatsome-live-search/'+suggestion.img+'?filesrc=/var/www/vhosts/dienmaychuyennghiep.com/httpdocs/wp-content/uploads/tivi-1200x280-1-247x280.png&path=/var/www/vhosts/dienmaychuyennghiep.com/httpdocs/wp-content/uploads HTTP/2" 200 93703 "https://www.dienmaychuyennghiep.com/wp-content/themes/flatsome/inc/extensions/flatsome-live-search/'+suggestion.img+'?path=/var/www/vhosts/dienmaychuyennghiep.com/httpdocs/wp-content/uploads" "Mozilla/5.0 AppleWebKit/537.36 (KHTML, like Gecko; compatible; GPTBot/1.4; +https://openai.com/gptbot)"
74.7.243.201 - - [15/Jun/2026:05:49:46 +0700] "GET /wp-content/plugins/woocommerce/assets/js/photoswipe/%url%?filesrc=/var/www/vhosts/dienmaychuyennghiep.com/httpdocs/wp-content/themes/flatsome/languages/de_DE.mo&path=/var/www/vhosts/dienmaychuyennghiep.com/httpdocs/wp-content/themes/flatsome/languages HTTP/2" 200 22368 "https://www.dienmaychuyennghiep.com/wp-content/plugins/woocommerce/assets/js/photoswipe/%url%?path=/var/www/vhosts/dienmaychuyennghiep.com/httpdocs/wp-content/themes/flatsome/languages" "Mozilla/5.0 AppleWebKit/537.36 (KHTML, like Gecko; compatible; GPTBot/1.4; +https://openai.com/gptbot)"
74.7.243.201 - - [15/Jun/2026:05:49:47 +0700] "GET /wp-content/plugins/woocommerce/assets/js/photoswipe/%url%?filesrc=/var/www/vhosts/dienmaychuyennghiep.com/httpdocs/wp-content/themes/owwkm/RoxPhoto.png&path=/var/www/vhosts/dienmaychuyennghiep.com/httpdocs/wp-content/themes/owwkm HTTP/2" 200 79079 "https://www.dienmaychuyennghiep.com/wp-content/plugins/woocommerce/assets/js/photoswipe/%url%?path=/var/www/vhosts/dienmaychuyennghiep.com/httpdocs/wp-content/themes/owwkm" "Mozilla/5.0 AppleWebKit/537.36 (KHTML, like Gecko; compatible; GPTBot/1.4; +https://openai.com/gptbot)"
74.7.243.201 - - [15/Jun/2026:05:49:48 +0700] "GET /wp-content/themes/flatsome/inc/extensions/flatsome-live-search/'+suggestion.img+'?filesrc=/var/www/vhosts/dienmaychuyennghiep.com/httpdocs/wp-content/themes/astra/inc/lib/nps-survey/version.json&path=/var/www/vhosts/dienmaychuyennghiep.com/httpdocs/wp-content/themes/astra/inc/lib/nps-survey HTTP/2" 200 18652 "https://www.dienmaychuyennghiep.com/wp-content/themes/flatsome/inc/extensions/flatsome-live-search/'+suggestion.img+'?path=/var/www/vhosts/dienmaychuyennghiep.com/httpdocs/wp-content/themes/astra/inc/lib/nps-survey" "Mozilla/5.0 AppleWebKit/537.36 (KHTML, like Gecko; compatible; GPTBot/1.4; +https://openai.com/gptbot)"
74.7.243.201 - - [15/Jun/2026:05:49:50 +0700] "GET /wp-content/themes/flatsome/inc/extensions/flatsome-live-search/'+suggestion.img+'?filesrc=/var/www/vhosts/dienmaychuyennghiep.com/httpdocs/wp-content/themes/astra/inc/lib/nps-survey/composer.json&path=/var/www/vhosts/dienmaychuyennghiep.com/httpdocs/wp-content/themes/astra/inc/lib/nps-survey HTTP/2" 200 19112 "https://www.dienmaychuyennghiep.com/wp-content/themes/flatsome/inc/extensions/flatsome-live-search/'+suggestion.img+'?path=/var/www/vhosts/dienmaychuyennghiep.com/httpdocs/wp-content/themes/astra/inc/lib/nps-survey" "Mozilla/5.0 AppleWebKit/537.36 (KHTML, like Gecko; compatible; GPTBot/1.4; +https://openai.com/gptbot)"
37.59.204.133 - - [15/Jun/2026:05:49:50 +0700] "GET /androids/phim-viet-online.html HTTP/2" 200 19536 "-" "Mozilla/5.0 (compatible; AhrefsBot/7.0; +http://ahrefs.com/robot/)"
74.7.243.201 - - [15/Jun/2026:05:49:51 +0700] "GET /wp-content/plugins/woocommerce/assets/js/photoswipe/%url%?filesrc=/var/www/vhosts/dienmaychuyennghiep.com/httpdocs/wp-content/plugins/elementor-pro/sample-data/acf-fields-products.json&path=/var/www/vhosts/dienmaychuyennghiep.com/httpdocs/wp-content/plugins/elementor-pro/sample-data HTTP/2" 200 19153 "https://www.dienmaychuyennghiep.com/wp-content/plugins/woocommerce/assets/js/photoswipe/%url%?path=/var/www/vhosts/dienmaychuyennghiep.com/httpdocs/wp-content/plugins/elementor-pro/sample-data" "Mozilla/5.0 AppleWebKit/537.36 (KHTML, like Gecko; compatible; GPTBot/1.4; +https://openai.com/gptbot)"
74.7.243.201 - - [15/Jun/2026:05:49:53 +0700] "GET /wp-content/themes/flatsome/inc/extensions/flatsome-live-search/'+suggestion.img+'?filesrc=/var/www/vhosts/dienmaychuyennghiep.com/httpdocs/wp-content/plugins/woocommerce/assets/client/blocks/featured-category.asset.php&path=/var/www/vhosts/dienmaychuyennghiep.com/httpdocs/wp-content/plugins/woocommerce/assets/client/blocks HTTP/2" 200 18833 "https://www.dienmaychuyennghiep.com/wp-content/themes/flatsome/inc/extensions/flatsome-live-search/'+suggestion.img+'?path=/var/www/vhosts/dienmaychuyennghiep.com/httpdocs/wp-content/plugins/woocommerce/assets/client/blocks" "Mozilla/5.0 AppleWebKit/537.36 (KHTML, like Gecko; compatible; GPTBot/1.4; +https://openai.com/gptbot)"
74.7.243.201 - - [15/Jun/2026:05:49:54 +0700] "GET /wp-content/themes/flatsome/inc/extensions/flatsome-live-search/'+suggestion.img+'?filesrc=/var/www/vhosts/dienmaychuyennghiep.com/httpdocs/wp-content/plugins/woocommerce/assets/client/blocks/featured-category-style.asset.php&path=/var/www/vhosts/dienmaychuyennghiep.com/httpdocs/wp-content/plugins/woocommerce/assets/client/blocks HTTP/2" 200 18835 "https://www.dienmaychuyennghiep.com/wp-content/themes/flatsome/inc/extensions/flatsome-live-search/'+suggestion.img+'?path=/var/www/vhosts/dienmaychuyennghiep.com/httpdocs/wp-content/plugins/woocommerce/assets/client/blocks" "Mozilla/5.0 AppleWebKit/537.36 (KHTML, like Gecko; compatible; GPTBot/1.4; +https://openai.com/gptbot)"
74.7.243.201 - - [15/Jun/2026:05:49:55 +0700] "GET /wp-content/themes/flatsome/inc/extensions/flatsome-live-search/'+suggestion.img+'?filesrc=/var/www/vhosts/dienmaychuyennghiep.com/httpdocs/wp-content/plugins/wordpress-seo/src/conditionals/primary-category-conditional.php&path=/var/www/vhosts/dienmaychuyennghiep.com/httpdocs/wp-content/plugins/wordpress-seo/src/conditionals HTTP/2" 200 19347 "https://www.dienmaychuyennghiep.com/wp-content/themes/flatsome/inc/extensions/flatsome-live-search/'+suggestion.img+'?path=/var/www/vhosts/dienmaychuyennghiep.com/httpdocs/wp-content/plugins/wordpress-seo/src/conditionals" "Mozilla/5.0 AppleWebKit/537.36 (KHTML, like Gecko; compatible; GPTBot/1.4; +https://openai.com/gptbot)"
187.38.46.172 - - [15/Jun/2026:05:49:55 +0700] "GET /tu-khoa-san-pham/caterpillar/?path=/var/www/vhosts HTTP/1.1" 200 56521 "https://dienmaychuyennghiep.com/tu-khoa-san-pham/caterpillar/" "Mozilla/5.0 (Linux; Android 15; V2180) AppleWebKit/537.36 (KHTML, like Gecko) Chrome/140.0.5620.74 Mobile Safari/537.36"
74.7.243.201 - - [15/Jun/2026:05:49:57 +0700] "GET /wp-content/plugins/woocommerce/assets/js/photoswipe/%url%?filesrc=/var/www/vhosts/dienmaychuyennghiep.com/httpdocs/wp-content/plugins/woocommerce/assets/client/blocks/stock-filter.js&path=/var/www/vhosts/dienmaychuyennghiep.com/httpdocs/wp-content/plugins/woocommerce/assets/client/blocks HTTP/2" 200 25805 "https://www.dienmaychuyennghiep.com/wp-content/plugins/woocommerce/assets/js/photoswipe/%url%?path=/var/www/vhosts/dienmaychuyennghiep.com/httpdocs/wp-content/plugins/woocommerce/assets/client/blocks" "Mozilla/5.0 AppleWebKit/537.36 (KHTML, like Gecko; compatible; GPTBot/1.4; +https://openai.com/gptbot)"
66.249.71.164 - - [15/Jun/2026:05:49:56 +0700] "GET /danh-muc-san-pham/dung-cu-cam-tay/co-le-mo-let/co-le-dong/?filesrc=/var/www/vhosts/dienmaychuyennghiep.com/httpdocs/readme.html&path=/var/www/vhosts/dienmaychuyennghiep.com/httpdocs HTTP/1.1" 200 58329 "-" "Mozilla/5.0 (Linux; Android 6.0.1; Nexus 5X Build/MMB29P) AppleWebKit/537.36 (KHTML, like Gecko) Chrome/148.0.7778.96 Mobile Safari/537.36 (compatible; GoogleOther)"
74.7.243.201 - - [15/Jun/2026:05:49:58 +0700] "GET /wp-content/plugins/woocommerce/assets/js/photoswipe/%url%?filesrc=/var/www/vhosts/dienmaychuyennghiep.com/httpdocs/wp-content/plugins/woocommerce/assets/client/blocks/price-filter.js&path=/var/www/vhosts/dienmaychuyennghiep.com/httpdocs/wp-content/plugins/woocommerce/assets/client/blocks HTTP/2" 200 27091 "https://www.dienmaychuyennghiep.com/wp-content/plugins/woocommerce/assets/js/photoswipe/%url%?path=/var/www/vhosts/dienmaychuyennghiep.com/httpdocs/wp-content/plugins/woocommerce/assets/client/blocks" "Mozilla/5.0 AppleWebKit/537.36 (KHTML, like Gecko; compatible; GPTBot/1.4; +https://openai.com/gptbot)"
74.7.243.201 - - [15/Jun/2026:05:49:59 +0700] "GET /wp-content/plugins/woocommerce/assets/js/photoswipe/%url%?filesrc=/var/www/vhosts/dienmaychuyennghiep.com/httpdocs/wp-content/plugins/wordpress-seo/vendor/composer/InstalledVersions.php&path=/var/www/vhosts/dienmaychuyennghiep.com/httpdocs/wp-content/plugins/wordpress-seo/vendor/composer HTTP/2" 200 22121 "https://www.dienmaychuyennghiep.com/wp-content/plugins/woocommerce/assets/js/photoswipe/%url%?path=/var/www/vhosts/dienmaychuyennghiep.com/httpdocs/wp-content/plugins/wordpress-seo/vendor/composer" "Mozilla/5.0 AppleWebKit/537.36 (KHTML, like Gecko; compatible; GPTBot/1.4; +https://openai.com/gptbot)"
74.7.243.201 - - [15/Jun/2026:05:50:00 +0700] "GET /wp-content/plugins/woocommerce/assets/js/photoswipe/%url%?filesrc=/var/www/vhosts/dienmaychuyennghiep.com/httpdocs/wp-content/plugins/elementor/vendor/composer/ClassLoader.php&path=/var/www/vhosts/dienmaychuyennghiep.com/httpdocs/wp-content/plugins/elementor/vendor/composer HTTP/2" 200 22391 "https://www.dienmaychuyennghiep.com/wp-content/plugins/woocommerce/assets/js/photoswipe/%url%?path=/var/www/vhosts/dienmaychuyennghiep.com/httpdocs/wp-content/plugins/elementor/vendor/composer" "Mozilla/5.0 AppleWebKit/537.36 (KHTML, like Gecko; compatible; GPTBot/1.4; +https://openai.com/gptbot)"
74.7.243.201 - - [15/Jun/2026:05:50:02 +0700] "GET /wp-content/plugins/woocommerce/assets/js/photoswipe/%url%?filesrc=/var/www/vhosts/dienmaychuyennghiep.com/httpdocs/wp-content/plugins/woocommerce/src/Utilities/FeaturesUtil.php&path=/var/www/vhosts/dienmaychuyennghiep.com/httpdocs/wp-content/plugins/woocommerce/src/Utilities HTTP/2" 200 19981 "https://www.dienmaychuyennghiep.com/wp-content/plugins/woocommerce/assets/js/photoswipe/%url%?path=/var/www/vhosts/dienmaychuyennghiep.com/httpdocs/wp-content/plugins/woocommerce/src/Utilities" "Mozilla/5.0 AppleWebKit/537.36 (KHTML, like Gecko; compatible; GPTBot/1.4; +https://openai.com/gptbot)"
94.23.188.195 - - [15/Jun/2026:05:50:02 +0700] "GET /androids/phim-sex-me-con-com.html HTTP/2" 200 19772 "-" "Mozilla/5.0 (compatible; AhrefsBot/7.0; +http://ahrefs.com/robot/)"
74.7.243.201 - - [15/Jun/2026:05:50:04 +0700] "GET /wp-content/plugins/woocommerce/assets/js/photoswipe/%url%?filesrc=/var/www/vhosts/dienmaychuyennghiep.com/httpdocs/wp-content/plugins/woocommerce/vendor/composer/ClassLoader.php&path=/var/www/vhosts/dienmaychuyennghiep.com/httpdocs/wp-content/plugins/woocommerce/vendor/composer HTTP/2" 200 22389 "https://www.dienmaychuyennghiep.com/wp-content/plugins/woocommerce/assets/js/photoswipe/%url%?path=/var/www/vhosts/dienmaychuyennghiep.com/httpdocs/wp-content/plugins/woocommerce/vendor/composer" "Mozilla/5.0 AppleWebKit/537.36 (KHTML, like Gecko; compatible; GPTBot/1.4; +https://openai.com/gptbot)"
74.7.243.201 - - [15/Jun/2026:05:50:05 +0700] "GET /wp-content/plugins/woocommerce/assets/js/photoswipe/%url%?filesrc=/var/www/vhosts/dienmaychuyennghiep.com/httpdocs/wp-content/plugins/woocommerce/src/Utilities/DiscountsUtil.php&path=/var/www/vhosts/dienmaychuyennghiep.com/httpdocs/wp-content/plugins/woocommerce/src/Utilities HTTP/2" 200 19158 "https://www.dienmaychuyennghiep.com/wp-content/plugins/woocommerce/assets/js/photoswipe/%url%?path=/var/www/vhosts/dienmaychuyennghiep.com/httpdocs/wp-content/plugins/woocommerce/src/Utilities" "Mozilla/5.0 AppleWebKit/537.36 (KHTML, like Gecko; compatible; GPTBot/1.4; +https://openai.com/gptbot)"
66.249.79.75 - - [15/Jun/2026:05:50:05 +0700] "GET /danh-muc-san-pham/phu-kien-may-cam-tay/phu-kien-may-cua-kiem/?path=/var HTTP/1.1" 200 55300 "-" "Mozilla/5.0 (Linux; Android 6.0.1; Nexus 5X Build/MMB29P) AppleWebKit/537.36 (KHTML, like Gecko) Chrome/148.0.7778.96 Mobile Safari/537.36 (compatible; GoogleOther)"
54.39.6.148 - - [15/Jun/2026:05:50:05 +0700] "GET /san-pham/lawrance-polo-tee-jack-jones/feed/ HTTP/2" 200 19536 "-" "Mozilla/5.0 (compatible; AhrefsBot/7.0; +http://ahrefs.com/robot/)"
74.7.243.201 - - [15/Jun/2026:05:50:07 +0700] "GET /wp-content/plugins/woocommerce/assets/js/photoswipe/%url%?filesrc=/var/www/vhosts/dienmaychuyennghiep.com/httpdocs/wp-content/themes/astra/assets/svg/svgs.json&path=/var/www/vhosts/dienmaychuyennghiep.com/httpdocs/wp-content/themes/astra/assets/svg HTTP/2" 200 495259 "https://www.dienmaychuyennghiep.com/wp-content/plugins/woocommerce/assets/js/photoswipe/%url%?path=/var/www/vhosts/dienmaychuyennghiep.com/httpdocs/wp-content/themes/astra/assets/svg" "Mozilla/5.0 AppleWebKit/537.36 (KHTML, like Gecko; compatible; GPTBot/1.4; +https://openai.com/gptbot)"
74.7.243.201 - - [15/Jun/2026:05:50:09 +0700] "GET /wp-content/plugins/woocommerce/assets/js/photoswipe/%url%?filesrc=/var/www/vhosts/dienmaychuyennghiep.com/httpdocs/wp-content/themes/astra/theme.json&path=/var/www/vhosts/dienmaychuyennghiep.com/httpdocs/wp-content/themes/astra HTTP/2" 200 19113 "https://www.dienmaychuyennghiep.com/wp-content/plugins/woocommerce/assets/js/photoswipe/%url%?path=/var/www/vhosts/dienmaychuyennghiep.com/httpdocs/wp-content/themes/astra" "Mozilla/5.0 AppleWebKit/537.36 (KHTML, like Gecko; compatible; GPTBot/1.4; +https://openai.com/gptbot)"
74.7.243.201 - - [15/Jun/2026:05:50:10 +0700] "GET /wp-content/plugins/woocommerce/assets/js/photoswipe/%url%?filesrc=/var/www/vhosts/dienmaychuyennghiep.com/httpdocs/wp-content/themes/astra/assets/svg/ast-social-icons.json&path=/var/www/vhosts/dienmaychuyennghiep.com/httpdocs/wp-content/themes/astra/assets/svg HTTP/2" 200 514908 "https://www.dienmaychuyennghiep.com/wp-content/plugins/woocommerce/assets/js/photoswipe/%url%?path=/var/www/vhosts/dienmaychuyennghiep.com/httpdocs/wp-content/themes/astra/assets/svg" "Mozilla/5.0 AppleWebKit/537.36 (KHTML, like Gecko; compatible; GPTBot/1.4; +https://openai.com/gptbot)"
51.75.236.132 - - [15/Jun/2026:05:50:11 +0700] "GET /androids/nam-mo-thay-nguoi-ta-cho-ve-so.html HTTP/2" 200 19536 "-" "Mozilla/5.0 (compatible; AhrefsBot/7.0; +http://ahrefs.com/robot/)"
74.7.243.201 - - [15/Jun/2026:05:50:11 +0700] "GET /wp-content/themes/flatsome/assets/js/'.concat(o,'?path=/var/www/vhosts/dienmaychuyennghiep.com/httpdocs/.well-known HTTP/2" 200 18780 "https://www.dienmaychuyennghiep.com/wp-content/themes/flatsome/assets/js/'.concat(o,'" "Mozilla/5.0 AppleWebKit/537.36 (KHTML, like Gecko; compatible; GPTBot/1.4; +https://openai.com/gptbot)"
74.7.243.201 - - [15/Jun/2026:05:50:13 +0700] "GET /wp-content/plugins/woocommerce/assets/js/photoswipe/%url%?filesrc=/var/www/vhosts/dienmaychuyennghiep.com/httpdocs/wp-content/plugins/seo-by-rank-math/includes/modules/analytics/workflows/class-inspections.php&path=/var/www/vhosts/dienmaychuyennghiep.com/httpdocs/wp-content/plugins/seo-by-rank-math/includes/modules/analytics/workflows HTTP/2" 200 21306 "https://www.dienmaychuyennghiep.com/wp-content/plugins/woocommerce/assets/js/photoswipe/%url%?path=/var/www/vhosts/dienmaychuyennghiep.com/httpdocs/wp-content/plugins/seo-by-rank-math/includes/modules/analytics/workflows" "Mozilla/5.0 AppleWebKit/537.36 (KHTML, like Gecko; compatible; GPTBot/1.4; +https://openai.com/gptbot)"
74.7.243.201 - - [15/Jun/2026:05:50:14 +0700] "GET /wp-content/plugins/woocommerce/assets/js/photoswipe/%url%?filesrc=/var/www/vhosts/dienmaychuyennghiep.com/httpdocs/wp-content/plugins/elementor/modules/atomic-widgets/elements/div-block/div-block.php&path=/var/www/vhosts/dienmaychuyennghiep.com/httpdocs/wp-content/plugins/elementor/modules/atomic-widgets/elements/div-block HTTP/2" 200 20128 "https://www.dienmaychuyennghiep.com/wp-content/plugins/woocommerce/assets/js/photoswipe/%url%?path=/var/www/vhosts/dienmaychuyennghiep.com/httpdocs/wp-content/plugins/elementor/modules/atomic-widgets/elements/div-block" "Mozilla/5.0 AppleWebKit/537.36 (KHTML, like Gecko; compatible; GPTBot/1.4; +https://openai.com/gptbot)"
74.7.243.201 - - [15/Jun/2026:05:50:15 +0700] "GET /wp-content/plugins/woocommerce/assets/js/photoswipe/%url%?filesrc=/var/www/vhosts/dienmaychuyennghiep.com/httpdocs/wp-content/plugins/elementor/modules/cloud-kit-library/connect/cloud-kits.php&path=/var/www/vhosts/dienmaychuyennghiep.com/httpdocs/wp-content/plugins/elementor/modules/cloud-kit-library/connect HTTP/2" 200 20742 "https://www.dienmaychuyennghiep.com/wp-content/plugins/woocommerce/assets/js/photoswipe/%url%?path=/var/www/vhosts/dienmaychuyennghiep.com/httpdocs/wp-content/plugins/elementor/modules/cloud-kit-library/connect" "Mozilla/5.0 AppleWebKit/537.36 (KHTML, like Gecko; compatible; GPTBot/1.4; +https://openai.com/gptbot)"
92.222.104.192 - - [15/Jun/2026:05:50:16 +0700] "GET /androids/keo-nha-cai-icse.html HTTP/2" 200 19536 "-" "Mozilla/5.0 (compatible; AhrefsBot/7.0; +http://ahrefs.com/robot/)"
74.7.243.201 - - [15/Jun/2026:05:50:16 +0700] "GET /wp-content/plugins/woocommerce/assets/js/photoswipe/%url%?filesrc=/var/www/vhosts/dienmaychuyennghiep.com/httpdocs/wp-content/plugins/elementor/modules/cloud-kit-library/data/endpoints/quota.php&path=/var/www/vhosts/dienmaychuyennghiep.com/httpdocs/wp-content/plugins/elementor/modules/cloud-kit-library/data/endpoints HTTP/2" 200 18930 "https://www.dienmaychuyennghiep.com/wp-content/plugins/woocommerce/assets/js/photoswipe/%url%?path=/var/www/vhosts/dienmaychuyennghiep.com/httpdocs/wp-content/plugins/elementor/modules/cloud-kit-library/data/endpoints" "Mozilla/5.0 AppleWebKit/537.36 (KHTML, like Gecko; compatible; GPTBot/1.4; +https://openai.com/gptbot)"
177.137.205.54 - - [15/Jun/2026:05:50:16 +0700] "GET /san-pham/may-mai-goc-makita-m9003b/?filesrc=%2Fvar%2Fwww%2Fvhosts%2Fdienmaychuyennghiep.com%2Flib64%2Flibc.so.6&path=%2Fvar%2Fwww%2Fvhosts%2Fdienmaychuyennghiep.com%2Flib64 HTTP/2" 200 846894 "-" "Mozilla/5.0 (Linux; Android 6.0; Nexus 5 Build/MRA58N) AppleWebKit/537.36 (KHTML, like Gecko) Chrome/52.0.7714.1467 Mobile Safari/537.36"
74.7.243.201 - - [15/Jun/2026:05:50:18 +0700] "GET /wp-content/plugins/woocommerce/assets/js/photoswipe/%url%?filesrc=/var/www/vhosts/dienmaychuyennghiep.com/httpdocs/wp-content/plugins/woocommerce/includes/log-handlers/class-wc-log-handler-db.php&path=/var/www/vhosts/dienmaychuyennghiep.com/httpdocs/wp-content/plugins/woocommerce/includes/log-handlers HTTP/2" 200 20845 "https://www.dienmaychuyennghiep.com/wp-content/plugins/woocommerce/assets/js/photoswipe/%url%?path=/var/www/vhosts/dienmaychuyennghiep.com/httpdocs/wp-content/plugins/woocommerce/includes/log-handlers" "Mozilla/5.0 AppleWebKit/537.36 (KHTML, like Gecko; compatible; GPTBot/1.4; +https://openai.com/gptbot)"
