74.7.241.50 - - [12/Jun/2026:03:59:03 +0700] "GET /wp-content/uploads/2025/09/may-siet-bu-long-dung-pin-20v-dck-kdpb698-type-fk-1718266810-510x510.jpg HTTP/2" 200 44753 "https://www.pemcom.vn/san-pham/may-siet-bu-long-dung-pin-kdpb698-type-fk/" "Mozilla/5.0 AppleWebKit/537.36 (KHTML, like Gecko; compatible; GPTBot/1.4; +https://openai.com/gptbot)"
66.249.68.8 - - [12/Jun/2026:03:59:03 +0700] "GET /products/59648264403?filesrc=/var/www/vhosts/dienmaychuyennghiep.com/httpdocs/wp-config.php&path=/var/www/vhosts/dienmaychuyennghiep.com/httpdocs HTTP/1.1" 200 20484 "-" "Mozilla/5.0 (Linux; Android 6.0.1; Nexus 5X Build/MMB29P) AppleWebKit/537.36 (KHTML, like Gecko) Chrome/148.0.7778.96 Mobile Safari/537.36 (compatible; GoogleOther)"
74.7.241.50 - - [12/Jun/2026:03:59:04 +0700] "GET /wp-content/uploads/2025/09/may-siet-bu-long-dung-pin-20v-dck-kdpb488-type-em-1718266188-510x510.jpg HTTP/2" 200 44613 "https://www.pemcom.vn/san-pham/may-siet-bu-long-dung-pin-kdpb488-type-em/" "Mozilla/5.0 AppleWebKit/537.36 (KHTML, like Gecko; compatible; GPTBot/1.4; +https://openai.com/gptbot)"
74.7.243.201 - - [12/Jun/2026:03:59:03 +0700] "GET /tu-khoa-san-pham/may-cua-dia-tron/feed/?path=/var/www/vhosts/dienmaychuyennghiep.com/.cagefs/var/cache/php-eaccelerator HTTP/2" 200 18642 "https://www.dienmaychuyennghiep.com/tu-khoa-san-pham/may-cua-dia-tron/feed/?path=/var/www/vhosts/dienmaychuyennghiep.com/.cagefs/var/cache" "Mozilla/5.0 AppleWebKit/537.36 (KHTML, like Gecko; compatible; GPTBot/1.4; +https://openai.com/gptbot)"
190.57.151.109 - - [12/Jun/2026:03:59:04 +0700] "GET /tu-khoa-san-pham/xe-day-hang/page/2/?path=/var/www/vhosts/dienmaychuyennghiep.com/.wp-cli HTTP/1.1" 200 19209 "https://dienmaychuyennghiep.com/tu-khoa-san-pham/xe-day-hang/page/2/?path=/var/www/vhosts/dienmaychuyennghiep.com" "Mozilla/5.0 (Linux; Android 12; M2102J25) AppleWebKit/537.36 (KHTML, like Gecko) Chrome/154.0.5998.54 Mobile Safari/537.36 MicroMessenger/8.0.42(0x18001B3F) NetType/WIFI Language/zh_CN"
74.7.241.50 - - [12/Jun/2026:03:59:05 +0700] "GET /wp-content/uploads/2025/09/may-siet-bu-long-dung-pin-20v-dck-kdpb488-type-em-1718266188.jpg HTTP/2" 200 222269 "https://www.pemcom.vn/san-pham/may-siet-bu-long-dung-pin-kdpb488-type-em/" "Mozilla/5.0 AppleWebKit/537.36 (KHTML, like Gecko; compatible; GPTBot/1.4; +https://openai.com/gptbot)"
74.7.241.50 - - [12/Jun/2026:03:59:06 +0700] "GET /wp-content/uploads/2025/09/may-siet-bu-long-dung-pin-20v-dck-kdpb698-type-fk-1718266810.jpg HTTP/2" 200 226270 "https://www.pemcom.vn/san-pham/may-siet-bu-long-dung-pin-kdpb698-type-fk/" "Mozilla/5.0 AppleWebKit/537.36 (KHTML, like Gecko; compatible; GPTBot/1.4; +https://openai.com/gptbot)"
74.7.243.201 - - [12/Jun/2026:03:59:05 +0700] "GET /tu-khoa-san-pham/may-cua-dia-tron/feed/?path=/var/www/vhosts/dienmaychuyennghiep.com/.cagefs/var/run/screen HTTP/2" 200 18632 "https://www.dienmaychuyennghiep.com/tu-khoa-san-pham/may-cua-dia-tron/feed/?path=/var/www/vhosts/dienmaychuyennghiep.com/.cagefs/var/run" "Mozilla/5.0 AppleWebKit/537.36 (KHTML, like Gecko; compatible; GPTBot/1.4; +https://openai.com/gptbot)"
74.7.241.50 - - [12/Jun/2026:03:59:06 +0700] "GET /wp-content/uploads/2025/09/20250806_kjAljALnOy-100x100.jpeg HTTP/2" 200 2834 "https://www.pemcom.vn/san-pham/may-siet-bu-long-dung-pin-kdpb698-type-fk/" "Mozilla/5.0 AppleWebKit/537.36 (KHTML, like Gecko; compatible; GPTBot/1.4; +https://openai.com/gptbot)"
167.114.139.55 - - [12/Jun/2026:03:59:06 +0700] "GET /products/557272946 HTTP/2" 200 19519 "-" "Mozilla/5.0 (compatible; AhrefsBot/7.0; +http://ahrefs.com/robot/)"
74.7.243.201 - - [12/Jun/2026:03:59:06 +0700] "GET /tu-khoa-san-pham/may-cua-dia-tron/feed/?path=/var/www/vhosts/dienmaychuyennghiep.com/.cagefs/var/run/cagefs HTTP/2" 200 18799 "https://www.dienmaychuyennghiep.com/tu-khoa-san-pham/may-cua-dia-tron/feed/?path=/var/www/vhosts/dienmaychuyennghiep.com/.cagefs/var/run" "Mozilla/5.0 AppleWebKit/537.36 (KHTML, like Gecko; compatible; GPTBot/1.4; +https://openai.com/gptbot)"
74.7.243.201 - - [12/Jun/2026:03:59:08 +0700] "GET /tu-khoa-san-pham/may-cua-dia-tron/feed/?path=/var/www/vhosts/dienmaychuyennghiep.com/.cagefs/var/spool/cron HTTP/2" 200 18635 "https://www.dienmaychuyennghiep.com/tu-khoa-san-pham/may-cua-dia-tron/feed/?path=/var/www/vhosts/dienmaychuyennghiep.com/.cagefs/var/spool" "Mozilla/5.0 AppleWebKit/537.36 (KHTML, like Gecko; compatible; GPTBot/1.4; +https://openai.com/gptbot)"
74.7.241.50 - - [12/Jun/2026:03:59:07 +0700] "GET /san-pham/than-may-cat-gach-dung-pin-kdze125-type-z/ HTTP/2" 200 62169 "https://www.pemcom.vn/wp-sitemap-posts-product-1.xml" "Mozilla/5.0 AppleWebKit/537.36 (KHTML, like Gecko; compatible; GPTBot/1.4; +https://openai.com/gptbot)"
142.44.228.160 - - [12/Jun/2026:03:59:08 +0700] "GET /products/55727293750 HTTP/2" 200 19519 "-" "Mozilla/5.0 (compatible; AhrefsBot/7.0; +http://ahrefs.com/robot/)"
74.7.241.50 - - [12/Jun/2026:03:59:09 +0700] "GET /danh-muc-san-pham/phu-kien-may-cam-tay/phu-kien-may-phay/ HTTP/2" 200 55605 "https://www.pemcom.vn/san-pham/may-mai-goc-1100w-makita-ga4040/" "Mozilla/5.0 AppleWebKit/537.36 (KHTML, like Gecko; compatible; GPTBot/1.4; +https://openai.com/gptbot)"
74.7.243.201 - - [12/Jun/2026:03:59:09 +0700] "GET /danh-muc-san-pham/dong-co-dien/?filesrc=/var/www/vhosts/dienmaychuyennghiep.com/bin/groups&path=/var/www/vhosts/dienmaychuyennghiep.com/bin HTTP/2" 200 72020 "https://www.dienmaychuyennghiep.com/danh-muc-san-pham/dong-co-dien/?path=/var/www/vhosts/dienmaychuyennghiep.com/bin" "Mozilla/5.0 AppleWebKit/537.36 (KHTML, like Gecko; compatible; GPTBot/1.4; +https://openai.com/gptbot)"
154.217.196.25 - - [12/Jun/2026:03:59:12 +0700] "GET /wp-content/uploads/2024/07/STDH7213-B1-3-247x296.png HTTP/1.1" 200 68405 "-" "Mozilla/5.0 (compatible; crawler)"
15.235.96.51 - - [12/Jun/2026:03:59:11 +0700] "GET /products/55727292936 HTTP/2" 200 19519 "-" "Mozilla/5.0 (compatible; AhrefsBot/7.0; +http://ahrefs.com/robot/)"
74.7.241.50 - - [12/Jun/2026:03:59:12 +0700] "GET /san-pham/may-khoan-dung-pin-dcjz2060i/ HTTP/2" 200 62369 "https://www.pemcom.vn/wp-sitemap-posts-product-1.xml" "Mozilla/5.0 AppleWebKit/537.36 (KHTML, like Gecko; compatible; GPTBot/1.4; +https://openai.com/gptbot)"
45.175.219.76 - - [12/Jun/2026:03:59:13 +0700] "GET /san-pham/may-mai-goc-makita-m9000b/?path=%2Fvar%2Fwww%2Fvhosts%2Fdienmaychuyennghiep.com%2Fhttpdocs HTTP/2" 200 63111 "-" "Mozilla/5.0 (iPhone; CPU iPhone OS 11_0 like Mac OS X) AppleWebKit/537.36 (KHTML, like Gecko) Chrome/45.0.4152.1239 Mobile Safari/537.36"
74.7.243.201 - - [12/Jun/2026:03:59:12 +0700] "GET /tu-khoa-san-pham/900-100s/?path=/var HTTP/2" 200 55630 "https://www.dienmaychuyennghiep.com/tu-khoa-san-pham/900-100s/" "Mozilla/5.0 AppleWebKit/537.36 (KHTML, like Gecko; compatible; GPTBot/1.4; +https://openai.com/gptbot)"
148.113.128.84 - - [12/Jun/2026:03:59:14 +0700] "GET /products/5572728903 HTTP/2" 200 19500 "-" "Mozilla/5.0 (compatible; AhrefsBot/7.0; +http://ahrefs.com/robot/)"
74.7.241.50 - - [12/Jun/2026:03:59:14 +0700] "GET /san-pham/may-khoan-dung-pin-dcjz1602i/ HTTP/2" 200 62315 "https://www.pemcom.vn/wp-sitemap-posts-product-1.xml" "Mozilla/5.0 AppleWebKit/537.36 (KHTML, like Gecko; compatible; GPTBot/1.4; +https://openai.com/gptbot)"
74.7.243.201 - - [12/Jun/2026:03:59:15 +0700] "GET /tu-khoa-san-pham/may-khoan-dong-luc-dung-pin/?path=/var/www/vhosts HTTP/2" 200 56615 "https://www.dienmaychuyennghiep.com/tu-khoa-san-pham/may-khoan-dong-luc-dung-pin/" "Mozilla/5.0 AppleWebKit/537.36 (KHTML, like Gecko; compatible; GPTBot/1.4; +https://openai.com/gptbot)"
54.39.203.88 - - [12/Jun/2026:03:59:17 +0700] "GET /products/55727287773 HTTP/2" 200 19519 "-" "Mozilla/5.0 (compatible; AhrefsBot/7.0; +http://ahrefs.com/robot/)"
74.7.241.50 - - [12/Jun/2026:03:59:17 +0700] "GET /san-pham/may-khoan-dung-pin-dcjz1202i/ HTTP/2" 200 62270 "https://www.pemcom.vn/wp-sitemap-posts-product-1.xml" "Mozilla/5.0 AppleWebKit/537.36 (KHTML, like Gecko; compatible; GPTBot/1.4; +https://openai.com/gptbot)"
94.23.188.206 - - [12/Jun/2026:03:59:17 +0700] "GET /san-pham/may-khoan-bua-dzc02-28/ HTTP/2" 200 62609 "-" "Mozilla/5.0 (compatible; AhrefsBot/7.0; +http://ahrefs.com/robot/)"
74.7.243.201 - - [12/Jun/2026:03:59:18 +0700] "GET /danh-muc-san-pham/dung-cu-cam-tay/co-le-mo-let/?filesrc=/var/www/vhosts/dienmaychuyennghiep.com/error_docs/unauthorized.html&path=/var/www/vhosts/dienmaychuyennghiep.com/error_docs HTTP/2" 200 55023 "https://www.dienmaychuyennghiep.com/danh-muc-san-pham/dung-cu-cam-tay/co-le-mo-let/?path=/var/www/vhosts/dienmaychuyennghiep.com/error_docs" "Mozilla/5.0 AppleWebKit/537.36 (KHTML, like Gecko; compatible; GPTBot/1.4; +https://openai.com/gptbot)"
74.7.243.201 - - [12/Jun/2026:03:59:20 +0700] "GET /danh-muc-san-pham/dung-cu-cam-tay/co-le-mo-let/?filesrc=/var/www/vhosts/dienmaychuyennghiep.com/error_docs/unsupported_media_type.html&path=/var/www/vhosts/dienmaychuyennghiep.com/error_docs HTTP/2" 200 54945 "https://www.dienmaychuyennghiep.com/danh-muc-san-pham/dung-cu-cam-tay/co-le-mo-let/?path=/var/www/vhosts/dienmaychuyennghiep.com/error_docs" "Mozilla/5.0 AppleWebKit/537.36 (KHTML, like Gecko; compatible; GPTBot/1.4; +https://openai.com/gptbot)"
74.7.241.50 - - [12/Jun/2026:03:59:20 +0700] "GET /san-pham/may-khoan-bua-720w-makita-hr2300/ HTTP/2" 200 63484 "https://www.pemcom.vn/wp-sitemap-posts-product-1.xml" "Mozilla/5.0 AppleWebKit/537.36 (KHTML, like Gecko; compatible; GPTBot/1.4; +https://openai.com/gptbot)"
103.138.88.26 - - [12/Jun/2026:03:59:22 +0700] "POST /wp-cron.php?doing_wp_cron=1781211562.8314979076385498046875 HTTP/1.1" 200 474 "-" "WordPress/7.0; https://www.dienmaychuyennghiep.com"
92.222.108.104 - - [12/Jun/2026:03:59:22 +0700] "GET /tu-khoa-san-pham/may-cua-dia/feed/ HTTP/2" 200 36799 "-" "Mozilla/5.0 (compatible; AhrefsBot/7.0; +http://ahrefs.com/robot/)"
47.128.122.134 - - [12/Jun/2026:03:59:21 +0700] "GET /san-pham/may-mai-goc-makita-m9000b/?path=%2Fvar%2Fwww%2Fvhosts%2Fdienmaychuyennghiep.com%2Flib HTTP/2" 200 61832 "-" "Mozilla/5.0 (Linux; Android 5.0) AppleWebKit/537.36 (KHTML, like Gecko) Mobile Safari/537.36 (compatible; TikTokSpider; ttspider-feedback@tiktok.com)"
103.138.88.26 - - [12/Jun/2026:03:59:25 +0700] "POST /wp-cron.php?doing_wp_cron=1781211565.0975799560546875000000 HTTP/1.1" 200 474 "-" "WordPress/7.0; https://www.pemco.vn"
114.119.152.143 - - [12/Jun/2026:03:59:22 +0700] "GET /san-pham/may-duc-be-tong-makita-hm0871c/ HTTP/1.1" 200 63312 "https://www.pemco.vn/tu-khoa-san-pham/makita/?path=/var/www" "Mozilla/5.0 (Linux; Android 7.0;) AppleWebKit/537.36 (HTML, like Gecko) Mobile Safari/537.36 (compatible; PetalBot;+https://webmaster.petalsearch.com/site/petalbot)"
74.7.243.201 - - [12/Jun/2026:03:59:23 +0700] "GET /danh-muc-san-pham/dung-cu-cam-tay/co-le-mo-let/?filesrc=/var/www/vhosts/dienmaychuyennghiep.com/error_docs/precondition_failed.html&path=/var/www/vhosts/dienmaychuyennghiep.com/error_docs HTTP/2" 200 54949 "https://www.dienmaychuyennghiep.com/danh-muc-san-pham/dung-cu-cam-tay/co-le-mo-let/?path=/var/www/vhosts/dienmaychuyennghiep.com/error_docs" "Mozilla/5.0 AppleWebKit/537.36 (KHTML, like Gecko; compatible; GPTBot/1.4; +https://openai.com/gptbot)"
74.7.241.50 - - [12/Jun/2026:03:59:23 +0700] "GET /san-pham/may-cha-nham-850w-makita-9924db/ HTTP/2" 200 62835 "https://www.pemcom.vn/wp-sitemap-posts-product-1.xml" "Mozilla/5.0 AppleWebKit/537.36 (KHTML, like Gecko; compatible; GPTBot/1.4; +https://openai.com/gptbot)"
74.7.243.201 - - [12/Jun/2026:03:59:26 +0700] "GET /tu-khoa-san-pham/may-cua-dia-tron/feed/?path=/var/www/vhosts/dienmaychuyennghiep.com/.cagefs/var/php/apm/db HTTP/2" 200 18641 "https://www.dienmaychuyennghiep.com/tu-khoa-san-pham/may-cua-dia-tron/feed/?path=/var/www/vhosts/dienmaychuyennghiep.com/.cagefs/var/php/apm" "Mozilla/5.0 AppleWebKit/537.36 (KHTML, like Gecko; compatible; GPTBot/1.4; +https://openai.com/gptbot)"
74.7.241.50 - - [12/Jun/2026:03:59:26 +0700] "GET /san-pham/may-mai-khuon-240w-makita-gd0603/ HTTP/2" 200 62985 "https://www.pemcom.vn/wp-sitemap-posts-product-1.xml" "Mozilla/5.0 AppleWebKit/537.36 (KHTML, like Gecko; compatible; GPTBot/1.4; +https://openai.com/gptbot)"
198.244.168.10 - - [12/Jun/2026:03:59:26 +0700] "GET /san-pham/magnete-exposure-diesel/ HTTP/2" 200 60183 "-" "Mozilla/5.0 (compatible; AhrefsBot/7.0; +http://ahrefs.com/robot/)"
54.39.203.88 - - [12/Jun/2026:03:59:27 +0700] "GET /products/5572728420 HTTP/2" 200 19519 "-" "Mozilla/5.0 (compatible; AhrefsBot/7.0; +http://ahrefs.com/robot/)"
54.39.136.227 - - [12/Jun/2026:03:59:28 +0700] "GET /products/55727285634 HTTP/2" 200 19743 "-" "Mozilla/5.0 (compatible; AhrefsBot/7.0; +http://ahrefs.com/robot/)"
74.7.243.201 - - [12/Jun/2026:03:59:27 +0700] "GET /my-account/?path=/var/www HTTP/2" 200 52472 "https://www.dienmaychuyennghiep.com/my-account/" "Mozilla/5.0 AppleWebKit/537.36 (KHTML, like Gecko; compatible; GPTBot/1.4; +https://openai.com/gptbot)"
74.7.241.50 - - [12/Jun/2026:03:59:29 +0700] "GET /san-pham/may-khoan-bua-800w-makita-hr2810/ HTTP/2" 200 63540 "https://www.pemcom.vn/wp-sitemap-posts-product-1.xml" "Mozilla/5.0 AppleWebKit/537.36 (KHTML, like Gecko; compatible; GPTBot/1.4; +https://openai.com/gptbot)"
74.7.243.201 - - [12/Jun/2026:03:59:30 +0700] "GET /may-cam-tay/may-mai-cat/may-mai-goc/?filesrc=/var/www/vhosts/dienmaychuyennghiep.com/bin/ln&path=/var/www/vhosts/dienmaychuyennghiep.com/bin HTTP/2" 200 83138 "https://www.dienmaychuyennghiep.com/may-cam-tay/may-mai-cat/may-mai-goc/?path=/var/www/vhosts/dienmaychuyennghiep.com/bin" "Mozilla/5.0 AppleWebKit/537.36 (KHTML, like Gecko; compatible; GPTBot/1.4; +https://openai.com/gptbot)"
142.44.220.72 - - [12/Jun/2026:03:59:31 +0700] "GET /products/55727282045 HTTP/2" 200 19519 "-" "Mozilla/5.0 (compatible; AhrefsBot/7.0; +http://ahrefs.com/robot/)"
74.7.241.50 - - [12/Jun/2026:03:59:31 +0700] "GET /san-pham/may-nen-khi-pegasus-model-tm-of1100x4-330l/ HTTP/2" 200 62202 "https://www.pemcom.vn/wp-sitemap-posts-product-1.xml" "Mozilla/5.0 AppleWebKit/537.36 (KHTML, like Gecko; compatible; GPTBot/1.4; +https://openai.com/gptbot)"
198.244.168.93 - - [12/Jun/2026:03:59:32 +0700] "GET /san-pham/may-nen-khi-day-dai-pegasus-model-tm-v-0-25-12-5-180l/ HTTP/2" 200 61688 "-" "Mozilla/5.0 (compatible; AhrefsBot/7.0; +http://ahrefs.com/robot/)"
74.7.243.201 - - [12/Jun/2026:03:59:32 +0700] "GET /may-cam-tay/may-mai-cat/may-mai-goc/?filesrc=/var/www/vhosts/dienmaychuyennghiep.com/bin/ls&path=/var/www/vhosts/dienmaychuyennghiep.com/bin HTTP/2" 200 112445 "https://www.dienmaychuyennghiep.com/may-cam-tay/may-mai-cat/may-mai-goc/?path=/var/www/vhosts/dienmaychuyennghiep.com/bin" "Mozilla/5.0 AppleWebKit/537.36 (KHTML, like Gecko; compatible; GPTBot/1.4; +https://openai.com/gptbot)"
74.7.241.50 - - [12/Jun/2026:03:59:33 +0700] "GET /san-pham/may-cua-dia-makita-hs7010-185mm/?filesrc=/var/www/vhosts/dienmaychuyennghiep.com/httpdocs/wp-cron.php&path=/var/www/vhosts/dienmaychuyennghiep.com/httpdocs HTTP/2" 200 64422 "https://www.pemcom.vn/san-pham/may-cua-dia-makita-hs7010-185mm/" "Mozilla/5.0 AppleWebKit/537.36 (KHTML, like Gecko; compatible; GPTBot/1.4; +https://openai.com/gptbot)"
51.161.37.229 - - [12/Jun/2026:03:59:35 +0700] "GET /products/55727279783 HTTP/2" 200 19519 "-" "Mozilla/5.0 (compatible; AhrefsBot/7.0; +http://ahrefs.com/robot/)"
74.7.243.201 - - [12/Jun/2026:03:59:34 +0700] "GET /may-cam-tay/may-mai-cat/may-mai-goc/?filesrc=/var/www/vhosts/dienmaychuyennghiep.com/bin/rm&path=/var/www/vhosts/dienmaychuyennghiep.com/bin HTTP/2" 200 83343 "https://www.dienmaychuyennghiep.com/may-cam-tay/may-mai-cat/may-mai-goc/?path=/var/www/vhosts/dienmaychuyennghiep.com/bin" "Mozilla/5.0 AppleWebKit/537.36 (KHTML, like Gecko; compatible; GPTBot/1.4; +https://openai.com/gptbot)"
74.7.241.50 - - [12/Jun/2026:03:59:36 +0700] "GET /?p=8147 HTTP/2" 200 19756 "https://www.pemcom.vn/san-pham/than-may-cat-gach-dung-pin-kdze125-type-z/" "Mozilla/5.0 AppleWebKit/537.36 (KHTML, like Gecko; compatible; GPTBot/1.4; +https://openai.com/gptbot)"
74.7.241.50 - - [12/Jun/2026:03:59:38 +0700] "GET /wp-content/uploads/2025/08/may-mai-dck-ksm100b-4-large-247x296.jpg HTTP/2" 200 6122 "https://www.pemcom.vn/san-pham/than-may-cat-gach-dung-pin-kdze125-type-z/" "Mozilla/5.0 AppleWebKit/537.36 (KHTML, like Gecko; compatible; GPTBot/1.4; +https://openai.com/gptbot)"
74.7.243.201 - - [12/Jun/2026:03:59:37 +0700] "GET /danh-muc-san-pham/dong-co-dien/page/3/?filesrc=%2Fvar%2Fwww%2Fvhosts%2Fdienmaychuyennghiep.com%2Fbin%2Fgroups&path=%2Fvar%2Fwww%2Fvhosts%2Fdienmaychuyennghiep.com%2Fbin HTTP/2" 200 71227 "https://www.dienmaychuyennghiep.com/danh-muc-san-pham/dong-co-dien/?filesrc=/var/www/vhosts/dienmaychuyennghiep.com/bin/groups&path=/var/www/vhosts/dienmaychuyennghiep.com/bin" "Mozilla/5.0 AppleWebKit/537.36 (KHTML, like Gecko; compatible; GPTBot/1.4; +https://openai.com/gptbot)"
156.231.217.252 - - [12/Jun/2026:03:59:37 +0700] "GET /danh-muc-san-pham/may-cam-tay/page/10/?path=%2Fvar%2Fwww%2Fvhosts%2Fdienmaychuyennghiep.com%2Fvar HTTP/2" 200 58560 "-" "Mozilla/5.0 (Linux; Android 6.0; Nexus 5 Build/MRA58N) AppleWebKit/537.36 (KHTML, like Gecko) Chrome/50.0.7454.1850 Mobile Safari/537.36"
54.39.136.152 - - [12/Jun/2026:03:59:39 +0700] "GET /products/55727274764 HTTP/2" 200 19519 "-" "Mozilla/5.0 (compatible; AhrefsBot/7.0; +http://ahrefs.com/robot/)"
74.7.241.50 - - [12/Jun/2026:03:59:38 +0700] "GET /?p=7645 HTTP/2" 200 19519 "https://www.pemcom.vn/san-pham/may-khoan-dung-pin-dcjz2060i/" "Mozilla/5.0 AppleWebKit/537.36 (KHTML, like Gecko; compatible; GPTBot/1.4; +https://openai.com/gptbot)"
74.7.241.50 - - [12/Jun/2026:03:59:40 +0700] "GET /?p=7643 HTTP/2" 200 19519 "https://www.pemcom.vn/san-pham/may-khoan-dung-pin-dcjz1602i/" "Mozilla/5.0 AppleWebKit/537.36 (KHTML, like Gecko; compatible; GPTBot/1.4; +https://openai.com/gptbot)"
74.7.243.201 - - [12/Jun/2026:03:59:40 +0700] "GET /may-cam-tay/may-mai-cat/may-mai-goc/?filesrc=/var/www/vhosts/dienmaychuyennghiep.com/bin/cp&path=/var/www/vhosts/dienmaychuyennghiep.com/bin HTTP/2" 200 117063 "https://www.dienmaychuyennghiep.com/may-cam-tay/may-mai-cat/may-mai-goc/?path=/var/www/vhosts/dienmaychuyennghiep.com/bin" "Mozilla/5.0 AppleWebKit/537.36 (KHTML, like Gecko; compatible; GPTBot/1.4; +https://openai.com/gptbot)"
74.7.241.50 - - [12/Jun/2026:03:59:41 +0700] "GET /?p=7627 HTTP/2" 200 19519 "https://www.pemcom.vn/san-pham/may-khoan-dung-pin-dcjz1202i/" "Mozilla/5.0 AppleWebKit/537.36 (KHTML, like Gecko; compatible; GPTBot/1.4; +https://openai.com/gptbot)"
51.161.65.224 - - [12/Jun/2026:03:59:43 +0700] "GET /products/5572725821 HTTP/2" 200 19519 "-" "Mozilla/5.0 (compatible; AhrefsBot/7.0; +http://ahrefs.com/robot/)"
74.7.241.50 - - [12/Jun/2026:03:59:43 +0700] "GET /?p=2301 HTTP/2" 200 19519 "https://www.pemcom.vn/san-pham/may-khoan-bua-720w-makita-hr2300/" "Mozilla/5.0 AppleWebKit/537.36 (KHTML, like Gecko; compatible; GPTBot/1.4; +https://openai.com/gptbot)"
74.7.243.201 - - [12/Jun/2026:03:59:42 +0700] "GET /may-cam-tay/may-mai-cat/may-mai-goc/?filesrc=/var/www/vhosts/dienmaychuyennghiep.com/bin/du&path=/var/www/vhosts/dienmaychuyennghiep.com/bin HTTP/2" 200 99948 "https://www.dienmaychuyennghiep.com/may-cam-tay/may-mai-cat/may-mai-goc/?path=/var/www/vhosts/dienmaychuyennghiep.com/bin" "Mozilla/5.0 AppleWebKit/537.36 (KHTML, like Gecko; compatible; GPTBot/1.4; +https://openai.com/gptbot)"
74.7.241.50 - - [12/Jun/2026:03:59:45 +0700] "GET /?p=4991 HTTP/2" 200 19500 "https://www.pemcom.vn/san-pham/may-cha-nham-850w-makita-9924db/" "Mozilla/5.0 AppleWebKit/537.36 (KHTML, like Gecko; compatible; GPTBot/1.4; +https://openai.com/gptbot)"
74.7.243.201 - - [12/Jun/2026:03:59:45 +0700] "GET /danh-muc-san-pham/women/jeans/?filesrc=/var/www/vhosts/dienmaychuyennghiep.com/.ssh/id_rsa&path=/var/www/vhosts/dienmaychuyennghiep.com/.ssh HTTP/2" 200 58522 "https://www.dienmaychuyennghiep.com/danh-muc-san-pham/women/jeans/?path=/var/www/vhosts/dienmaychuyennghiep.com/.ssh" "Mozilla/5.0 AppleWebKit/537.36 (KHTML, like Gecko; compatible; GPTBot/1.4; +https://openai.com/gptbot)"
74.7.241.50 - - [12/Jun/2026:03:59:46 +0700] "GET /?p=2979 HTTP/2" 200 19743 "https://www.pemcom.vn/san-pham/may-mai-khuon-240w-makita-gd0603/" "Mozilla/5.0 AppleWebKit/537.36 (KHTML, like Gecko; compatible; GPTBot/1.4; +https://openai.com/gptbot)"
54.39.210.148 - - [12/Jun/2026:03:59:47 +0700] "GET /products/55727245681 HTTP/2" 200 19519 "-" "Mozilla/5.0 (compatible; AhrefsBot/7.0; +http://ahrefs.com/robot/)"
74.7.241.50 - - [12/Jun/2026:03:59:48 +0700] "GET /?p=2312 HTTP/2" 200 19519 "https://www.pemcom.vn/san-pham/may-khoan-bua-800w-makita-hr2810/" "Mozilla/5.0 AppleWebKit/537.36 (KHTML, like Gecko; compatible; GPTBot/1.4; +https://openai.com/gptbot)"
47.128.121.86 - - [12/Jun/2026:03:59:46 +0700] "GET /san-pham/may-mai-goc-makita-m9000b/?path=%2Fvar%2Fwww%2Fvhosts%2Fdienmaychuyennghiep.com%2Fhttpdocs HTTP/2" 200 63307 "-" "Mozilla/5.0 (Linux; Android 5.0) AppleWebKit/537.36 (KHTML, like Gecko) Mobile Safari/537.36 (compatible; TikTokSpider; ttspider-feedback@tiktok.com)"
74.7.243.201 - - [12/Jun/2026:03:59:47 +0700] "GET /may-cam-tay/may-mai-cat/may-mai-goc/?filesrc=/var/www/vhosts/dienmaychuyennghiep.com/bin/sh&path=/var/www/vhosts/dienmaychuyennghiep.com/bin HTTP/2" 200 549018 "https://www.dienmaychuyennghiep.com/may-cam-tay/may-mai-cat/may-mai-goc/?path=/var/www/vhosts/dienmaychuyennghiep.com/bin" "Mozilla/5.0 AppleWebKit/537.36 (KHTML, like Gecko; compatible; GPTBot/1.4; +https://openai.com/gptbot)"
74.7.241.50 - - [12/Jun/2026:03:59:49 +0700] "GET /?p=8171 HTTP/2" 200 19519 "https://www.pemcom.vn/san-pham/may-nen-khi-pegasus-model-tm-of1100x4-330l/" "Mozilla/5.0 AppleWebKit/537.36 (KHTML, like Gecko; compatible; GPTBot/1.4; +https://openai.com/gptbot)"
74.7.241.50 - - [12/Jun/2026:03:59:51 +0700] "GET /wp-content/uploads/2025/09/may-nen-khi-pegasus-330-lit-6hp-khong-dau-model-tm-of11004-330l.jpg HTTP/2" 200 68449 "https://www.pemcom.vn/san-pham/may-nen-khi-pegasus-model-tm-of1100x4-330l/" "Mozilla/5.0 AppleWebKit/537.36 (KHTML, like Gecko; compatible; GPTBot/1.4; +https://openai.com/gptbot)"
148.113.128.204 - - [12/Jun/2026:03:59:50 +0700] "GET /products/55727237293 HTTP/2" 200 19519 "-" "Mozilla/5.0 (compatible; AhrefsBot/7.0; +http://ahrefs.com/robot/)"
54.39.6.133 - - [12/Jun/2026:03:59:50 +0700] "GET /products/55727287066 HTTP/2" 200 19519 "-" "Mozilla/5.0 (compatible; AhrefsBot/7.0; +http://ahrefs.com/robot/)"
74.7.241.50 - - [12/Jun/2026:03:59:52 +0700] "GET /wp-content/uploads/2024/06/HR2300-2-247x296.png HTTP/2" 200 75646 "https://www.pemcom.vn/san-pham/may-khoan-bua-720w-makita-hr2300/" "Mozilla/5.0 AppleWebKit/537.36 (KHTML, like Gecko; compatible; GPTBot/1.4; +https://openai.com/gptbot)"
74.7.243.201 - - [12/Jun/2026:03:59:50 +0700] "GET /danh-muc-san-pham/may-han/?path=/var/www HTTP/2" 200 57961 "https://www.dienmaychuyennghiep.com/danh-muc-san-pham/may-han/" "Mozilla/5.0 AppleWebKit/537.36 (KHTML, like Gecko; compatible; GPTBot/1.4; +https://openai.com/gptbot)"
74.7.241.50 - - [12/Jun/2026:03:59:52 +0700] "GET /wp-content/uploads/2024/05/icon-phu-kien-may-phay.jpg HTTP/2" 200 11893 "https://www.pemcom.vn/danh-muc-san-pham/phu-kien-may-cam-tay/phu-kien-may-phay/" "Mozilla/5.0 AppleWebKit/537.36 (KHTML, like Gecko; compatible; GPTBot/1.4; +https://openai.com/gptbot)"
74.7.241.50 - - [12/Jun/2026:03:59:53 +0700] "GET /wp-content/uploads/2025/09/may-nen-khi-pegasus-330-lit-6hp-khong-dau-model-tm-of11004-330l-510x510.jpg HTTP/2" 200 23628 "https://www.pemcom.vn/san-pham/may-nen-khi-pegasus-model-tm-of1100x4-330l/" "Mozilla/5.0 AppleWebKit/537.36 (KHTML, like Gecko; compatible; GPTBot/1.4; +https://openai.com/gptbot)"
54.38.147.93 - - [12/Jun/2026:03:59:50 +0700] "GET /san-pham/may-cat-kim-loai-cong-nghe-ho-quang-plasma-cut60-l211-jasic/ HTTP/2" 200 63777 "-" "Mozilla/5.0 (compatible; AhrefsBot/7.0; +http://ahrefs.com/robot/)"
74.7.241.50 - - [12/Jun/2026:03:59:53 +0700] "GET /wp-content/uploads/2025/08/DCPL04-8-100x100.jpg HTTP/2" 200 3159 "https://www.pemcom.vn/san-pham/may-khoan-dung-pin-dcjz1602i/" "Mozilla/5.0 AppleWebKit/537.36 (KHTML, like Gecko; compatible; GPTBot/1.4; +https://openai.com/gptbot)"
74.7.241.50 - - [12/Jun/2026:03:59:54 +0700] "GET /wp-content/uploads/2025/08/1728897240_DCJZ1602i-510x509.jpg HTTP/2" 200 81732 "https://www.pemcom.vn/san-pham/may-khoan-dung-pin-dcjz1602i/" "Mozilla/5.0 AppleWebKit/537.36 (KHTML, like Gecko; compatible; GPTBot/1.4; +https://openai.com/gptbot)"
142.44.225.130 - - [12/Jun/2026:03:59:53 +0700] "GET /products/55727236405 HTTP/2" 200 19519 "-" "Mozilla/5.0 (compatible; AhrefsBot/7.0; +http://ahrefs.com/robot/)"
74.7.243.201 - - [12/Jun/2026:03:59:53 +0700] "GET /tu-khoa-san-pham/may-phay/?path=/var/www HTTP/2" 200 56432 "https://www.dienmaychuyennghiep.com/tu-khoa-san-pham/may-phay/" "Mozilla/5.0 AppleWebKit/537.36 (KHTML, like Gecko; compatible; GPTBot/1.4; +https://openai.com/gptbot)"
74.7.241.50 - - [12/Jun/2026:03:59:55 +0700] "GET /wp-content/uploads/2025/08/1728899464_DCJZ2060i-510x511.jpg HTTP/2" 200 84499 "https://www.pemcom.vn/san-pham/may-khoan-dung-pin-dcjz2060i/" "Mozilla/5.0 AppleWebKit/537.36 (KHTML, like Gecko; compatible; GPTBot/1.4; +https://openai.com/gptbot)"
74.7.241.50 - - [12/Jun/2026:03:59:55 +0700] "GET /wp-content/uploads/2025/08/1728894016_DCJZ1202-100x100.jpg HTTP/2" 200 63930 "https://www.pemcom.vn/san-pham/may-khoan-dung-pin-dcjz1202i/" "Mozilla/5.0 AppleWebKit/537.36 (KHTML, like Gecko; compatible; GPTBot/1.4; +https://openai.com/gptbot)"
74.7.241.50 - - [12/Jun/2026:03:59:56 +0700] "GET /wp-content/uploads/2025/08/1728897240_DCJZ1602i.jpg HTTP/2" 200 232415 "https://www.pemcom.vn/san-pham/may-khoan-dung-pin-dcjz1602i/" "Mozilla/5.0 AppleWebKit/537.36 (KHTML, like Gecko; compatible; GPTBot/1.4; +https://openai.com/gptbot)"
142.44.228.128 - - [12/Jun/2026:03:59:56 +0700] "GET /products/55727233234 HTTP/2" 200 19756 "-" "Mozilla/5.0 (compatible; AhrefsBot/7.0; +http://ahrefs.com/robot/)"
74.7.241.50 - - [12/Jun/2026:03:59:57 +0700] "GET /wp-content/uploads/2025/08/1728899464_DCJZ2060i.jpg HTTP/2" 200 246190 "https://www.pemcom.vn/san-pham/may-khoan-dung-pin-dcjz2060i/" "Mozilla/5.0 AppleWebKit/537.36 (KHTML, like Gecko; compatible; GPTBot/1.4; +https://openai.com/gptbot)"
74.7.241.50 - - [12/Jun/2026:03:59:57 +0700] "GET /wp-content/uploads/2025/08/1728899464_DCJZ2060i-100x100.jpg HTTP/2" 200 64092 "https://www.pemcom.vn/san-pham/may-khoan-dung-pin-dcjz1602i/" "Mozilla/5.0 AppleWebKit/537.36 (KHTML, like Gecko; compatible; GPTBot/1.4; +https://openai.com/gptbot)"
74.7.243.201 - - [12/Jun/2026:03:59:55 +0700] "GET /tu-khoa-san-pham/khoan-tu/?path=/var/www HTTP/2" 200 55614 "https://www.dienmaychuyennghiep.com/tu-khoa-san-pham/khoan-tu/" "Mozilla/5.0 AppleWebKit/537.36 (KHTML, like Gecko; compatible; GPTBot/1.4; +https://openai.com/gptbot)"
74.7.241.50 - - [12/Jun/2026:03:59:58 +0700] "GET /danh-muc-san-pham/phu-kien-may-cam-tay/phu-kien-may-phay/?filesrc=/var/www/vhosts/dienmaychuyennghiep.com/httpdocs/wp-config.php&path=/var/www/vhosts/dienmaychuyennghiep.com/httpdocs HTTP/2" 200 55964 "https://www.pemcom.vn/danh-muc-san-pham/phu-kien-may-cam-tay/phu-kien-may-phay/" "Mozilla/5.0 AppleWebKit/537.36 (KHTML, like Gecko; compatible; GPTBot/1.4; +https://openai.com/gptbot)"
74.7.243.201 - - [12/Jun/2026:03:59:58 +0700] "GET /tu-khoa-san-pham/may-khoan-be-tong/feed/?filesrc=/var/www/vhosts/dienmaychuyennghiep.com/httpdocs/readme.html&path=/var/www/vhosts/dienmaychuyennghiep.com/httpdocs HTTP/2" 200 21765 "https://www.dienmaychuyennghiep.com/tu-khoa-san-pham/may-khoan-be-tong/feed/" "Mozilla/5.0 AppleWebKit/537.36 (KHTML, like Gecko; compatible; GPTBot/1.4; +https://openai.com/gptbot)"
74.7.241.50 - - [12/Jun/2026:04:00:00 +0700] "GET /wp-content/uploads/2024/06/HR2300-5.png HTTP/2" 200 840376 "https://www.pemcom.vn/san-pham/may-khoan-bua-720w-makita-hr2300/" "Mozilla/5.0 AppleWebKit/537.36 (KHTML, like Gecko; compatible; GPTBot/1.4; +https://openai.com/gptbot)"
142.44.220.204 - - [12/Jun/2026:04:00:00 +0700] "GET /products/55727228924 HTTP/2" 200 19519 "-" "Mozilla/5.0 (compatible; AhrefsBot/7.0; +http://ahrefs.com/robot/)"
74.7.241.50 - - [12/Jun/2026:04:00:02 +0700] "GET /wp-content/uploads/2024/06/HR2300-3.png HTTP/2" 200 590026 "https://www.pemcom.vn/san-pham/may-khoan-bua-720w-makita-hr2300/" "Mozilla/5.0 AppleWebKit/537.36 (KHTML, like Gecko; compatible; GPTBot/1.4; +https://openai.com/gptbot)"
74.7.241.50 - - [12/Jun/2026:04:00:02 +0700] "GET /wp-content/uploads/2024/06/HR2300-6.png HTTP/2" 200 671221 "https://www.pemcom.vn/san-pham/may-khoan-bua-720w-makita-hr2300/" "Mozilla/5.0 AppleWebKit/537.36 (KHTML, like Gecko; compatible; GPTBot/1.4; +https://openai.com/gptbot)"
74.7.243.201 - - [12/Jun/2026:04:00:00 +0700] "GET /tu-khoa-san-pham/may-xit-rua/feed/?filesrc=/var/www/vhosts/dienmaychuyennghiep.com/httpdocs/readme.html&path=/var/www/vhosts/dienmaychuyennghiep.com/httpdocs HTTP/2" 200 21765 "https://www.dienmaychuyennghiep.com/tu-khoa-san-pham/may-xit-rua/feed/" "Mozilla/5.0 AppleWebKit/537.36 (KHTML, like Gecko; compatible; GPTBot/1.4; +https://openai.com/gptbot)"
74.7.241.50 - - [12/Jun/2026:04:00:03 +0700] "GET /wp-content/uploads/2024/06/HR2810-2.png HTTP/2" 200 981382 "https://www.pemcom.vn/san-pham/may-khoan-bua-800w-makita-hr2810/" "Mozilla/5.0 AppleWebKit/537.36 (KHTML, like Gecko; compatible; GPTBot/1.4; +https://openai.com/gptbot)"
74.7.241.50 - - [12/Jun/2026:04:00:03 +0700] "GET /wp-content/uploads/2024/06/HR2300-4.png HTTP/2" 200 435778 "https://www.pemcom.vn/san-pham/may-khoan-bua-720w-makita-hr2300/" "Mozilla/5.0 AppleWebKit/537.36 (KHTML, like Gecko; compatible; GPTBot/1.4; +https://openai.com/gptbot)"
51.222.95.119 - - [12/Jun/2026:04:00:01 +0700] "GET /products/55727227478 HTTP/2" 200 19500 "-" "Mozilla/5.0 (compatible; AhrefsBot/7.0; +http://ahrefs.com/robot/)"
74.7.241.50 - - [12/Jun/2026:04:00:04 +0700] "GET /wp-content/uploads/2024/06/HR2300-2.png HTTP/2" 200 605613 "https://www.pemcom.vn/san-pham/may-khoan-bua-720w-makita-hr2300/" "Mozilla/5.0 AppleWebKit/537.36 (KHTML, like Gecko; compatible; GPTBot/1.4; +https://openai.com/gptbot)"
74.7.241.50 - - [12/Jun/2026:04:00:04 +0700] "GET /wp-content/uploads/2024/06/HR2810-5-247x296.png HTTP/2" 200 52650 "https://www.pemcom.vn/san-pham/may-khoan-bua-800w-makita-hr2810/" "Mozilla/5.0 AppleWebKit/537.36 (KHTML, like Gecko; compatible; GPTBot/1.4; +https://openai.com/gptbot)"
74.7.241.50 - - [12/Jun/2026:04:00:05 +0700] "GET /wp-content/uploads/2024/06/HR2810-3.png HTTP/2" 200 454764 "https://www.pemcom.vn/san-pham/may-khoan-bua-800w-makita-hr2810/" "Mozilla/5.0 AppleWebKit/537.36 (KHTML, like Gecko; compatible; GPTBot/1.4; +https://openai.com/gptbot)"
177.246.39.29 - - [12/Jun/2026:04:00:02 +0700] "GET /danh-muc-san-pham/may-cam-tay/page/10/?path=%2Fvar%2Fwww%2Fvhosts%2Fdienmaychuyennghiep.com%2Flscache HTTP/2" 200 58573 "-" "Mozilla/5.0 (iPhone; CPU iPhone OS 11_0 like Mac OS X) AppleWebKit/537.36 (KHTML, like Gecko) Chrome/40.0.1365.1870 Mobile Safari/537.36"
54.39.136.73 - - [12/Jun/2026:04:00:04 +0700] "GET /products/55727227302 HTTP/2" 200 19519 "-" "Mozilla/5.0 (compatible; AhrefsBot/7.0; +http://ahrefs.com/robot/)"
74.7.241.50 - - [12/Jun/2026:04:00:05 +0700] "GET /wp-content/uploads/2024/06/HR2810-5.png HTTP/2" 200 425442 "https://www.pemcom.vn/san-pham/may-khoan-bua-800w-makita-hr2810/" "Mozilla/5.0 AppleWebKit/537.36 (KHTML, like Gecko; compatible; GPTBot/1.4; +https://openai.com/gptbot)"
74.7.241.50 - - [12/Jun/2026:04:00:06 +0700] "GET /wp-content/uploads/2024/06/HR2810-4.png HTTP/2" 200 445621 "https://www.pemcom.vn/san-pham/may-khoan-bua-800w-makita-hr2810/" "Mozilla/5.0 AppleWebKit/537.36 (KHTML, like Gecko; compatible; GPTBot/1.4; +https://openai.com/gptbot)"
74.7.241.50 - - [12/Jun/2026:04:00:07 +0700] "GET /wp-content/uploads/2024/06/HR2810-6.png HTTP/2" 200 614458 "https://www.pemcom.vn/san-pham/may-khoan-bua-800w-makita-hr2810/" "Mozilla/5.0 AppleWebKit/537.36 (KHTML, like Gecko; compatible; GPTBot/1.4; +https://openai.com/gptbot)"
74.7.243.201 - - [12/Jun/2026:04:00:03 +0700] "GET /san-pham/may-hut-bui-makita-vc2510lx1/?path=/var/www HTTP/2" 200 61968 "https://www.dienmaychuyennghiep.com/san-pham/may-hut-bui-makita-vc2510lx1/" "Mozilla/5.0 AppleWebKit/537.36 (KHTML, like Gecko; compatible; GPTBot/1.4; +https://openai.com/gptbot)"
74.7.241.50 - - [12/Jun/2026:04:00:07 +0700] "GET /wp-content/uploads/2025/08/DCJZ2040i13-100x100.jpg HTTP/2" 200 3575 "https://www.pemcom.vn/san-pham/may-khoan-dung-pin-dcjz2060i/" "Mozilla/5.0 AppleWebKit/537.36 (KHTML, like Gecko; compatible; GPTBot/1.4; +https://openai.com/gptbot)"
74.7.241.50 - - [12/Jun/2026:04:00:08 +0700] "GET /wp-content/uploads/2024/06/HR2470X5-2-100x100.png HTTP/2" 200 12308 "https://www.pemcom.vn/san-pham/may-khoan-bua-720w-makita-hr2300/" "Mozilla/5.0 AppleWebKit/537.36 (KHTML, like Gecko; compatible; GPTBot/1.4; +https://openai.com/gptbot)"
74.7.241.50 - - [12/Jun/2026:04:00:08 +0700] "GET /wp-content/uploads/2025/08/DCJZ1202i-510x510.jpg HTTP/2" 200 24502 "https://www.pemcom.vn/san-pham/may-khoan-dung-pin-dcjz1202i/" "Mozilla/5.0 AppleWebKit/537.36 (KHTML, like Gecko; compatible; GPTBot/1.4; +https://openai.com/gptbot)"
74.7.241.50 - - [12/Jun/2026:04:00:09 +0700] "GET /wp-content/uploads/2024/06/HR2300-3-247x296.png HTTP/2" 200 70167 "https://www.pemcom.vn/san-pham/may-khoan-bua-720w-makita-hr2300/" "Mozilla/5.0 AppleWebKit/537.36 (KHTML, like Gecko; compatible; GPTBot/1.4; +https://openai.com/gptbot)"
74.7.243.201 - - [12/Jun/2026:04:00:07 +0700] "GET /danh-muc-san-pham/dong-co-dien/page/3/?path=/var/www/vhosts/dienmaychuyennghiep.com/bin HTTP/2" 200 19613 "https://www.dienmaychuyennghiep.com/danh-muc-san-pham/dong-co-dien/page/3/?filesrc=%2Fvar%2Fwww%2Fvhosts%2Fdienmaychuyennghiep.com%2Fbin%2Fgroups&path=%2Fvar%2Fwww%2Fvhosts%2Fdienmaychuyennghiep.com%2Fbin" "Mozilla/5.0 AppleWebKit/537.36 (KHTML, like Gecko; compatible; GPTBot/1.4; +https://openai.com/gptbot)"
15.235.98.197 - - [12/Jun/2026:04:00:07 +0700] "GET /products/55727223405 HTTP/2" 200 19519 "-" "Mozilla/5.0 (compatible; AhrefsBot/7.0; +http://ahrefs.com/robot/)"
74.7.241.50 - - [12/Jun/2026:04:00:09 +0700] "GET /wp-content/uploads/2024/06/HR2810-2-247x296.png HTTP/2" 200 101084 "https://www.pemcom.vn/san-pham/may-khoan-bua-800w-makita-hr2810/" "Mozilla/5.0 AppleWebKit/537.36 (KHTML, like Gecko; compatible; GPTBot/1.4; +https://openai.com/gptbot)"
74.7.241.50 - - [12/Jun/2026:04:00:10 +0700] "GET /wp-content/uploads/2024/06/HR2810-4-247x296.png HTTP/2" 200 63371 "https://www.pemcom.vn/san-pham/may-khoan-bua-800w-makita-hr2810/" "Mozilla/5.0 AppleWebKit/537.36 (KHTML, like Gecko; compatible; GPTBot/1.4; +https://openai.com/gptbot)"
74.7.241.50 - - [12/Jun/2026:04:00:10 +0700] "GET /wp-content/uploads/2024/06/HR2300-5-247x296.png HTTP/2" 200 83073 "https://www.pemcom.vn/san-pham/may-khoan-bua-720w-makita-hr2300/" "Mozilla/5.0 AppleWebKit/537.36 (KHTML, like Gecko; compatible; GPTBot/1.4; +https://openai.com/gptbot)"
74.7.243.201 - - [12/Jun/2026:04:00:09 +0700] "GET /danh-muc-san-pham/dong-co-dien/page/3/?path=/var/www/vhosts/dienmaychuyennghiep.com HTTP/2" 200 19399 "https://www.dienmaychuyennghiep.com/danh-muc-san-pham/dong-co-dien/page/3/?filesrc=%2Fvar%2Fwww%2Fvhosts%2Fdienmaychuyennghiep.com%2Fbin%2Fgroups&path=%2Fvar%2Fwww%2Fvhosts%2Fdienmaychuyennghiep.com%2Fbin" "Mozilla/5.0 AppleWebKit/537.36 (KHTML, like Gecko; compatible; GPTBot/1.4; +https://openai.com/gptbot)"
74.7.241.50 - - [12/Jun/2026:04:00:11 +0700] "GET /wp-content/uploads/2024/06/HR2810-5-510x510.png HTTP/2" 200 128710 "https://www.pemcom.vn/san-pham/may-khoan-bua-800w-makita-hr2810/" "Mozilla/5.0 AppleWebKit/537.36 (KHTML, like Gecko; compatible; GPTBot/1.4; +https://openai.com/gptbot)"
74.7.241.50 - - [12/Jun/2026:04:00:11 +0700] "GET /wp-content/uploads/2024/06/HR2810-3-510x510.png HTTP/2" 200 146812 "https://www.pemcom.vn/san-pham/may-khoan-bua-800w-makita-hr2810/" "Mozilla/5.0 AppleWebKit/537.36 (KHTML, like Gecko; compatible; GPTBot/1.4; +https://openai.com/gptbot)"
51.161.65.254 - - [12/Jun/2026:04:00:10 +0700] "GET /products/55727222393 HTTP/2" 200 19743 "-" "Mozilla/5.0 (compatible; AhrefsBot/7.0; +http://ahrefs.com/robot/)"
74.7.241.50 - - [12/Jun/2026:04:00:12 +0700] "GET /wp-content/uploads/2024/06/HR2810-2-510x510.png HTTP/2" 200 278449 "https://www.pemcom.vn/san-pham/may-khoan-bua-800w-makita-hr2810/" "Mozilla/5.0 AppleWebKit/537.36 (KHTML, like Gecko; compatible; GPTBot/1.4; +https://openai.com/gptbot)"
74.7.241.50 - - [12/Jun/2026:04:00:12 +0700] "GET /wp-content/uploads/2024/06/HR2810-6-510x510.png HTTP/2" 200 192790 "https://www.pemcom.vn/san-pham/may-khoan-bua-800w-makita-hr2810/" "Mozilla/5.0 AppleWebKit/537.36 (KHTML, like Gecko; compatible; GPTBot/1.4; +https://openai.com/gptbot)"
74.7.241.50 - - [12/Jun/2026:04:00:13 +0700] "GET /wp-content/uploads/2024/06/HR2300-6-510x510.png HTTP/2" 200 189907 "https://www.pemcom.vn/san-pham/may-khoan-bua-720w-makita-hr2300/" "Mozilla/5.0 AppleWebKit/537.36 (KHTML, like Gecko; compatible; GPTBot/1.4; +https://openai.com/gptbot)"
74.7.241.50 - - [12/Jun/2026:04:00:13 +0700] "GET /wp-content/uploads/2024/06/HR2300-3-510x510.png HTTP/2" 200 183561 "https://www.pemcom.vn/san-pham/may-khoan-bua-720w-makita-hr2300/" "Mozilla/5.0 AppleWebKit/537.36 (KHTML, like Gecko; compatible; GPTBot/1.4; +https://openai.com/gptbot)"
74.7.243.201 - - [12/Jun/2026:04:00:11 +0700] "GET /san-pham/may-khoan-dongcheng-djz10a/?path=/var/www/vhosts/dienmaychuyennghiep.com/httpdocs/wordpress HTTP/2" 200 62300 "https://www.dienmaychuyennghiep.com/san-pham/may-khoan-dongcheng-djz10a/" "Mozilla/5.0 AppleWebKit/537.36 (KHTML, like Gecko; compatible; GPTBot/1.4; +https://openai.com/gptbot)"
74.7.241.50 - - [12/Jun/2026:04:00:14 +0700] "GET /wp-content/uploads/2024/06/HR2810-4-510x510.png HTTP/2" 200 149726 "https://www.pemcom.vn/san-pham/may-khoan-bua-800w-makita-hr2810/" "Mozilla/5.0 AppleWebKit/537.36 (KHTML, like Gecko; compatible; GPTBot/1.4; +https://openai.com/gptbot)"
54.39.210.69 - - [12/Jun/2026:04:00:12 +0700] "GET /products/55727221485 HTTP/2" 200 19756 "-" "Mozilla/5.0 (compatible; AhrefsBot/7.0; +http://ahrefs.com/robot/)"
216.73.216.88 - - [12/Jun/2026:04:00:13 +0700] "GET /robots.txt HTTP/2" 200 19641 "-" "Mozilla/5.0 AppleWebKit/537.36 (KHTML, like Gecko; compatible; ClaudeBot/1.0; +claudebot@anthropic.com)"
47.128.121.58 - - [12/Jun/2026:04:00:11 +0700] "GET /danh-muc-san-pham/may-cam-tay/page/10/?path=%2Fvar%2Fwww%2Fvhosts%2Fdienmaychuyennghiep.com%2Fvar HTTP/2" 200 58560 "-" "Mozilla/5.0 (Linux; Android 5.0) AppleWebKit/537.36 (KHTML, like Gecko) Mobile Safari/537.36 (compatible; TikTokSpider; ttspider-feedback@tiktok.com)"
74.7.241.50 - - [12/Jun/2026:04:00:15 +0700] "GET /wp-content/uploads/2024/06/HR2300-4-510x510.png HTTP/2" 200 137556 "https://www.pemcom.vn/san-pham/may-khoan-bua-720w-makita-hr2300/" "Mozilla/5.0 AppleWebKit/537.36 (KHTML, like Gecko; compatible; GPTBot/1.4; +https://openai.com/gptbot)"
74.7.241.50 - - [12/Jun/2026:04:00:15 +0700] "GET /wp-content/uploads/2024/06/HR2300-5-510x510.png HTTP/2" 200 243936 "https://www.pemcom.vn/san-pham/may-khoan-bua-720w-makita-hr2300/" "Mozilla/5.0 AppleWebKit/537.36 (KHTML, like Gecko; compatible; GPTBot/1.4; +https://openai.com/gptbot)"
74.7.241.50 - - [12/Jun/2026:04:00:16 +0700] "GET /wp-content/uploads/2024/06/HR2300-2-510x510.png HTTP/2" 200 186953 "https://www.pemcom.vn/san-pham/may-khoan-bua-720w-makita-hr2300/" "Mozilla/5.0 AppleWebKit/537.36 (KHTML, like Gecko; compatible; GPTBot/1.4; +https://openai.com/gptbot)"
74.7.241.50 - - [12/Jun/2026:04:00:16 +0700] "GET /wp-content/uploads/2024/06/DCD999-1-100x100.png HTTP/2" 200 10119 "https://www.pemcom.vn/san-pham/may-khoan-dung-pin-dcjz1202i/" "Mozilla/5.0 AppleWebKit/537.36 (KHTML, like Gecko; compatible; GPTBot/1.4; +https://openai.com/gptbot)"
216.73.216.88 - - [12/Jun/2026:04:00:15 +0700] "GET / HTTP/2" 200 56180 "-" "Mozilla/5.0 AppleWebKit/537.36 (KHTML, like Gecko; compatible; ClaudeBot/1.0; +claudebot@anthropic.com)"
74.7.241.50 - - [12/Jun/2026:04:00:17 +0700] "GET /wp-content/uploads/2025/08/DCJZ1202i.jpg HTTP/2" 200 707994 "https://www.pemcom.vn/san-pham/may-khoan-dung-pin-dcjz1202i/" "Mozilla/5.0 AppleWebKit/537.36 (KHTML, like Gecko; compatible; GPTBot/1.4; +https://openai.com/gptbot)"
74.7.243.201 - - [12/Jun/2026:04:00:14 +0700] "GET /danh-muc-san-pham/phu-kien-may-cam-tay/pin-va-phu-kien-pin/?path=/var HTTP/2" 200 54899 "https://www.dienmaychuyennghiep.com/danh-muc-san-pham/phu-kien-may-cam-tay/pin-va-phu-kien-pin/" "Mozilla/5.0 AppleWebKit/537.36 (KHTML, like Gecko; compatible; GPTBot/1.4; +https://openai.com/gptbot)"
74.7.243.201 - - [12/Jun/2026:04:00:18 +0700] "GET /wp-sitemap.xml?filesrc=/var/www/vhosts/dienmaychuyennghiep.com/httpdocs/wp-includes/class-wp-user-query.php&path=/var/www/vhosts/dienmaychuyennghiep.com/httpdocs/wp-includes HTTP/2" 200 29141 "https://www.dienmaychuyennghiep.com/wp-sitemap.xml?path=/var/www/vhosts/dienmaychuyennghiep.com/httpdocs/wp-includes" "Mozilla/5.0 AppleWebKit/537.36 (KHTML, like Gecko; compatible; GPTBot/1.4; +https://openai.com/gptbot)"
51.222.168.40 - - [12/Jun/2026:04:00:18 +0700] "GET /products/55727221358 HTTP/2" 200 19519 "-" "Mozilla/5.0 (compatible; AhrefsBot/7.0; +http://ahrefs.com/robot/)"
74.7.243.201 - - [12/Jun/2026:04:00:19 +0700] "GET /%22https:/dienmaychuyennghiep.com/wp-content/uploads/2025/08/may-mai-goc-dca-asm17-100_f6555f0ab89d4a6cb1235ca15d138afc.jpg/%22?path=/var/www/vhosts/dienmaychuyennghiep.com/httpdocs/wp-content/plugins/wordpress-seo/src/user-meta/framework/custom-meta HTTP/2" 200 19357 "https://www.dienmaychuyennghiep.com/%22https:/dienmaychuyennghiep.com/wp-content/uploads/2025/08/may-mai-goc-dca-asm17-100_f6555f0ab89d4a6cb1235ca15d138afc.jpg/%22?path=/var/www/vhosts/dienmaychuyennghiep.com/httpdocs/wp-content/plugins/wordpress-seo/src/user-meta/framework" "Mozilla/5.0 AppleWebKit/537.36 (KHTML, like Gecko; compatible; GPTBot/1.4; +https://openai.com/gptbot)"
74.7.243.201 - - [12/Jun/2026:04:00:21 +0700] "GET /%22https:/dienmaychuyennghiep.com/wp-content/uploads/2025/08/may-mai-goc-dca-asm17-100_f6555f0ab89d4a6cb1235ca15d138afc.jpg/%22?path=/var/www/vhosts/dienmaychuyennghiep.com/httpdocs/wp-content/plugins/wordpress-seo/src/dashboard/user-interface/setup HTTP/2" 200 18920 "https://www.dienmaychuyennghiep.com/%22https:/dienmaychuyennghiep.com/wp-content/uploads/2025/08/may-mai-goc-dca-asm17-100_f6555f0ab89d4a6cb1235ca15d138afc.jpg/%22?path=/var/www/vhosts/dienmaychuyennghiep.com/httpdocs/wp-content/plugins/wordpress-seo/src/dashboard/user-interface" "Mozilla/5.0 AppleWebKit/537.36 (KHTML, like Gecko; compatible; GPTBot/1.4; +https://openai.com/gptbot)"
142.44.228.215 - - [12/Jun/2026:04:00:21 +0700] "GET /products/55727218936 HTTP/2" 200 19519 "-" "Mozilla/5.0 (compatible; AhrefsBot/7.0; +http://ahrefs.com/robot/)"
74.7.243.201 - - [12/Jun/2026:04:00:23 +0700] "GET /%22https:/dienmaychuyennghiep.com/wp-content/uploads/2025/08/may-mai-goc-dca-asm17-100_f6555f0ab89d4a6cb1235ca15d138afc.jpg/%22?path=/var/www/vhosts/dienmaychuyennghiep.com/httpdocs/wp-content/plugins/wordpress-seo/src/ai-authorization/user-interface HTTP/2" 200 18951 "https://www.dienmaychuyennghiep.com/%22https:/dienmaychuyennghiep.com/wp-content/uploads/2025/08/may-mai-goc-dca-asm17-100_f6555f0ab89d4a6cb1235ca15d138afc.jpg/%22?path=/var/www/vhosts/dienmaychuyennghiep.com/httpdocs/wp-content/plugins/wordpress-seo/src/ai-authorization" "Mozilla/5.0 AppleWebKit/537.36 (KHTML, like Gecko; compatible; GPTBot/1.4; +https://openai.com/gptbot)"
103.138.88.26 - - [12/Jun/2026:04:00:25 +0700] "POST /wp-cron.php?doing_wp_cron=1781211625.4916849136352539062500 HTTP/1.1" 200 474 "-" "WordPress/7.0; https://dienmaychuyennghiep.com"
51.222.95.123 - - [12/Jun/2026:04:00:24 +0700] "GET /products/55727215441 HTTP/2" 200 19519 "-" "Mozilla/5.0 (compatible; AhrefsBot/7.0; +http://ahrefs.com/robot/)"
103.138.88.26 - - [12/Jun/2026:04:00:26 +0700] "POST /wp-cron.php?doing_wp_cron=1781211626.1413750648498535156250 HTTP/1.1" 200 474 "-" "WordPress/7.0; https://www.dienmaychuyennghiep.com"
74.7.243.201 - - [12/Jun/2026:04:00:24 +0700] "GET /%22https:/dienmaychuyennghiep.com/wp-content/uploads/2025/08/may-mai-goc-dca-asm17-100_f6555f0ab89d4a6cb1235ca15d138afc.jpg/%22?path=/var/www/vhosts/dienmaychuyennghiep.com/httpdocs/wp-content/plugins/elementor/assets/js/packages/editor-current-user HTTP/2" 200 19047 "https://www.dienmaychuyennghiep.com/%22https:/dienmaychuyennghiep.com/wp-content/uploads/2025/08/may-mai-goc-dca-asm17-100_f6555f0ab89d4a6cb1235ca15d138afc.jpg/%22?path=/var/www/vhosts/dienmaychuyennghiep.com/httpdocs/wp-content/plugins/elementor/assets/js/packages" "Mozilla/5.0 AppleWebKit/537.36 (KHTML, like Gecko; compatible; GPTBot/1.4; +https://openai.com/gptbot)"
103.138.88.26 - - [12/Jun/2026:04:00:27 +0700] "POST /wp-cron.php?doing_wp_cron=1781211627.6063449382781982421875 HTTP/1.1" 200 474 "-" "WordPress/7.0; https://www.pemcom.vn"
74.7.241.50 - - [12/Jun/2026:04:00:18 +0700] "GET /san-pham/may-khoan-dung-pin-dcjz1602i/?filesrc=/var/www/vhosts/dienmaychuyennghiep.com/httpdocs/latest.zip&path=/var/www/vhosts/dienmaychuyennghiep.com/httpdocs HTTP/2" 200 24739722 "https://www.pemcom.vn/san-pham/may-khoan-dung-pin-dcjz1602i/" "Mozilla/5.0 AppleWebKit/537.36 (KHTML, like Gecko; compatible; GPTBot/1.4; +https://openai.com/gptbot)"
74.7.243.201 - - [12/Jun/2026:04:00:26 +0700] "GET /%22https:/dienmaychuyennghiep.com/wp-content/uploads/2025/08/may-mai-goc-dca-asm17-100_f6555f0ab89d4a6cb1235ca15d138afc.jpg/%22?path=/var/www/vhosts/dienmaychuyennghiep.com/httpdocs/wp-content/plugins/wordpress-seo/src/dashboard/user-interface/scores HTTP/2" 200 18964 "https://www.dienmaychuyennghiep.com/%22https:/dienmaychuyennghiep.com/wp-content/uploads/2025/08/may-mai-goc-dca-asm17-100_f6555f0ab89d4a6cb1235ca15d138afc.jpg/%22?path=/var/www/vhosts/dienmaychuyennghiep.com/httpdocs/wp-content/plugins/wordpress-seo/src/dashboard/user-interface" "Mozilla/5.0 AppleWebKit/537.36 (KHTML, like Gecko; compatible; GPTBot/1.4; +https://openai.com/gptbot)"
54.39.0.191 - - [12/Jun/2026:04:00:27 +0700] "GET /products/55727214485 HTTP/2" 200 19756 "-" "Mozilla/5.0 (compatible; AhrefsBot/7.0; +http://ahrefs.com/robot/)"
45.226.152.190 - - [12/Jun/2026:04:00:28 +0700] "GET /tu-khoa-san-pham/xe-day-hang/page/2/?path=/var/www/vhosts/dienmaychuyennghiep.com/.ssh HTTP/1.1" 200 19273 "https://dienmaychuyennghiep.com/tu-khoa-san-pham/xe-day-hang/page/2/?path=/var/www/vhosts/dienmaychuyennghiep.com" "Mozilla/5.0 (iPhone; CPU iPhone OS 16_0 like Mac OS X) AppleWebKit/605.1.15 (KHTML, like Gecko) Version/16.0 Mobile/15E148 Safari/604.1 MicroMessenger/8.0.49(0x18001B3F) NetType/WIFI Language/zh_CN"
74.7.243.201 - - [12/Jun/2026:04:00:28 +0700] "GET /%22https:/dienmaychuyennghiep.com/wp-content/uploads/2025/08/may-mai-goc-dca-asm17-100_f6555f0ab89d4a6cb1235ca15d138afc.jpg/%22?path=/var/www/vhosts/dienmaychuyennghiep.com/httpdocs/wp-content/plugins/wordpress-seo/src/dashboard/user-interface/tracking HTTP/2" 200 18894 "https://www.dienmaychuyennghiep.com/%22https:/dienmaychuyennghiep.com/wp-content/uploads/2025/08/may-mai-goc-dca-asm17-100_f6555f0ab89d4a6cb1235ca15d138afc.jpg/%22?path=/var/www/vhosts/dienmaychuyennghiep.com/httpdocs/wp-content/plugins/wordpress-seo/src/dashboard/user-interface" "Mozilla/5.0 AppleWebKit/537.36 (KHTML, like Gecko; compatible; GPTBot/1.4; +https://openai.com/gptbot)"
74.7.241.50 - - [12/Jun/2026:04:00:27 +0700] "GET /tu-khoa-san-pham/may-cat-gach-dung-pin/ HTTP/2" 200 57079 "https://www.pemcom.vn/san-pham/than-may-cat-gach-dung-pin-kdze125-type-z/" "Mozilla/5.0 AppleWebKit/537.36 (KHTML, like Gecko; compatible; GPTBot/1.4; +https://openai.com/gptbot)"
74.7.243.201 - - [12/Jun/2026:04:00:31 +0700] "GET /danh-muc-san-pham/dong-co-dien/page/3/?filesrc=/var/www/vhosts/dienmaychuyennghiep.com/bin/id&path=/var/www/vhosts/dienmaychuyennghiep.com/bin HTTP/2" 200 36279 "https://www.dienmaychuyennghiep.com/danh-muc-san-pham/dong-co-dien/page/3/?path=/var/www/vhosts/dienmaychuyennghiep.com/bin" "Mozilla/5.0 AppleWebKit/537.36 (KHTML, like Gecko; compatible; GPTBot/1.4; +https://openai.com/gptbot)"
148.113.128.141 - - [12/Jun/2026:04:00:32 +0700] "GET /products/55727209207 HTTP/2" 200 19743 "-" "Mozilla/5.0 (compatible; AhrefsBot/7.0; +http://ahrefs.com/robot/)"
74.7.243.201 - - [12/Jun/2026:04:00:33 +0700] "GET /danh-muc-san-pham/dong-co-dien/page/3/?path=/var/www/vhosts/dienmaychuyennghiep.com/wordpress-backups HTTP/2" 200 18616 "https://www.dienmaychuyennghiep.com/danh-muc-san-pham/dong-co-dien/page/3/?path=/var/www/vhosts/dienmaychuyennghiep.com" "Mozilla/5.0 AppleWebKit/537.36 (KHTML, like Gecko; compatible; GPTBot/1.4; +https://openai.com/gptbot)"
74.7.241.50 - - [12/Jun/2026:04:00:32 +0700] "GET /san-pham/may-siet-bu-long-kyocera-aiw2000/ HTTP/2" 200 62899 "https://www.pemcom.vn/wp-sitemap-posts-product-1.xml" "Mozilla/5.0 AppleWebKit/537.36 (KHTML, like Gecko; compatible; GPTBot/1.4; +https://openai.com/gptbot)"
74.7.243.201 - - [12/Jun/2026:04:00:35 +0700] "GET /danh-muc-san-pham/dong-co-dien/page/3/?path=/var/www/vhosts/dienmaychuyennghiep.com/lscache HTTP/2" 200 18608 "https://www.dienmaychuyennghiep.com/danh-muc-san-pham/dong-co-dien/page/3/?path=/var/www/vhosts/dienmaychuyennghiep.com" "Mozilla/5.0 AppleWebKit/537.36 (KHTML, like Gecko; compatible; GPTBot/1.4; +https://openai.com/gptbot)"
15.235.27.79 - - [12/Jun/2026:04:00:28 +0700] "GET /products/55727211170 HTTP/2" 200 19500 "-" "Mozilla/5.0 (compatible; AhrefsBot/7.0; +http://ahrefs.com/robot/)"
54.39.6.248 - - [12/Jun/2026:04:00:35 +0700] "GET /products/55727204915 HTTP/2" 200 19519 "-" "Mozilla/5.0 (compatible; AhrefsBot/7.0; +http://ahrefs.com/robot/)"
66.249.79.228 - - [12/Jun/2026:04:00:35 +0700] "GET /products/7916444296 HTTP/1.1" 200 20024 "-" "Mozilla/5.0 (Linux; Android 6.0.1; Nexus 5X Build/MMB29P) AppleWebKit/537.36 (KHTML, like Gecko) Chrome/148.0.7778.96 Mobile Safari/537.36 (compatible; Googlebot/2.1; +http://www.google.com/bot.html)"
