74.7.241.50 - - [12/Jun/2026:04:04:12 +0700] "GET /wp-content/uploads/2024/05/may-mai-100mm-makita-9556hb-840w-1572583999-247x296.jpg HTTP/2" 200 15504 "https://www.pemcom.vn/san-pham/may-mai-goc-makita-9556hb-100mm/" "Mozilla/5.0 AppleWebKit/537.36 (KHTML, like Gecko; compatible; GPTBot/1.4; +https://openai.com/gptbot)"
74.7.241.50 - - [12/Jun/2026:04:04:13 +0700] "GET /wp-content/uploads/2025/09/may-duc-be-tong-dewalt-d25901k-1561439547.jpg HTTP/2" 200 131050 "https://www.pemcom.vn/san-pham/may-duc-be-tong-dewalt-d25901k-b1/" "Mozilla/5.0 AppleWebKit/537.36 (KHTML, like Gecko; compatible; GPTBot/1.4; +https://openai.com/gptbot)"
74.7.241.50 - - [12/Jun/2026:04:04:14 +0700] "GET /wp-content/uploads/2025/09/may-duc-be-tong-dewalt-d25901k-1561439547-510x510.jpg HTTP/2" 200 22175 "https://www.pemcom.vn/san-pham/may-duc-be-tong-dewalt-d25901k-b1/" "Mozilla/5.0 AppleWebKit/537.36 (KHTML, like Gecko; compatible; GPTBot/1.4; +https://openai.com/gptbot)"
74.7.243.201 - - [12/Jun/2026:04:04:11 +0700] "GET /danh-muc-san-pham/may-bom/may-bom-hoi/?path=/var/www/vhosts/dienmaychuyennghiep.com/usr/lib64 HTTP/2" 200 57851 "https://www.dienmaychuyennghiep.com/danh-muc-san-pham/may-bom/may-bom-hoi/?path=/var/www/vhosts/dienmaychuyennghiep.com/usr" "Mozilla/5.0 AppleWebKit/537.36 (KHTML, like Gecko; compatible; GPTBot/1.4; +https://openai.com/gptbot)"
74.7.241.50 - - [12/Jun/2026:04:04:14 +0700] "GET /wp-content/uploads/2024/05/may-mai-goc-makita-9556hb-100mm840wcong-tac-duoi-1.jpg.webp HTTP/2" 200 47972 "https://www.pemcom.vn/san-pham/may-mai-goc-makita-9556hb-100mm/" "Mozilla/5.0 AppleWebKit/537.36 (KHTML, like Gecko; compatible; GPTBot/1.4; +https://openai.com/gptbot)"
74.7.241.50 - - [12/Jun/2026:04:04:15 +0700] "GET /wp-content/uploads/2024/05/may-mai-100mm-makita-9556hb-840w-1572583999.jpg HTTP/2" 200 101192 "https://www.pemcom.vn/san-pham/may-mai-goc-makita-9556hb-100mm/" "Mozilla/5.0 AppleWebKit/537.36 (KHTML, like Gecko; compatible; GPTBot/1.4; +https://openai.com/gptbot)"
74.7.241.50 - - [12/Jun/2026:04:04:15 +0700] "GET /wp-content/uploads/2024/05/makita_9556hb_1_0806e83873fa4fdfa394445cb096474b.webp HTTP/2" 200 54574 "https://www.pemcom.vn/san-pham/may-mai-goc-makita-9556hb-100mm/" "Mozilla/5.0 AppleWebKit/537.36 (KHTML, like Gecko; compatible; GPTBot/1.4; +https://openai.com/gptbot)"
148.113.130.36 - - [12/Jun/2026:04:04:15 +0700] "GET /products/46497290487 HTTP/2" 200 19519 "-" "Mozilla/5.0 (compatible; AhrefsBot/7.0; +http://ahrefs.com/robot/)"
74.7.241.50 - - [12/Jun/2026:04:04:16 +0700] "GET /wp-content/uploads/2024/05/may-mai-goc-makita-9556hb-100mm840wcong-tac-duoi-1.jpg-510x510.webp HTTP/2" 200 8932 "https://www.pemcom.vn/san-pham/may-mai-goc-makita-9556hb-100mm/" "Mozilla/5.0 AppleWebKit/537.36 (KHTML, like Gecko; compatible; GPTBot/1.4; +https://openai.com/gptbot)"
74.7.241.50 - - [12/Jun/2026:04:04:16 +0700] "GET /wp-content/uploads/2024/05/may-mai-goc-makita-9556hb-100mm840wcong-tac-duoi-1.jpg-247x296.webp HTTP/2" 200 4280 "https://www.pemcom.vn/san-pham/may-mai-goc-makita-9556hb-100mm/" "Mozilla/5.0 AppleWebKit/537.36 (KHTML, like Gecko; compatible; GPTBot/1.4; +https://openai.com/gptbot)"
54.39.6.49 - - [12/Jun/2026:04:04:15 +0700] "GET /products/4649728932 HTTP/2" 200 19756 "-" "Mozilla/5.0 (compatible; AhrefsBot/7.0; +http://ahrefs.com/robot/)"
74.7.241.50 - - [12/Jun/2026:04:04:17 +0700] "GET /wp-content/uploads/2024/05/makita_9556hb_1_0806e83873fa4fdfa394445cb096474b-510x340.webp HTTP/2" 200 15800 "https://www.pemcom.vn/san-pham/may-mai-goc-makita-9556hb-100mm/" "Mozilla/5.0 AppleWebKit/537.36 (KHTML, like Gecko; compatible; GPTBot/1.4; +https://openai.com/gptbot)"
74.7.243.201 - - [12/Jun/2026:04:04:15 +0700] "GET /san-pham/ship-your-idea-3/?path=/var/www/vhosts/dienmaychuyennghiep.com/httpdocs/wordpress HTTP/2" 200 58998 "https://www.dienmaychuyennghiep.com/san-pham/ship-your-idea-3/" "Mozilla/5.0 AppleWebKit/537.36 (KHTML, like Gecko; compatible; GPTBot/1.4; +https://openai.com/gptbot)"
74.7.241.50 - - [12/Jun/2026:04:04:17 +0700] "GET /wp-content/uploads/2025/09/DWB6800.jpg HTTP/2" 200 24308 "https://www.pemcom.vn/san-pham/may-thoi-khidewalt-dwb6800-b1/" "Mozilla/5.0 AppleWebKit/537.36 (KHTML, like Gecko; compatible; GPTBot/1.4; +https://openai.com/gptbot)"
74.7.241.50 - - [12/Jun/2026:04:04:18 +0700] "GET /wp-content/uploads/2024/06/GA9500NB.png HTTP/2" 200 712425 "https://www.pemcom.vn/san-pham/may-mai-goc-makita-9500nb-100mm/" "Mozilla/5.0 AppleWebKit/537.36 (KHTML, like Gecko; compatible; GPTBot/1.4; +https://openai.com/gptbot)"
74.7.241.50 - - [12/Jun/2026:04:04:19 +0700] "GET /wp-content/uploads/2024/06/9500NB-4.png HTTP/2" 200 425494 "https://www.pemcom.vn/san-pham/may-mai-goc-makita-9500nb-100mm/" "Mozilla/5.0 AppleWebKit/537.36 (KHTML, like Gecko; compatible; GPTBot/1.4; +https://openai.com/gptbot)"
74.7.241.50 - - [12/Jun/2026:04:04:20 +0700] "GET /wp-content/uploads/2024/06/9500NB-3.png HTTP/2" 200 440704 "https://www.pemcom.vn/san-pham/may-mai-goc-makita-9500nb-100mm/" "Mozilla/5.0 AppleWebKit/537.36 (KHTML, like Gecko; compatible; GPTBot/1.4; +https://openai.com/gptbot)"
74.7.243.201 - - [12/Jun/2026:04:04:17 +0700] "GET /san-pham/may-han-que-hong-ky-master-digital-hkm160d/?path=/var/www/vhosts HTTP/2" 200 61587 "https://www.dienmaychuyennghiep.com/san-pham/may-han-que-hong-ky-master-digital-hkm160d/" "Mozilla/5.0 AppleWebKit/537.36 (KHTML, like Gecko; compatible; GPTBot/1.4; +https://openai.com/gptbot)"
74.7.241.50 - - [12/Jun/2026:04:04:20 +0700] "GET /wp-content/uploads/2024/06/9500NB-1.png HTTP/2" 200 446089 "https://www.pemcom.vn/san-pham/may-mai-goc-makita-9500nb-100mm/" "Mozilla/5.0 AppleWebKit/537.36 (KHTML, like Gecko; compatible; GPTBot/1.4; +https://openai.com/gptbot)"
74.7.241.50 - - [12/Jun/2026:04:04:21 +0700] "GET /wp-content/uploads/2024/06/9500NB-1-247x296.png HTTP/2" 200 56014 "https://www.pemcom.vn/san-pham/may-mai-goc-makita-9500nb-100mm/" "Mozilla/5.0 AppleWebKit/537.36 (KHTML, like Gecko; compatible; GPTBot/1.4; +https://openai.com/gptbot)"
54.38.147.175 - - [12/Jun/2026:04:04:19 +0700] "GET /san-pham/may-cat-kim-loai-cong-nghe-ho-quang-plasma-cut60-l211-jasic/ HTTP/2" 200 63868 "-" "Mozilla/5.0 (compatible; AhrefsBot/7.0; +http://ahrefs.com/robot/)"
51.222.168.69 - - [12/Jun/2026:04:04:19 +0700] "GET /products/4649728926 HTTP/2" 200 19519 "-" "Mozilla/5.0 (compatible; AhrefsBot/7.0; +http://ahrefs.com/robot/)"
74.7.241.50 - - [12/Jun/2026:04:04:22 +0700] "GET /wp-content/uploads/2024/06/9500NB-3-247x296.png HTTP/2" 200 61295 "https://www.pemcom.vn/san-pham/may-mai-goc-makita-9500nb-100mm/" "Mozilla/5.0 AppleWebKit/537.36 (KHTML, like Gecko; compatible; GPTBot/1.4; +https://openai.com/gptbot)"
74.7.243.201 - - [12/Jun/2026:04:04:20 +0700] "GET /%22https:/dienmaychuyennghiep.com/wp-content/uploads/2025/08/may-mai-goc-dca-asm17-100_f6555f0ab89d4a6cb1235ca15d138afc.jpg/%22?filesrc=/var/www/vhosts/dienmaychuyennghiep.com/httpdocs/wp-content/plugins/woocommerce/assets/client/admin/product-editor/index.js&path=/var/www/vhosts/dienmaychuyennghiep.com/httpdocs/wp-content/plugins/woocommerce/assets/client/admin/product-editor HTTP/2" 200 207892 "https://www.dienmaychuyennghiep.com/%22https:/dienmaychuyennghiep.com/wp-content/uploads/2025/08/may-mai-goc-dca-asm17-100_f6555f0ab89d4a6cb1235ca15d138afc.jpg/%22?path=/var/www/vhosts/dienmaychuyennghiep.com/httpdocs/wp-content/plugins/woocommerce/assets/client/admin/product-editor" "Mozilla/5.0 AppleWebKit/537.36 (KHTML, like Gecko; compatible; GPTBot/1.4; +https://openai.com/gptbot)"
74.7.241.50 - - [12/Jun/2026:04:04:22 +0700] "GET /wp-content/uploads/2024/06/9500NB-1-510x510.png HTTP/2" 200 142175 "https://www.pemcom.vn/san-pham/may-mai-goc-makita-9500nb-100mm/" "Mozilla/5.0 AppleWebKit/537.36 (KHTML, like Gecko; compatible; GPTBot/1.4; +https://openai.com/gptbot)"
103.138.88.26 - - [12/Jun/2026:04:04:22 +0700] "POST /wp-cron.php?doing_wp_cron=1781211862.1141269207000732421875 HTTP/1.1" 200 474 "-" "WordPress/7.0; https://www.dienmaychuyennghiep.com"
47.128.121.79 - - [12/Jun/2026:04:04:19 +0700] "GET /danh-muc-san-pham/may-cam-tay/page/10/?path=%2Fvar%2Fwww%2Fvhosts%2Fdienmaychuyennghiep.com%2F.clwpos HTTP/2" 200 58702 "-" "Mozilla/5.0 (Linux; Android 5.0) AppleWebKit/537.36 (KHTML, like Gecko) Mobile Safari/537.36 (compatible; TikTokSpider; ttspider-feedback@tiktok.com)"
51.222.168.119 - - [12/Jun/2026:04:04:22 +0700] "GET /products/46497288313 HTTP/2" 200 19519 "-" "Mozilla/5.0 (compatible; AhrefsBot/7.0; +http://ahrefs.com/robot/)"
74.7.241.50 - - [12/Jun/2026:04:04:23 +0700] "GET /wp-content/uploads/2024/05/9553-5-247x296.png HTTP/2" 200 47672 "https://www.pemcom.vn/san-pham/may-mai-goc-makita-9553nb-100mm/" "Mozilla/5.0 AppleWebKit/537.36 (KHTML, like Gecko; compatible; GPTBot/1.4; +https://openai.com/gptbot)"
74.7.241.50 - - [12/Jun/2026:04:04:23 +0700] "GET /wp-content/uploads/2024/06/7061R-2-100x100.png HTTP/2" 200 12117 "https://www.pemcom.vn/san-pham/may-mai-goc-makita-9500nb-100mm/" "Mozilla/5.0 AppleWebKit/537.36 (KHTML, like Gecko; compatible; GPTBot/1.4; +https://openai.com/gptbot)"
74.7.243.201 - - [12/Jun/2026:04:04:22 +0700] "GET /%22https:/dienmaychuyennghiep.com/wp-content/uploads/2025/08/may-mai-goc-dca-asm17-100_f6555f0ab89d4a6cb1235ca15d138afc.jpg/%22?filesrc=/var/www/vhosts/dienmaychuyennghiep.com/httpdocs/wp-content/plugins/woocommerce/assets/client/admin/product-editor/blocks/index.js&path=/var/www/vhosts/dienmaychuyennghiep.com/httpdocs/wp-content/plugins/woocommerce/assets/client/admin/product-editor/blocks HTTP/2" 200 20059 "https://www.dienmaychuyennghiep.com/%22https:/dienmaychuyennghiep.com/wp-content/uploads/2025/08/may-mai-goc-dca-asm17-100_f6555f0ab89d4a6cb1235ca15d138afc.jpg/%22?path=/var/www/vhosts/dienmaychuyennghiep.com/httpdocs/wp-content/plugins/woocommerce/assets/client/admin/product-editor/blocks" "Mozilla/5.0 AppleWebKit/537.36 (KHTML, like Gecko; compatible; GPTBot/1.4; +https://openai.com/gptbot)"
74.7.241.50 - - [12/Jun/2026:04:04:24 +0700] "GET /wp-content/uploads/2024/05/9553-2-247x296.png HTTP/2" 200 67463 "https://www.pemcom.vn/san-pham/may-mai-goc-makita-9553nb-100mm/" "Mozilla/5.0 AppleWebKit/537.36 (KHTML, like Gecko; compatible; GPTBot/1.4; +https://openai.com/gptbot)"
74.7.241.50 - - [12/Jun/2026:04:04:24 +0700] "GET /wp-content/uploads/2024/05/9553-4-510x510.png HTTP/2" 200 154795 "https://www.pemcom.vn/san-pham/may-mai-goc-makita-9553nb-100mm/" "Mozilla/5.0 AppleWebKit/537.36 (KHTML, like Gecko; compatible; GPTBot/1.4; +https://openai.com/gptbot)"
74.7.241.50 - - [12/Jun/2026:04:04:25 +0700] "GET /wp-content/uploads/2024/05/9553-2-510x510.png HTTP/2" 200 186427 "https://www.pemcom.vn/san-pham/may-mai-goc-makita-9553nb-100mm/" "Mozilla/5.0 AppleWebKit/537.36 (KHTML, like Gecko; compatible; GPTBot/1.4; +https://openai.com/gptbot)"
74.7.243.201 - - [12/Jun/2026:04:04:24 +0700] "GET /%22https:/dienmaychuyennghiep.com/wp-content/uploads/2025/07/PLA-H-7534.jpg/%22?path=/var/www HTTP/2" 200 18561 "https://www.dienmaychuyennghiep.com/%22https:/dienmaychuyennghiep.com/wp-content/uploads/2025/07/PLA-H-7534.jpg/%22" "Mozilla/5.0 AppleWebKit/537.36 (KHTML, like Gecko; compatible; GPTBot/1.4; +https://openai.com/gptbot)"
74.7.241.50 - - [12/Jun/2026:04:04:25 +0700] "GET /wp-content/uploads/2024/05/9553-3-510x510.png HTTP/2" 200 283227 "https://www.pemcom.vn/san-pham/may-mai-goc-makita-9553nb-100mm/" "Mozilla/5.0 AppleWebKit/537.36 (KHTML, like Gecko; compatible; GPTBot/1.4; +https://openai.com/gptbot)"
40.77.167.49 - - [12/Jun/2026:04:04:25 +0700] "GET /wp-content/uploads/2024/06/GWS-17-125s-6-100x100.png HTTP/2" 200 15444 "-" "Mozilla/5.0 AppleWebKit/537.36 (KHTML, like Gecko; compatible; bingbot/2.0; +http://www.bing.com/bingbot.htm) Chrome/116.0.1938.76 Safari/537.36"
74.7.241.50 - - [12/Jun/2026:04:04:26 +0700] "GET /wp-content/uploads/2024/05/9553-1-510x510.png HTTP/2" 200 373750 "https://www.pemcom.vn/san-pham/may-mai-goc-makita-9553nb-100mm/" "Mozilla/5.0 AppleWebKit/537.36 (KHTML, like Gecko; compatible; GPTBot/1.4; +https://openai.com/gptbot)"
74.7.241.50 - - [12/Jun/2026:04:04:26 +0700] "GET /wp-content/uploads/2024/06/9500NB-4-510x510.png HTTP/2" 200 125740 "https://www.pemcom.vn/san-pham/may-mai-goc-makita-9500nb-100mm/" "Mozilla/5.0 AppleWebKit/537.36 (KHTML, like Gecko; compatible; GPTBot/1.4; +https://openai.com/gptbot)"
74.7.241.50 - - [12/Jun/2026:04:04:27 +0700] "GET /wp-content/uploads/2024/06/9500NB-3-510x510.png HTTP/2" 200 144493 "https://www.pemcom.vn/san-pham/may-mai-goc-makita-9500nb-100mm/" "Mozilla/5.0 AppleWebKit/537.36 (KHTML, like Gecko; compatible; GPTBot/1.4; +https://openai.com/gptbot)"
198.244.240.199 - - [12/Jun/2026:04:04:23 +0700] "GET /san-pham/may-thoi-la-dung-pin-dewalt-dcmba572n-xj/ HTTP/2" 200 62713 "-" "Mozilla/5.0 (compatible; AhrefsBot/7.0; +http://ahrefs.com/robot/)"
142.44.233.92 - - [12/Jun/2026:04:04:25 +0700] "GET /products/46497285405 HTTP/2" 200 19519 "-" "Mozilla/5.0 (compatible; AhrefsBot/7.0; +http://ahrefs.com/robot/)"
74.7.241.50 - - [12/Jun/2026:04:04:27 +0700] "GET /wp-content/uploads/2024/05/9553-4-247x296.png HTTP/2" 200 58244 "https://www.pemcom.vn/san-pham/may-mai-goc-makita-9553nb-100mm/" "Mozilla/5.0 AppleWebKit/537.36 (KHTML, like Gecko; compatible; GPTBot/1.4; +https://openai.com/gptbot)"
74.7.241.50 - - [12/Jun/2026:04:04:28 +0700] "GET /wp-content/uploads/2024/05/9553-1-247x296.png HTTP/2" 200 114185 "https://www.pemcom.vn/san-pham/may-mai-goc-makita-9553nb-100mm/" "Mozilla/5.0 AppleWebKit/537.36 (KHTML, like Gecko; compatible; GPTBot/1.4; +https://openai.com/gptbot)"
74.7.243.201 - - [12/Jun/2026:04:04:25 +0700] "GET /san-pham/may-duc-bosch-gsh-3e/?path=/var/www/vhosts/dienmaychuyennghiep.com/httpdocs/wordpress HTTP/2" 200 61966 "https://www.dienmaychuyennghiep.com/san-pham/may-duc-bosch-gsh-3e/" "Mozilla/5.0 AppleWebKit/537.36 (KHTML, like Gecko; compatible; GPTBot/1.4; +https://openai.com/gptbot)"
74.7.241.50 - - [12/Jun/2026:04:04:29 +0700] "GET /wp-content/uploads/2024/05/9553-3-247x296.png HTTP/2" 200 107481 "https://www.pemcom.vn/san-pham/may-mai-goc-makita-9553nb-100mm/" "Mozilla/5.0 AppleWebKit/537.36 (KHTML, like Gecko; compatible; GPTBot/1.4; +https://openai.com/gptbot)"
74.7.241.50 - - [12/Jun/2026:04:04:29 +0700] "GET /wp-content/uploads/2024/06/DWE4119-B1-6-247x296.png HTTP/2" 200 45672 "https://www.pemcom.vn/san-pham/may-mai-cam-tay-dewalt-dwe4119-b1/" "Mozilla/5.0 AppleWebKit/537.36 (KHTML, like Gecko; compatible; GPTBot/1.4; +https://openai.com/gptbot)"
74.7.241.50 - - [12/Jun/2026:04:04:30 +0700] "GET /wp-content/uploads/2024/06/DWE4119-B1-4-247x296.png HTTP/2" 200 62645 "https://www.pemcom.vn/san-pham/may-mai-cam-tay-dewalt-dwe4119-b1/" "Mozilla/5.0 AppleWebKit/537.36 (KHTML, like Gecko; compatible; GPTBot/1.4; +https://openai.com/gptbot)"
74.7.241.50 - - [12/Jun/2026:04:04:30 +0700] "GET /wp-content/uploads/2024/05/9553-5-510x510.png HTTP/2" 200 114158 "https://www.pemcom.vn/san-pham/may-mai-goc-makita-9553nb-100mm/" "Mozilla/5.0 AppleWebKit/537.36 (KHTML, like Gecko; compatible; GPTBot/1.4; +https://openai.com/gptbot)"
74.7.241.50 - - [12/Jun/2026:04:04:31 +0700] "GET /wp-content/uploads/2025/09/DWB6800-510x317.jpg HTTP/2" 200 15606 "https://www.pemcom.vn/san-pham/may-thoi-khidewalt-dwb6800-b1/" "Mozilla/5.0 AppleWebKit/537.36 (KHTML, like Gecko; compatible; GPTBot/1.4; +https://openai.com/gptbot)"
74.7.241.50 - - [12/Jun/2026:04:04:31 +0700] "GET /wp-content/uploads/2024/06/DWE4118-B1-6-510x510.png HTTP/2" 200 115848 "https://www.pemcom.vn/san-pham/may-mai-cam-tay-dewalt-dwe4118-b1/" "Mozilla/5.0 AppleWebKit/537.36 (KHTML, like Gecko; compatible; GPTBot/1.4; +https://openai.com/gptbot)"
142.44.228.132 - - [12/Jun/2026:04:04:29 +0700] "GET /products/46497284023 HTTP/2" 200 19519 "-" "Mozilla/5.0 (compatible; AhrefsBot/7.0; +http://ahrefs.com/robot/)"
74.7.243.201 - - [12/Jun/2026:04:04:29 +0700] "GET /danh-muc-san-pham/dung-cu-cam-tay/co-le-mo-let/mo-let-rang/?filesrc=/var/www/vhosts/dienmaychuyennghiep.com/error_docs/unauthorized.html&path=/var/www/vhosts/dienmaychuyennghiep.com/error_docs HTTP/2" 200 55155 "https://www.dienmaychuyennghiep.com/danh-muc-san-pham/dung-cu-cam-tay/co-le-mo-let/mo-let-rang/?path=/var/www/vhosts/dienmaychuyennghiep.com/error_docs" "Mozilla/5.0 AppleWebKit/537.36 (KHTML, like Gecko; compatible; GPTBot/1.4; +https://openai.com/gptbot)"
74.7.241.50 - - [12/Jun/2026:04:04:32 +0700] "GET /wp-content/uploads/2024/06/DWE4118-B1-4-510x510.png HTTP/2" 200 166746 "https://www.pemcom.vn/san-pham/may-mai-cam-tay-dewalt-dwe4118-b1/" "Mozilla/5.0 AppleWebKit/537.36 (KHTML, like Gecko; compatible; GPTBot/1.4; +https://openai.com/gptbot)"
74.7.241.50 - - [12/Jun/2026:04:04:32 +0700] "GET /wp-content/uploads/2024/06/DWE4119-B1-6-510x510.png HTTP/2" 200 115848 "https://www.pemcom.vn/san-pham/may-mai-cam-tay-dewalt-dwe4119-b1/" "Mozilla/5.0 AppleWebKit/537.36 (KHTML, like Gecko; compatible; GPTBot/1.4; +https://openai.com/gptbot)"
74.7.241.50 - - [12/Jun/2026:04:04:33 +0700] "GET /wp-content/uploads/2024/06/DWE4118-B1-5-510x510.png HTTP/2" 200 145038 "https://www.pemcom.vn/san-pham/may-mai-cam-tay-dewalt-dwe4118-b1/" "Mozilla/5.0 AppleWebKit/537.36 (KHTML, like Gecko; compatible; GPTBot/1.4; +https://openai.com/gptbot)"
74.7.241.50 - - [12/Jun/2026:04:04:33 +0700] "GET /wp-content/uploads/2024/06/DWE4119-B1-5-510x510.png HTTP/2" 200 145038 "https://www.pemcom.vn/san-pham/may-mai-cam-tay-dewalt-dwe4119-b1/" "Mozilla/5.0 AppleWebKit/537.36 (KHTML, like Gecko; compatible; GPTBot/1.4; +https://openai.com/gptbot)"
74.7.241.50 - - [12/Jun/2026:04:04:34 +0700] "GET /wp-content/uploads/2024/06/DWE4118-B1-2-510x510.png HTTP/2" 200 153649 "https://www.pemcom.vn/san-pham/may-mai-cam-tay-dewalt-dwe4118-b1/" "Mozilla/5.0 AppleWebKit/537.36 (KHTML, like Gecko; compatible; GPTBot/1.4; +https://openai.com/gptbot)"
74.7.241.50 - - [12/Jun/2026:04:04:35 +0700] "GET /wp-content/uploads/2024/06/DWE4119-B1-4-510x510.png HTTP/2" 200 166746 "https://www.pemcom.vn/san-pham/may-mai-cam-tay-dewalt-dwe4119-b1/" "Mozilla/5.0 AppleWebKit/537.36 (KHTML, like Gecko; compatible; GPTBot/1.4; +https://openai.com/gptbot)"
74.7.241.50 - - [12/Jun/2026:04:04:35 +0700] "GET /wp-content/uploads/2024/06/DWE-8200S-B1-1-100x100.png HTTP/2" 200 12274 "https://www.pemcom.vn/san-pham/may-mai-cam-tay-dewalt-dwe4118-b1/" "Mozilla/5.0 AppleWebKit/537.36 (KHTML, like Gecko; compatible; GPTBot/1.4; +https://openai.com/gptbot)"
74.7.243.201 - - [12/Jun/2026:04:04:32 +0700] "GET /danh-muc-san-pham/dung-cu-cam-tay/co-le-mo-let/co-le-dong/?filesrc=/var/www/vhosts/dienmaychuyennghiep.com/error_docs/unauthorized.html&path=/var/www/vhosts/dienmaychuyennghiep.com/error_docs HTTP/2" 200 55148 "https://www.dienmaychuyennghiep.com/danh-muc-san-pham/dung-cu-cam-tay/co-le-mo-let/co-le-dong/?path=/var/www/vhosts/dienmaychuyennghiep.com/error_docs" "Mozilla/5.0 AppleWebKit/537.36 (KHTML, like Gecko; compatible; GPTBot/1.4; +https://openai.com/gptbot)"
51.161.37.231 - - [12/Jun/2026:04:04:34 +0700] "GET /products/46497279188 HTTP/2" 200 19756 "-" "Mozilla/5.0 (compatible; AhrefsBot/7.0; +http://ahrefs.com/robot/)"
74.7.241.50 - - [12/Jun/2026:04:04:36 +0700] "GET /wp-content/uploads/2024/06/DWE4118-B1-2-247x296.png HTTP/2" 200 55594 "https://www.pemcom.vn/san-pham/may-mai-cam-tay-dewalt-dwe4118-b1/" "Mozilla/5.0 AppleWebKit/537.36 (KHTML, like Gecko; compatible; GPTBot/1.4; +https://openai.com/gptbot)"
74.7.241.50 - - [12/Jun/2026:04:04:36 +0700] "GET /wp-content/uploads/2024/06/DWE4118-B1-5-247x296.png HTTP/2" 200 57459 "https://www.pemcom.vn/san-pham/may-mai-cam-tay-dewalt-dwe4118-b1/" "Mozilla/5.0 AppleWebKit/537.36 (KHTML, like Gecko; compatible; GPTBot/1.4; +https://openai.com/gptbot)"
74.7.241.50 - - [12/Jun/2026:04:04:37 +0700] "GET /wp-content/uploads/2024/06/DWE4118-B1-4-247x296.png HTTP/2" 200 62645 "https://www.pemcom.vn/san-pham/may-mai-cam-tay-dewalt-dwe4118-b1/" "Mozilla/5.0 AppleWebKit/537.36 (KHTML, like Gecko; compatible; GPTBot/1.4; +https://openai.com/gptbot)"
74.7.241.50 - - [12/Jun/2026:04:04:37 +0700] "GET /wp-content/uploads/2024/06/DWE4119-B1-5-247x296.png HTTP/2" 200 57459 "https://www.pemcom.vn/san-pham/may-mai-cam-tay-dewalt-dwe4119-b1/" "Mozilla/5.0 AppleWebKit/537.36 (KHTML, like Gecko; compatible; GPTBot/1.4; +https://openai.com/gptbot)"
74.7.241.50 - - [12/Jun/2026:04:04:38 +0700] "GET /wp-content/uploads/2024/05/9553NB.png HTTP/2" 200 267817 "https://www.pemcom.vn/san-pham/may-mai-goc-makita-9553nb-100mm/" "Mozilla/5.0 AppleWebKit/537.36 (KHTML, like Gecko; compatible; GPTBot/1.4; +https://openai.com/gptbot)"
74.7.243.201 - - [12/Jun/2026:04:04:36 +0700] "GET /danh-muc-san-pham/dung-cu-cam-tay/co-le-mo-let/co-le-vong-mieng/?filesrc=/var/www/vhosts/dienmaychuyennghiep.com/error_docs/unauthorized.html&path=/var/www/vhosts/dienmaychuyennghiep.com/error_docs HTTP/2" 200 55159 "https://www.dienmaychuyennghiep.com/danh-muc-san-pham/dung-cu-cam-tay/co-le-mo-let/co-le-vong-mieng/?path=/var/www/vhosts/dienmaychuyennghiep.com/error_docs" "Mozilla/5.0 AppleWebKit/537.36 (KHTML, like Gecko; compatible; GPTBot/1.4; +https://openai.com/gptbot)"
51.161.65.130 - - [12/Jun/2026:04:04:37 +0700] "GET /products/4649727529 HTTP/2" 200 19519 "-" "Mozilla/5.0 (compatible; AhrefsBot/7.0; +http://ahrefs.com/robot/)"
74.7.241.50 - - [12/Jun/2026:04:04:39 +0700] "GET /wp-content/uploads/2024/06/DWE4119-B1-3-510x510.png HTTP/2" 200 122346 "https://www.pemcom.vn/san-pham/may-mai-cam-tay-dewalt-dwe4119-b1/" "Mozilla/5.0 AppleWebKit/537.36 (KHTML, like Gecko; compatible; GPTBot/1.4; +https://openai.com/gptbot)"
74.7.241.50 - - [12/Jun/2026:04:04:39 +0700] "GET /wp-content/uploads/2024/06/DWE4118-B1-3-510x510.png HTTP/2" 200 122346 "https://www.pemcom.vn/san-pham/may-mai-cam-tay-dewalt-dwe4118-b1/" "Mozilla/5.0 AppleWebKit/537.36 (KHTML, like Gecko; compatible; GPTBot/1.4; +https://openai.com/gptbot)"
74.7.241.50 - - [12/Jun/2026:04:04:40 +0700] "GET /wp-content/uploads/2024/06/DWE4118-B1-3.png HTTP/2" 200 389126 "https://www.pemcom.vn/san-pham/may-mai-cam-tay-dewalt-dwe4118-b1/" "Mozilla/5.0 AppleWebKit/537.36 (KHTML, like Gecko; compatible; GPTBot/1.4; +https://openai.com/gptbot)"
74.7.241.50 - - [12/Jun/2026:04:04:40 +0700] "GET /wp-content/uploads/2024/06/DWE4119-B1-3.png HTTP/2" 200 389126 "https://www.pemcom.vn/san-pham/may-mai-cam-tay-dewalt-dwe4119-b1/" "Mozilla/5.0 AppleWebKit/537.36 (KHTML, like Gecko; compatible; GPTBot/1.4; +https://openai.com/gptbot)"
178.121.133.110 - - [12/Jun/2026:04:04:37 +0700] "GET /tu-khoa-san-pham/stanley/?path=/var/www/vhosts/dienmaychuyennghiep.com HTTP/1.1" 200 59455 "https://dienmaychuyennghiep.com/tu-khoa-san-pham/stanley/" "Mozilla/5.0 (Linux; Android 14; M2102J24) AppleWebKit/537.36 (KHTML, like Gecko) Chrome/142.0.5760.19 Mobile Safari/537.36"
74.7.241.50 - - [12/Jun/2026:04:04:41 +0700] "GET /wp-content/uploads/2024/06/DWE4119-B1-5.png HTTP/2" 200 508039 "https://www.pemcom.vn/san-pham/may-mai-cam-tay-dewalt-dwe4119-b1/" "Mozilla/5.0 AppleWebKit/537.36 (KHTML, like Gecko; compatible; GPTBot/1.4; +https://openai.com/gptbot)"
74.7.241.50 - - [12/Jun/2026:04:04:41 +0700] "GET /wp-content/uploads/2024/06/DWE4118-B1-5.png HTTP/2" 200 508039 "https://www.pemcom.vn/san-pham/may-mai-cam-tay-dewalt-dwe4118-b1/" "Mozilla/5.0 AppleWebKit/537.36 (KHTML, like Gecko; compatible; GPTBot/1.4; +https://openai.com/gptbot)"
52.167.144.150 - - [12/Jun/2026:04:04:38 +0700] "GET /san-pham/may-van-vit-dung-pin-dewalt-dcf850n-b1/ HTTP/2" 200 62611 "-" "Mozilla/5.0 AppleWebKit/537.36 (KHTML, like Gecko; compatible; bingbot/2.0; +http://www.bing.com/bingbot.htm) Chrome/116.0.1938.76 Safari/537.36"
74.7.243.201 - - [12/Jun/2026:04:04:39 +0700] "GET /danh-muc-san-pham/may-xang/may-xang-khac/?filesrc=/var/www/vhosts/dienmaychuyennghiep.com/lib64/libnss_compat.so.2&path=/var/www/vhosts/dienmaychuyennghiep.com/lib64 HTTP/2" 200 69082 "https://www.dienmaychuyennghiep.com/danh-muc-san-pham/may-xang/may-xang-khac/?path=/var/www/vhosts/dienmaychuyennghiep.com/lib64" "Mozilla/5.0 AppleWebKit/537.36 (KHTML, like Gecko; compatible; GPTBot/1.4; +https://openai.com/gptbot)"
74.7.241.50 - - [12/Jun/2026:04:04:42 +0700] "GET /wp-content/uploads/2024/06/GA7020-1.png HTTP/2" 200 325430 "https://www.pemcom.vn/san-pham/may-mai-goc-makita-ga7020-180mm/" "Mozilla/5.0 AppleWebKit/537.36 (KHTML, like Gecko; compatible; GPTBot/1.4; +https://openai.com/gptbot)"
74.7.241.50 - - [12/Jun/2026:04:04:42 +0700] "GET /wp-content/uploads/2024/06/HR2600-5.png HTTP/2" 200 527741 "https://www.pemcom.vn/san-pham/may-khoan-bua-800w-makita-hr2600/" "Mozilla/5.0 AppleWebKit/537.36 (KHTML, like Gecko; compatible; GPTBot/1.4; +https://openai.com/gptbot)"
54.39.136.74 - - [12/Jun/2026:04:04:40 +0700] "GET /products/46497269234 HTTP/2" 200 19519 "-" "Mozilla/5.0 (compatible; AhrefsBot/7.0; +http://ahrefs.com/robot/)"
74.7.241.50 - - [12/Jun/2026:04:04:43 +0700] "GET /wp-content/uploads/2024/06/GA7020-3.png HTTP/2" 200 330587 "https://www.pemcom.vn/san-pham/may-mai-goc-makita-ga7020-180mm/" "Mozilla/5.0 AppleWebKit/537.36 (KHTML, like Gecko; compatible; GPTBot/1.4; +https://openai.com/gptbot)"
85.76.118.198 - - [12/Jun/2026:04:04:41 +0700] "GET /san-pham/may-mai-goc-makita-m9000b/?path=%2Fvar HTTP/2" 200 61795 "-" "Mozilla/5.0 (Linux; Android 8.0; Pixel 2 Build/OPD3.170816.012) AppleWebKit/537.36 (KHTML, like Gecko) Chrome/53.0.6422.1783 Mobile Safari/537.36"
74.7.241.50 - - [12/Jun/2026:04:04:44 +0700] "GET /wp-content/uploads/2024/06/GA7020-4.png HTTP/2" 200 600125 "https://www.pemcom.vn/san-pham/may-mai-goc-makita-ga7020-180mm/" "Mozilla/5.0 AppleWebKit/537.36 (KHTML, like Gecko; compatible; GPTBot/1.4; +https://openai.com/gptbot)"
74.7.241.50 - - [12/Jun/2026:04:04:44 +0700] "GET /wp-content/uploads/2024/06/HR2600-3.png HTTP/2" 200 786636 "https://www.pemcom.vn/san-pham/may-khoan-bua-800w-makita-hr2600/" "Mozilla/5.0 AppleWebKit/537.36 (KHTML, like Gecko; compatible; GPTBot/1.4; +https://openai.com/gptbot)"
74.7.241.50 - - [12/Jun/2026:04:04:45 +0700] "GET /wp-content/uploads/2024/05/9553-1.png HTTP/2" 200 570286 "https://www.pemcom.vn/san-pham/may-mai-goc-makita-9553nb-100mm/" "Mozilla/5.0 AppleWebKit/537.36 (KHTML, like Gecko; compatible; GPTBot/1.4; +https://openai.com/gptbot)"
74.7.243.201 - - [12/Jun/2026:04:04:42 +0700] "GET /danh-muc-san-pham/may-bom/may-bom-hoi/?filesrc=/var/www/vhosts/dienmaychuyennghiep.com/usr/lib64/libgmp.so.10&path=/var/www/vhosts/dienmaychuyennghiep.com/usr/lib64 HTTP/2" 200 319899 "https://www.dienmaychuyennghiep.com/danh-muc-san-pham/may-bom/may-bom-hoi/?path=/var/www/vhosts/dienmaychuyennghiep.com/usr/lib64" "Mozilla/5.0 AppleWebKit/537.36 (KHTML, like Gecko; compatible; GPTBot/1.4; +https://openai.com/gptbot)"
74.7.241.50 - - [12/Jun/2026:04:04:45 +0700] "GET /wp-content/uploads/2024/06/HR2600-2.png HTTP/2" 200 458568 "https://www.pemcom.vn/san-pham/may-khoan-bua-800w-makita-hr2600/" "Mozilla/5.0 AppleWebKit/537.36 (KHTML, like Gecko; compatible; GPTBot/1.4; +https://openai.com/gptbot)"
51.161.37.227 - - [12/Jun/2026:04:04:44 +0700] "GET /products/46497265865 HTTP/2" 200 19756 "-" "Mozilla/5.0 (compatible; AhrefsBot/7.0; +http://ahrefs.com/robot/)"
74.7.241.50 - - [12/Jun/2026:04:04:46 +0700] "GET /wp-content/uploads/2024/06/HR2600-6.png HTTP/2" 200 800642 "https://www.pemcom.vn/san-pham/may-khoan-bua-800w-makita-hr2600/" "Mozilla/5.0 AppleWebKit/537.36 (KHTML, like Gecko; compatible; GPTBot/1.4; +https://openai.com/gptbot)"
74.7.241.50 - - [12/Jun/2026:04:04:46 +0700] "GET /wp-content/uploads/2024/06/HR2600-4.png HTTP/2" 200 561822 "https://www.pemcom.vn/san-pham/may-khoan-bua-800w-makita-hr2600/" "Mozilla/5.0 AppleWebKit/537.36 (KHTML, like Gecko; compatible; GPTBot/1.4; +https://openai.com/gptbot)"
74.7.241.50 - - [12/Jun/2026:04:04:47 +0700] "GET /wp-content/uploads/2024/05/9553-3.png HTTP/2" 200 379511 "https://www.pemcom.vn/san-pham/may-mai-goc-makita-9553nb-100mm/" "Mozilla/5.0 AppleWebKit/537.36 (KHTML, like Gecko; compatible; GPTBot/1.4; +https://openai.com/gptbot)"
74.7.241.50 - - [12/Jun/2026:04:04:47 +0700] "GET /wp-content/uploads/2024/05/9553-5.png HTTP/2" 200 149212 "https://www.pemcom.vn/san-pham/may-mai-goc-makita-9553nb-100mm/" "Mozilla/5.0 AppleWebKit/537.36 (KHTML, like Gecko; compatible; GPTBot/1.4; +https://openai.com/gptbot)"
47.128.121.65 - - [12/Jun/2026:04:04:44 +0700] "GET /san-pham/may-mai-goc-makita-m9000b/?path=%2Fvar%2Fwww%2Fvhosts%2Fdienmaychuyennghiep.com%2Flib64 HTTP/2" 200 64245 "-" "Mozilla/5.0 (Linux; Android 5.0) AppleWebKit/537.36 (KHTML, like Gecko) Mobile Safari/537.36 (compatible; TikTokSpider; ttspider-feedback@tiktok.com)"
51.161.37.244 - - [12/Jun/2026:04:04:46 +0700] "GET /products/46497265743 HTTP/2" 200 19519 "-" "Mozilla/5.0 (compatible; AhrefsBot/7.0; +http://ahrefs.com/robot/)"
74.7.241.50 - - [12/Jun/2026:04:04:48 +0700] "GET /wp-content/uploads/2024/05/9553-4.png HTTP/2" 200 221225 "https://www.pemcom.vn/san-pham/may-mai-goc-makita-9553nb-100mm/" "Mozilla/5.0 AppleWebKit/537.36 (KHTML, like Gecko; compatible; GPTBot/1.4; +https://openai.com/gptbot)"
74.7.241.50 - - [12/Jun/2026:04:04:48 +0700] "GET /wp-content/uploads/2024/05/9553-2.png HTTP/2" 200 263981 "https://www.pemcom.vn/san-pham/may-mai-goc-makita-9553nb-100mm/" "Mozilla/5.0 AppleWebKit/537.36 (KHTML, like Gecko; compatible; GPTBot/1.4; +https://openai.com/gptbot)"
74.7.243.201 - - [12/Jun/2026:04:04:46 +0700] "GET /danh-muc-san-pham/may-xang/may-xang-khac/?filesrc=/var/www/vhosts/dienmaychuyennghiep.com/lib64/libc.so.6&path=/var/www/vhosts/dienmaychuyennghiep.com/lib64 HTTP/2" 200 839120 "https://www.dienmaychuyennghiep.com/danh-muc-san-pham/may-xang/may-xang-khac/?path=/var/www/vhosts/dienmaychuyennghiep.com/lib64" "Mozilla/5.0 AppleWebKit/537.36 (KHTML, like Gecko; compatible; GPTBot/1.4; +https://openai.com/gptbot)"
74.7.241.50 - - [12/Jun/2026:04:04:49 +0700] "GET /wp-content/uploads/2024/06/DWE4118-B1-3-100x100.png HTTP/2" 200 10203 "https://www.pemcom.vn/san-pham/may-mai-cam-tay-dewalt-dwe4119-b1/" "Mozilla/5.0 AppleWebKit/537.36 (KHTML, like Gecko; compatible; GPTBot/1.4; +https://openai.com/gptbot)"
74.7.241.50 - - [12/Jun/2026:04:04:49 +0700] "GET /wp-content/uploads/2024/07/MT980KX2-6-247x296.png HTTP/2" 200 68307 "https://www.pemcom.vn/san-pham/may-mai-goc-makita-9556hb-100mm/" "Mozilla/5.0 AppleWebKit/537.36 (KHTML, like Gecko; compatible; GPTBot/1.4; +https://openai.com/gptbot)"
74.7.241.50 - - [12/Jun/2026:04:04:50 +0700] "GET /wp-content/uploads/2024/06/DWE4119-B1-510x510.png HTTP/2" 200 190075 "https://www.pemcom.vn/san-pham/may-mai-cam-tay-dewalt-dwe4119-b1/" "Mozilla/5.0 AppleWebKit/537.36 (KHTML, like Gecko; compatible; GPTBot/1.4; +https://openai.com/gptbot)"
54.39.210.178 - - [12/Jun/2026:04:04:48 +0700] "GET /products/46497263126 HTTP/2" 200 19519 "-" "Mozilla/5.0 (compatible; AhrefsBot/7.0; +http://ahrefs.com/robot/)"
74.7.241.50 - - [12/Jun/2026:04:04:51 +0700] "GET /wp-content/uploads/2024/06/DWE4118-B1-6.png HTTP/2" 200 408667 "https://www.pemcom.vn/san-pham/may-mai-cam-tay-dewalt-dwe4118-b1/" "Mozilla/5.0 AppleWebKit/537.36 (KHTML, like Gecko; compatible; GPTBot/1.4; +https://openai.com/gptbot)"
74.7.241.50 - - [12/Jun/2026:04:04:51 +0700] "GET /wp-content/uploads/2024/06/DWE4119-B1-6.png HTTP/2" 200 408667 "https://www.pemcom.vn/san-pham/may-mai-cam-tay-dewalt-dwe4119-b1/" "Mozilla/5.0 AppleWebKit/537.36 (KHTML, like Gecko; compatible; GPTBot/1.4; +https://openai.com/gptbot)"
74.7.241.50 - - [12/Jun/2026:04:04:52 +0700] "GET /wp-content/uploads/2024/06/DWE4119-B1-4.png HTTP/2" 200 642209 "https://www.pemcom.vn/san-pham/may-mai-cam-tay-dewalt-dwe4119-b1/" "Mozilla/5.0 AppleWebKit/537.36 (KHTML, like Gecko; compatible; GPTBot/1.4; +https://openai.com/gptbot)"
74.7.241.50 - - [12/Jun/2026:04:04:52 +0700] "GET /wp-content/uploads/2024/06/DWE4118-B1-4.png HTTP/2" 200 642209 "https://www.pemcom.vn/san-pham/may-mai-cam-tay-dewalt-dwe4118-b1/" "Mozilla/5.0 AppleWebKit/537.36 (KHTML, like Gecko; compatible; GPTBot/1.4; +https://openai.com/gptbot)"
74.7.241.50 - - [12/Jun/2026:04:04:53 +0700] "GET /wp-content/uploads/2024/06/DWE4118-B1-2.png HTTP/2" 200 604198 "https://www.pemcom.vn/san-pham/may-mai-cam-tay-dewalt-dwe4118-b1/" "Mozilla/5.0 AppleWebKit/537.36 (KHTML, like Gecko; compatible; GPTBot/1.4; +https://openai.com/gptbot)"
74.7.241.50 - - [12/Jun/2026:04:04:53 +0700] "GET /wp-content/uploads/2024/07/MT980KX2-5-247x296.png HTTP/2" 200 44797 "https://www.pemcom.vn/san-pham/may-mai-goc-makita-9556hb-100mm/" "Mozilla/5.0 AppleWebKit/537.36 (KHTML, like Gecko; compatible; GPTBot/1.4; +https://openai.com/gptbot)"
54.39.136.40 - - [12/Jun/2026:04:04:51 +0700] "GET /products/46497261062 HTTP/2" 200 19756 "-" "Mozilla/5.0 (compatible; AhrefsBot/7.0; +http://ahrefs.com/robot/)"
74.7.241.50 - - [12/Jun/2026:04:04:54 +0700] "GET /wp-content/uploads/2024/06/HR2600-5-247x296.png HTTP/2" 200 64093 "https://www.pemcom.vn/san-pham/may-khoan-bua-800w-makita-hr2600/" "Mozilla/5.0 AppleWebKit/537.36 (KHTML, like Gecko; compatible; GPTBot/1.4; +https://openai.com/gptbot)"
74.7.243.201 - - [12/Jun/2026:04:04:49 +0700] "GET /danh-muc-san-pham/dung-cu-cam-tay/co-le-mo-let/mo-let/?filesrc=/var/www/vhosts/dienmaychuyennghiep.com/error_docs/forbidden.html&path=/var/www/vhosts/dienmaychuyennghiep.com/error_docs HTTP/2" 200 54902 "https://www.dienmaychuyennghiep.com/danh-muc-san-pham/dung-cu-cam-tay/co-le-mo-let/mo-let/?path=/var/www/vhosts/dienmaychuyennghiep.com/error_docs" "Mozilla/5.0 AppleWebKit/537.36 (KHTML, like Gecko; compatible; GPTBot/1.4; +https://openai.com/gptbot)"
74.7.241.50 - - [12/Jun/2026:04:04:54 +0700] "GET /wp-content/uploads/2024/06/HR2600-3-247x296.png HTTP/2" 200 84175 "https://www.pemcom.vn/san-pham/may-khoan-bua-800w-makita-hr2600/" "Mozilla/5.0 AppleWebKit/537.36 (KHTML, like Gecko; compatible; GPTBot/1.4; +https://openai.com/gptbot)"
148.113.128.252 - - [12/Jun/2026:04:04:54 +0700] "GET /products/46497258818 HTTP/2" 200 19743 "-" "Mozilla/5.0 (compatible; AhrefsBot/7.0; +http://ahrefs.com/robot/)"
74.7.241.50 - - [12/Jun/2026:04:04:55 +0700] "GET /wp-content/uploads/2024/06/GA7020-1-247x296.png HTTP/2" 200 42799 "https://www.pemcom.vn/san-pham/may-mai-goc-makita-ga7020-180mm/" "Mozilla/5.0 AppleWebKit/537.36 (KHTML, like Gecko; compatible; GPTBot/1.4; +https://openai.com/gptbot)"
74.7.241.50 - - [12/Jun/2026:04:04:55 +0700] "GET /wp-content/uploads/2024/06/HR2600-4-247x296.png HTTP/2" 200 73718 "https://www.pemcom.vn/san-pham/may-khoan-bua-800w-makita-hr2600/" "Mozilla/5.0 AppleWebKit/537.36 (KHTML, like Gecko; compatible; GPTBot/1.4; +https://openai.com/gptbot)"
74.7.241.50 - - [12/Jun/2026:04:04:56 +0700] "GET /wp-content/uploads/2024/06/GA7020-4-247x296.png HTTP/2" 200 59883 "https://www.pemcom.vn/san-pham/may-mai-goc-makita-ga7020-180mm/" "Mozilla/5.0 AppleWebKit/537.36 (KHTML, like Gecko; compatible; GPTBot/1.4; +https://openai.com/gptbot)"
74.7.241.50 - - [12/Jun/2026:04:04:57 +0700] "GET /wp-content/uploads/2024/06/HR2600-3-510x510.png HTTP/2" 200 231399 "https://www.pemcom.vn/san-pham/may-khoan-bua-800w-makita-hr2600/" "Mozilla/5.0 AppleWebKit/537.36 (KHTML, like Gecko; compatible; GPTBot/1.4; +https://openai.com/gptbot)"
74.7.241.50 - - [12/Jun/2026:04:04:57 +0700] "GET /wp-content/uploads/2024/06/GA7020-3-510x510.png HTTP/2" 200 109847 "https://www.pemcom.vn/san-pham/may-mai-goc-makita-ga7020-180mm/" "Mozilla/5.0 AppleWebKit/537.36 (KHTML, like Gecko; compatible; GPTBot/1.4; +https://openai.com/gptbot)"
74.7.241.50 - - [12/Jun/2026:04:04:58 +0700] "GET /wp-content/uploads/2024/06/GA7020-4-510x510.png HTTP/2" 200 158039 "https://www.pemcom.vn/san-pham/may-mai-goc-makita-ga7020-180mm/" "Mozilla/5.0 AppleWebKit/537.36 (KHTML, like Gecko; compatible; GPTBot/1.4; +https://openai.com/gptbot)"
74.7.243.201 - - [12/Jun/2026:04:04:55 +0700] "GET /danh-muc-san-pham/dung-cu-cam-tay/co-le-mo-let/co-le-dai-co-le-xich/?filesrc=/var/www/vhosts/dienmaychuyennghiep.com/error_docs/proxy_authentication_required.html&path=/var/www/vhosts/dienmaychuyennghiep.com/error_docs HTTP/2" 200 55078 "https://www.dienmaychuyennghiep.com/danh-muc-san-pham/dung-cu-cam-tay/co-le-mo-let/co-le-dai-co-le-xich/?path=/var/www/vhosts/dienmaychuyennghiep.com/error_docs" "Mozilla/5.0 AppleWebKit/537.36 (KHTML, like Gecko; compatible; GPTBot/1.4; +https://openai.com/gptbot)"
74.7.241.50 - - [12/Jun/2026:04:04:58 +0700] "GET /wp-content/uploads/2024/06/HR2600-4-510x510.png HTTP/2" 200 181059 "https://www.pemcom.vn/san-pham/may-khoan-bua-800w-makita-hr2600/" "Mozilla/5.0 AppleWebKit/537.36 (KHTML, like Gecko; compatible; GPTBot/1.4; +https://openai.com/gptbot)"
74.7.241.50 - - [12/Jun/2026:04:04:59 +0700] "GET /wp-content/uploads/2024/06/HR2600-5-510x510.png HTTP/2" 200 161439 "https://www.pemcom.vn/san-pham/may-khoan-bua-800w-makita-hr2600/" "Mozilla/5.0 AppleWebKit/537.36 (KHTML, like Gecko; compatible; GPTBot/1.4; +https://openai.com/gptbot)"
51.222.168.215 - - [12/Jun/2026:04:04:58 +0700] "GET /products/4649725708 HTTP/2" 200 19519 "-" "Mozilla/5.0 (compatible; AhrefsBot/7.0; +http://ahrefs.com/robot/)"
40.77.167.49 - - [12/Jun/2026:04:04:59 +0700] "GET /products/29701160149 HTTP/2" 200 19500 "-" "Mozilla/5.0 AppleWebKit/537.36 (KHTML, like Gecko; compatible; bingbot/2.0; +http://www.bing.com/bingbot.htm) Chrome/116.0.1938.76 Safari/537.36"
74.7.241.50 - - [12/Jun/2026:04:04:59 +0700] "GET /wp-content/uploads/2024/06/HR2600-6-510x510.png HTTP/2" 200 230864 "https://www.pemcom.vn/san-pham/may-khoan-bua-800w-makita-hr2600/" "Mozilla/5.0 AppleWebKit/537.36 (KHTML, like Gecko; compatible; GPTBot/1.4; +https://openai.com/gptbot)"
114.119.151.175 - - [12/Jun/2026:04:04:56 +0700] "GET /san-pham/may-duc-be-tong-dongcheng-dzg15/ HTTP/1.1" 200 63207 "https://www.pemco.vn/san-pham/may-duc-be-tong-dongcheng-dzg6/" "Mozilla/5.0 (Linux; Android 7.0;) AppleWebKit/537.36 (HTML, like Gecko) Mobile Safari/537.36 (compatible; PetalBot;+https://webmaster.petalsearch.com/site/petalbot)"
74.7.241.50 - - [12/Jun/2026:04:05:00 +0700] "GET /wp-content/uploads/2024/06/GA7020-1-510x510.png HTTP/2" 200 102838 "https://www.pemcom.vn/san-pham/may-mai-goc-makita-ga7020-180mm/" "Mozilla/5.0 AppleWebKit/537.36 (KHTML, like Gecko; compatible; GPTBot/1.4; +https://openai.com/gptbot)"
74.7.241.50 - - [12/Jun/2026:04:05:01 +0700] "GET /wp-content/uploads/2024/06/HR2600-2-510x510.png HTTP/2" 200 151318 "https://www.pemcom.vn/san-pham/may-khoan-bua-800w-makita-hr2600/" "Mozilla/5.0 AppleWebKit/537.36 (KHTML, like Gecko; compatible; GPTBot/1.4; +https://openai.com/gptbot)"
74.7.241.50 - - [12/Jun/2026:04:05:01 +0700] "GET /wp-content/uploads/2024/06/GA7050-4-100x100.png HTTP/2" 200 9490 "https://www.pemcom.vn/san-pham/may-mai-goc-makita-ga7020-180mm/" "Mozilla/5.0 AppleWebKit/537.36 (KHTML, like Gecko; compatible; GPTBot/1.4; +https://openai.com/gptbot)"
74.7.243.201 - - [12/Jun/2026:04:04:59 +0700] "GET /danh-muc-san-pham/dung-cu-cam-tay/co-le-mo-let/mo-let-rang/?filesrc=/var/www/vhosts/dienmaychuyennghiep.com/error_docs/forbidden.html&path=/var/www/vhosts/dienmaychuyennghiep.com/error_docs HTTP/2" 200 55002 "https://www.dienmaychuyennghiep.com/danh-muc-san-pham/dung-cu-cam-tay/co-le-mo-let/mo-let-rang/?path=/var/www/vhosts/dienmaychuyennghiep.com/error_docs" "Mozilla/5.0 AppleWebKit/537.36 (KHTML, like Gecko; compatible; GPTBot/1.4; +https://openai.com/gptbot)"
74.7.241.50 - - [12/Jun/2026:04:05:02 +0700] "GET /wp-content/uploads/2024/06/GA7060-4-100x100.png HTTP/2" 200 9491 "https://www.pemcom.vn/san-pham/may-mai-goc-makita-9500nb-100mm/" "Mozilla/5.0 AppleWebKit/537.36 (KHTML, like Gecko; compatible; GPTBot/1.4; +https://openai.com/gptbot)"
74.7.241.50 - - [12/Jun/2026:04:05:02 +0700] "GET /wp-content/uploads/2024/05/9553NB-510x510.png HTTP/2" 200 184965 "https://www.pemcom.vn/san-pham/may-mai-goc-makita-9553nb-100mm/" "Mozilla/5.0 AppleWebKit/537.36 (KHTML, like Gecko; compatible; GPTBot/1.4; +https://openai.com/gptbot)"
74.7.241.50 - - [12/Jun/2026:04:05:03 +0700] "GET /wp-content/uploads/2024/05/61coujf8t-l-510x510.webp HTTP/2" 200 9950 "https://www.pemcom.vn/san-pham/may-mai-goc-makita-9556hb-100mm/" "Mozilla/5.0 AppleWebKit/537.36 (KHTML, like Gecko; compatible; GPTBot/1.4; +https://openai.com/gptbot)"
51.161.65.127 - - [12/Jun/2026:04:05:01 +0700] "GET /products/4649725495 HTTP/2" 200 19743 "-" "Mozilla/5.0 (compatible; AhrefsBot/7.0; +http://ahrefs.com/robot/)"
74.7.241.50 - - [12/Jun/2026:04:05:04 +0700] "GET /wp-content/uploads/2024/06/DWE4119-B1.png HTTP/2" 200 616780 "https://www.pemcom.vn/san-pham/may-mai-cam-tay-dewalt-dwe4119-b1/" "Mozilla/5.0 AppleWebKit/537.36 (KHTML, like Gecko; compatible; GPTBot/1.4; +https://openai.com/gptbot)"
74.7.241.50 - - [12/Jun/2026:04:05:04 +0700] "GET /wp-content/uploads/2024/06/GA7020.png HTTP/2" 200 545207 "https://www.pemcom.vn/san-pham/may-mai-goc-makita-ga7020-180mm/" "Mozilla/5.0 AppleWebKit/537.36 (KHTML, like Gecko; compatible; GPTBot/1.4; +https://openai.com/gptbot)"
74.7.241.50 - - [12/Jun/2026:04:05:05 +0700] "GET /wp-content/uploads/2024/05/61coujf8t-l.webp HTTP/2" 200 31048 "https://www.pemcom.vn/san-pham/may-mai-goc-makita-9556hb-100mm/" "Mozilla/5.0 AppleWebKit/537.36 (KHTML, like Gecko; compatible; GPTBot/1.4; +https://openai.com/gptbot)"
40.77.167.254 - - [12/Jun/2026:04:05:03 +0700] "GET /products/33373171584 HTTP/2" 200 19756 "-" "Mozilla/5.0 AppleWebKit/537.36 (KHTML, like Gecko; compatible; bingbot/2.0; +http://www.bing.com/bingbot.htm) Chrome/116.0.1938.76 Safari/537.36"
74.7.241.50 - - [12/Jun/2026:04:05:05 +0700] "GET /wp-content/uploads/2024/06/GA9500NB-510x510.png HTTP/2" 200 147617 "https://www.pemcom.vn/san-pham/may-mai-goc-makita-9500nb-100mm/" "Mozilla/5.0 AppleWebKit/537.36 (KHTML, like Gecko; compatible; GPTBot/1.4; +https://openai.com/gptbot)"
74.7.243.201 - - [12/Jun/2026:04:05:02 +0700] "GET /danh-muc-san-pham/dung-cu-cam-tay/co-le-mo-let/mo-let/?filesrc=/var/www/vhosts/dienmaychuyennghiep.com/error_docs/unsupported_media_type.html&path=/var/www/vhosts/dienmaychuyennghiep.com/error_docs HTTP/2" 200 55068 "https://www.dienmaychuyennghiep.com/danh-muc-san-pham/dung-cu-cam-tay/co-le-mo-let/mo-let/?path=/var/www/vhosts/dienmaychuyennghiep.com/error_docs" "Mozilla/5.0 AppleWebKit/537.36 (KHTML, like Gecko; compatible; GPTBot/1.4; +https://openai.com/gptbot)"
74.7.241.50 - - [12/Jun/2026:04:05:06 +0700] "GET /wp-content/uploads/2024/07/MT980X1-247x296.png HTTP/2" 200 89377 "https://www.pemcom.vn/san-pham/may-mai-goc-makita-9556hb-100mm/" "Mozilla/5.0 AppleWebKit/537.36 (KHTML, like Gecko; compatible; GPTBot/1.4; +https://openai.com/gptbot)"
209.242.197.4 - - [12/Jun/2026:04:05:06 +0700] "GET /wp-content/uploads/2024/06/GWS-18-125L-6-247x296.png HTTP/2" 200 91125 "https://www.dienmaychuyennghiep.com/san-pham/may-mai-goc-1800w-bosch-gws-18-125-l/" "Mozilla/5.0 (Macintosh; Intel Mac OS X 10_15_7) AppleWebKit/537.36 (KHTML, like Gecko) Chrome/130.0.0.0 Safari/537.36"
15.235.96.129 - - [12/Jun/2026:04:05:04 +0700] "GET /products/46497254828 HTTP/2" 200 19756 "-" "Mozilla/5.0 (compatible; AhrefsBot/7.0; +http://ahrefs.com/robot/)"
74.7.241.50 - - [12/Jun/2026:04:05:06 +0700] "GET /wp-content/uploads/2024/06/GA7020R01-2-100x100.png HTTP/2" 200 9448 "https://www.pemcom.vn/san-pham/may-mai-goc-makita-ga7020-180mm/" "Mozilla/5.0 AppleWebKit/537.36 (KHTML, like Gecko; compatible; GPTBot/1.4; +https://openai.com/gptbot)"
74.7.241.50 - - [12/Jun/2026:04:05:07 +0700] "GET /wp-content/uploads/2024/06/GA7020-510x510.png HTTP/2" 200 151332 "https://www.pemcom.vn/san-pham/may-mai-goc-makita-ga7020-180mm/" "Mozilla/5.0 AppleWebKit/537.36 (KHTML, like Gecko; compatible; GPTBot/1.4; +https://openai.com/gptbot)"
51.222.95.181 - - [12/Jun/2026:04:05:07 +0700] "GET /products/46497254343 HTTP/2" 200 19756 "-" "Mozilla/5.0 (compatible; AhrefsBot/7.0; +http://ahrefs.com/robot/)"
74.7.243.201 - - [12/Jun/2026:04:05:06 +0700] "GET /danh-muc-san-pham/dung-cu-cam-tay/co-le-mo-let/co-le-khac/?filesrc=/var/www/vhosts/dienmaychuyennghiep.com/error_docs/unauthorized.html&path=/var/www/vhosts/dienmaychuyennghiep.com/error_docs HTTP/2" 200 55129 "https://www.dienmaychuyennghiep.com/danh-muc-san-pham/dung-cu-cam-tay/co-le-mo-let/co-le-khac/?path=/var/www/vhosts/dienmaychuyennghiep.com/error_docs" "Mozilla/5.0 AppleWebKit/537.36 (KHTML, like Gecko; compatible; GPTBot/1.4; +https://openai.com/gptbot)"
142.44.220.58 - - [12/Jun/2026:04:05:09 +0700] "GET /products/4649725388 HTTP/2" 200 19756 "-" "Mozilla/5.0 (compatible; AhrefsBot/7.0; +http://ahrefs.com/robot/)"
74.7.243.201 - - [12/Jun/2026:04:05:09 +0700] "GET /danh-muc-san-pham/dung-cu-cam-tay/co-le-mo-let/mo-let-rang/?filesrc=/var/www/vhosts/dienmaychuyennghiep.com/error_docs/unsupported_media_type.html&path=/var/www/vhosts/dienmaychuyennghiep.com/error_docs HTTP/2" 200 55104 "https://www.dienmaychuyennghiep.com/danh-muc-san-pham/dung-cu-cam-tay/co-le-mo-let/mo-let-rang/?path=/var/www/vhosts/dienmaychuyennghiep.com/error_docs" "Mozilla/5.0 AppleWebKit/537.36 (KHTML, like Gecko; compatible; GPTBot/1.4; +https://openai.com/gptbot)"
167.114.139.157 - - [12/Jun/2026:04:05:12 +0700] "GET /products/46497253762 HTTP/2" 200 19756 "-" "Mozilla/5.0 (compatible; AhrefsBot/7.0; +http://ahrefs.com/robot/)"
74.7.243.201 - - [12/Jun/2026:04:05:12 +0700] "GET /danh-muc-san-pham/dung-cu-cam-tay/co-le-mo-let/mo-let/?filesrc=/var/www/vhosts/dienmaychuyennghiep.com/error_docs/not_acceptable.html&path=/var/www/vhosts/dienmaychuyennghiep.com/error_docs HTTP/2" 200 54957 "https://www.dienmaychuyennghiep.com/danh-muc-san-pham/dung-cu-cam-tay/co-le-mo-let/mo-let/?path=/var/www/vhosts/dienmaychuyennghiep.com/error_docs" "Mozilla/5.0 AppleWebKit/537.36 (KHTML, like Gecko; compatible; GPTBot/1.4; +https://openai.com/gptbot)"
47.128.121.81 - - [12/Jun/2026:04:05:09 +0700] "GET /san-pham/may-mai-goc-makita-m9000b/?path=%2Fvar%2Fwww%2Fvhosts%2Fdienmaychuyennghiep.com%2Fusr HTTP/2" 200 62158 "-" "Mozilla/5.0 (Linux; Android 5.0) AppleWebKit/537.36 (KHTML, like Gecko) Mobile Safari/537.36 (compatible; TikTokSpider; ttspider-feedback@tiktok.com)"
74.7.241.50 - - [12/Jun/2026:04:05:08 +0700] "GET /san-pham/may-thoi-khidewalt-dwb6800-b1/?filesrc=/var/www/vhosts/dienmaychuyennghiep.com/httpdocs/latest.zip&path=/var/www/vhosts/dienmaychuyennghiep.com/httpdocs HTTP/2" 200 24741111 "https://www.pemcom.vn/san-pham/may-thoi-khidewalt-dwb6800-b1/" "Mozilla/5.0 AppleWebKit/537.36 (KHTML, like Gecko; compatible; GPTBot/1.4; +https://openai.com/gptbot)"
74.7.243.201 - - [12/Jun/2026:04:05:16 +0700] "GET /danh-muc-san-pham/dung-cu-cam-tay/co-le-mo-let/co-le-vong-mieng/?filesrc=/var/www/vhosts/dienmaychuyennghiep.com/error_docs/unsupported_media_type.html&path=/var/www/vhosts/dienmaychuyennghiep.com/error_docs HTTP/2" 200 55127 "https://www.dienmaychuyennghiep.com/danh-muc-san-pham/dung-cu-cam-tay/co-le-mo-let/co-le-vong-mieng/?path=/var/www/vhosts/dienmaychuyennghiep.com/error_docs" "Mozilla/5.0 AppleWebKit/537.36 (KHTML, like Gecko; compatible; GPTBot/1.4; +https://openai.com/gptbot)"
148.113.128.247 - - [12/Jun/2026:04:05:16 +0700] "GET /products/46497253326 HTTP/2" 200 19519 "-" "Mozilla/5.0 (compatible; AhrefsBot/7.0; +http://ahrefs.com/robot/)"
142.44.220.94 - - [12/Jun/2026:04:05:19 +0700] "GET /products/4649724983 HTTP/2" 200 19519 "-" "Mozilla/5.0 (compatible; AhrefsBot/7.0; +http://ahrefs.com/robot/)"
74.7.241.50 - - [12/Jun/2026:04:05:16 +0700] "GET /san-pham/may-mai-goc-makita-9556hb-100mm/?path=/var/www HTTP/2" 200 63089 "https://www.pemcom.vn/san-pham/may-mai-goc-makita-9556hb-100mm/" "Mozilla/5.0 AppleWebKit/537.36 (KHTML, like Gecko; compatible; GPTBot/1.4; +https://openai.com/gptbot)"
103.138.88.26 - - [12/Jun/2026:04:05:22 +0700] "POST /wp-cron.php?doing_wp_cron=1781211922.1152119636535644531250 HTTP/1.1" 200 474 "-" "WordPress/7.0; https://www.dienmaychuyennghiep.com"
74.7.243.201 - - [12/Jun/2026:04:05:19 +0700] "GET /danh-muc-san-pham/dung-cu-cam-tay/co-le-mo-let/co-le-dong/?filesrc=/var/www/vhosts/dienmaychuyennghiep.com/error_docs/unsupported_media_type.html&path=/var/www/vhosts/dienmaychuyennghiep.com/error_docs HTTP/2" 200 55022 "https://www.dienmaychuyennghiep.com/danh-muc-san-pham/dung-cu-cam-tay/co-le-mo-let/co-le-dong/?path=/var/www/vhosts/dienmaychuyennghiep.com/error_docs" "Mozilla/5.0 AppleWebKit/537.36 (KHTML, like Gecko; compatible; GPTBot/1.4; +https://openai.com/gptbot)"
54.39.203.167 - - [12/Jun/2026:04:05:23 +0700] "GET /products/46497247160 HTTP/2" 200 19519 "-" "Mozilla/5.0 (compatible; AhrefsBot/7.0; +http://ahrefs.com/robot/)"
74.7.241.50 - - [12/Jun/2026:04:05:21 +0700] "GET /san-pham/may-duc-be-tong-dewalt-d25901k-b1/?filesrc=/var/www/vhosts/dienmaychuyennghiep.com/httpdocs/wp-cron.php&path=/var/www/vhosts/dienmaychuyennghiep.com/httpdocs HTTP/2" 200 63197 "https://www.pemcom.vn/san-pham/may-duc-be-tong-dewalt-d25901k-b1/" "Mozilla/5.0 AppleWebKit/537.36 (KHTML, like Gecko; compatible; GPTBot/1.4; +https://openai.com/gptbot)"
74.7.243.201 - - [12/Jun/2026:04:05:22 +0700] "GET /danh-muc-san-pham/dung-cu-cam-tay/co-le-mo-let/co-le-khac/?filesrc=/var/www/vhosts/dienmaychuyennghiep.com/error_docs/precondition_failed.html&path=/var/www/vhosts/dienmaychuyennghiep.com/error_docs HTTP/2" 200 55130 "https://www.dienmaychuyennghiep.com/danh-muc-san-pham/dung-cu-cam-tay/co-le-mo-let/co-le-khac/?path=/var/www/vhosts/dienmaychuyennghiep.com/error_docs" "Mozilla/5.0 AppleWebKit/537.36 (KHTML, like Gecko; compatible; GPTBot/1.4; +https://openai.com/gptbot)"
74.7.243.201 - - [12/Jun/2026:04:05:25 +0700] "GET /danh-muc-san-pham/dung-cu-cam-tay/co-le-mo-let/mo-let/?filesrc=/var/www/vhosts/dienmaychuyennghiep.com/error_docs/unauthorized.html&path=/var/www/vhosts/dienmaychuyennghiep.com/error_docs HTTP/2" 200 55101 "https://www.dienmaychuyennghiep.com/danh-muc-san-pham/dung-cu-cam-tay/co-le-mo-let/mo-let/?path=/var/www/vhosts/dienmaychuyennghiep.com/error_docs" "Mozilla/5.0 AppleWebKit/537.36 (KHTML, like Gecko; compatible; GPTBot/1.4; +https://openai.com/gptbot)"
148.113.130.8 - - [12/Jun/2026:04:05:25 +0700] "GET /products/4649724903 HTTP/2" 200 19756 "-" "Mozilla/5.0 (compatible; AhrefsBot/7.0; +http://ahrefs.com/robot/)"
