216.244.66.201 - - [17/Apr/2026:03:56:57 +0700] "GET /robots.txt HTTP/1.1" 301 1065 "-" "Mozilla/5.0 (compatible; DotBot/1.2; +https://opensiteexplorer.org/dotbot; help@moz.com)"
74.7.241.185 - - [17/Apr/2026:04:33:05 +0700] "GET /robots.txt HTTP/1.1" 301 1065 "-" "Mozilla/5.0 (Macintosh; Intel Mac OS X 10_15_7) AppleWebKit/537.36 (KHTML, like Gecko) Chrome/131.0.0.0 Safari/537.36; compatible; OAI-SearchBot/1.3; robots.txt; +https://openai.com/searchbot"
216.244.66.233 - - [17/Apr/2026:04:34:10 +0700] "GET /robots.txt HTTP/1.1" 301 1054 "-" "Mozilla/5.0 (compatible; DotBot/1.2; +https://opensiteexplorer.org/dotbot; help@moz.com)"
103.131.71.68 - - [17/Apr/2026:04:34:32 +0700] "GET /robots.txt HTTP/1.1" 301 1028 "-" "Mozilla/5.0 (compatible; coccocbot-web/1.0; +http://help.coccoc.com/searchengine)"
103.131.71.196 - - [17/Apr/2026:04:34:52 +0700] "GET / HTTP/1.1" 301 1018 "-" "Mozilla/5.0 (compatible; coccocbot-web/1.0; +http://help.coccoc.com/searchengine)"
216.244.66.201 - - [17/Apr/2026:04:40:04 +0700] "GET /robots.txt HTTP/1.1" 301 1065 "-" "Mozilla/5.0 (compatible; DotBot/1.2; +https://opensiteexplorer.org/dotbot; help@moz.com)"
216.244.66.234 - - [17/Apr/2026:04:58:27 +0700] "GET /robots.txt HTTP/1.1" 301 1058 "-" "Mozilla/5.0 (compatible; DotBot/1.2; +https://opensiteexplorer.org/dotbot; help@moz.com)"
216.244.66.234 - - [17/Apr/2026:04:58:28 +0700] "GET /robots.txt HTTP/1.1" 301 1054 "-" "Mozilla/5.0 (compatible; DotBot/1.2; +https://opensiteexplorer.org/dotbot; help@moz.com)"
103.131.71.178 - - [17/Apr/2026:05:09:13 +0700] "GET /robots.txt HTTP/1.1" 301 1032 "-" "Mozilla/5.0 (compatible; coccocbot-web/1.0; +http://help.coccoc.com/searchengine)"
43.159.140.236 - - [17/Apr/2026:05:13:34 +0700] "GET / HTTP/1.1" 301 1048 "-" "Mozilla/5.0 (iPhone; CPU iPhone OS 13_2_3 like Mac OS X) AppleWebKit/605.1.15 (KHTML, like Gecko) Version/13.0.3 Mobile/15E148 Safari/604.1"
216.244.66.233 - - [17/Apr/2026:05:21:26 +0700] "GET /robots.txt HTTP/1.1" 301 1054 "-" "Mozilla/5.0 (compatible; DotBot/1.2; +https://opensiteexplorer.org/dotbot; help@moz.com)"
216.244.66.201 - - [17/Apr/2026:05:23:19 +0700] "GET /robots.txt HTTP/1.1" 301 1065 "-" "Mozilla/5.0 (compatible; DotBot/1.2; +https://opensiteexplorer.org/dotbot; help@moz.com)"
216.244.66.234 - - [17/Apr/2026:05:51:50 +0700] "GET /robots.txt HTTP/1.1" 301 1054 "-" "Mozilla/5.0 (compatible; DotBot/1.2; +https://opensiteexplorer.org/dotbot; help@moz.com)"
216.244.66.234 - - [17/Apr/2026:06:38:25 +0700] "GET /robots.txt HTTP/1.1" 301 1054 "-" "Mozilla/5.0 (compatible; DotBot/1.2; +https://opensiteexplorer.org/dotbot; help@moz.com)"
13.74.146.113 - - [17/Apr/2026:06:59:49 +0700] "GET /wp-content/plugins/hellopress/wp_filemanager.php HTTP/1.1" 301 1103 "-" "-"
13.74.146.113 - - [17/Apr/2026:06:59:52 +0700] "GET /tk.php HTTP/1.1" 301 1061 "-" "-"
216.244.66.233 - - [17/Apr/2026:07:04:27 +0700] "GET /robots.txt HTTP/1.1" 301 1054 "-" "Mozilla/5.0 (compatible; DotBot/1.2; +https://opensiteexplorer.org/dotbot; help@moz.com)"
130.12.180.144 - - [17/Apr/2026:07:20:14 +0700] "GET /.git/HEAD HTTP/1.1" 403 1480 "-" "Mozilla/5.0 (Windows NT 10.0; Win64; x64) AppleWebKit/537.36"
130.12.180.144 - - [17/Apr/2026:07:20:14 +0700] "GET /.git/config HTTP/1.1" 403 1480 "-" "Mozilla/5.0 (Windows NT 10.0; Win64; x64) AppleWebKit/537.36"
216.244.66.234 - - [17/Apr/2026:07:28:08 +0700] "GET /robots.txt HTTP/1.1" 301 1054 "-" "Mozilla/5.0 (compatible; DotBot/1.2; +https://opensiteexplorer.org/dotbot; help@moz.com)"
44.197.109.186 - - [17/Apr/2026:07:32:39 +0700] "GET / HTTP/1.1" 301 1041 "-" "Mozilla/5.0 (Windows NT 10.0; Win64; x64) AppleWebKit/537.36 (KHTML, like Gecko) Chrome/137.0.0.0 Safari/537.36 Edg/137.0.0.0"
17.246.23.45 - - [17/Apr/2026:07:37:17 +0700] "GET /robots.txt HTTP/1.1" 301 1065 "-" "Mozilla/5.0 (Macintosh; Intel Mac OS X 10_15_7) AppleWebKit/605.1.15 (KHTML, like Gecko) Version/17.4 Safari/605.1.15 (Applebot/0.1; +http://www.apple.com/go/applebot)"
17.246.23.45 - - [17/Apr/2026:07:37:17 +0700] "GET /danh-muc/do-dung-gia-dinh HTTP/1.1" 301 1080 "-" "Mozilla/5.0 (Macintosh; Intel Mac OS X 10_15_7) AppleWebKit/605.1.15 (KHTML, like Gecko) Version/17.4 Safari/605.1.15 (Applebot/0.1; +http://www.apple.com/go/applebot)"
88.151.32.178 - - [17/Apr/2026:08:11:19 +0700] "GET / HTTP/1.1" 301 1040 "-" "Mozilla/5.0 (Macintosh; Intel Mac OS X 10.15; rv:138.0) Gecko/20100101 Firefox/138.0"
216.244.66.234 - - [17/Apr/2026:08:18:28 +0700] "GET /robots.txt HTTP/1.1" 301 1054 "-" "Mozilla/5.0 (compatible; DotBot/1.2; +https://opensiteexplorer.org/dotbot; help@moz.com)"
216.244.66.233 - - [17/Apr/2026:08:52:07 +0700] "GET /robots.txt HTTP/1.1" 301 1054 "-" "Mozilla/5.0 (compatible; DotBot/1.2; +https://opensiteexplorer.org/dotbot; help@moz.com)"
216.244.66.233 - - [17/Apr/2026:09:36:41 +0700] "GET /robots.txt HTTP/1.1" 301 1054 "-" "Mozilla/5.0 (compatible; DotBot/1.2; +https://opensiteexplorer.org/dotbot; help@moz.com)"
216.244.66.234 - - [17/Apr/2026:09:58:24 +0700] "GET /robots.txt HTTP/1.1" 301 1054 "-" "Mozilla/5.0 (compatible; DotBot/1.2; +https://opensiteexplorer.org/dotbot; help@moz.com)"
216.244.66.234 - - [17/Apr/2026:09:58:24 +0700] "GET /robots.txt HTTP/1.1" 301 1058 "-" "Mozilla/5.0 (compatible; DotBot/1.2; +https://opensiteexplorer.org/dotbot; help@moz.com)"
216.244.66.201 - - [17/Apr/2026:10:06:02 +0700] "GET /robots.txt HTTP/1.1" 301 1065 "-" "Mozilla/5.0 (compatible; DotBot/1.2; +https://opensiteexplorer.org/dotbot; help@moz.com)"
100.30.115.13 - - [17/Apr/2026:10:16:58 +0700] "GET /robots.txt HTTP/1.1" 301 1021 "-" "Mozilla/5.0 (Macintosh; Intel Mac OS X 10_10_1) AppleWebKit/600.2.5 (KHTML, like Gecko) Version/8.0.2 Safari/600.2.5 (Gort)"
216.244.66.233 - - [17/Apr/2026:10:23:52 +0700] "GET /robots.txt HTTP/1.1" 301 1054 "-" "Mozilla/5.0 (compatible; DotBot/1.2; +https://opensiteexplorer.org/dotbot; help@moz.com)"
103.131.71.170 - - [17/Apr/2026:10:25:57 +0700] "GET /robots.txt HTTP/1.1" 301 1014 "-" "Mozilla/5.0 (compatible; coccocbot-web/1.0; +http://help.coccoc.com/searchengine)"
49.48.41.90 - - [17/Apr/2026:10:38:40 +0700] "GET /wp-json/wp/v2/posts HTTP/1.1" 301 1074 "-" "Mozilla/5.0 (Windows NT 10.0; Win64; x64) AppleWebKit/537.36 (KHTML, like Gecko) Chrome/120.0.0.0 Safari/537.36"
216.244.66.234 - - [17/Apr/2026:10:44:46 +0700] "GET /robots.txt HTTP/1.1" 301 1054 "-" "Mozilla/5.0 (compatible; DotBot/1.2; +https://opensiteexplorer.org/dotbot; help@moz.com)"
216.244.66.234 - - [17/Apr/2026:10:44:46 +0700] "GET /robots.txt HTTP/1.1" 301 1058 "-" "Mozilla/5.0 (compatible; DotBot/1.2; +https://opensiteexplorer.org/dotbot; help@moz.com)"
216.244.66.201 - - [17/Apr/2026:10:53:44 +0700] "GET /robots.txt HTTP/1.1" 301 1065 "-" "Mozilla/5.0 (compatible; DotBot/1.2; +https://opensiteexplorer.org/dotbot; help@moz.com)"
114.119.136.245 - - [17/Apr/2026:11:07:09 +0700] "GET /robots.txt HTTP/1.1" 301 1028 "-" "Mozilla/5.0 (compatible;PetalBot;+https://webmaster.petalsearch.com/site/petalbot)"
216.244.66.234 - - [17/Apr/2026:11:31:26 +0700] "GET /robots.txt HTTP/1.1" 301 1054 "-" "Mozilla/5.0 (compatible; DotBot/1.2; +https://opensiteexplorer.org/dotbot; help@moz.com)"
43.166.250.187 - - [17/Apr/2026:11:44:30 +0700] "GET / HTTP/1.1" 301 1059 "-" "Mozilla/5.0 (iPhone; CPU iPhone OS 13_2_3 like Mac OS X) AppleWebKit/605.1.15 (KHTML, like Gecko) Version/13.0.3 Mobile/15E148 Safari/604.1"
216.244.66.233 - - [17/Apr/2026:11:59:52 +0700] "GET /robots.txt HTTP/1.1" 301 1054 "-" "Mozilla/5.0 (compatible; DotBot/1.2; +https://opensiteexplorer.org/dotbot; help@moz.com)"
109.120.135.190 - - [17/Apr/2026:12:17:51 +0700] "GET /wp-json/wp/v2/posts HTTP/1.1" 301 1063 "-" "Mozilla/5.0 (Windows NT 10.0; Win64; x64) AppleWebKit/537.36 (KHTML, like Gecko) Chrome/120.0.0.0 Safari/537.36"
216.244.66.234 - - [17/Apr/2026:12:20:34 +0700] "GET /robots.txt HTTP/1.1" 301 1054 "-" "Mozilla/5.0 (compatible; DotBot/1.2; +https://opensiteexplorer.org/dotbot; help@moz.com)"
216.244.66.201 - - [17/Apr/2026:12:27:40 +0700] "GET /robots.txt HTTP/1.1" 301 1065 "-" "Mozilla/5.0 (compatible; DotBot/1.2; +https://opensiteexplorer.org/dotbot; help@moz.com)"
35.233.13.41 - - [17/Apr/2026:12:29:49 +0700] "GET /media/system/js/core.js HTTP/1.1" 301 1067 "-" "Mozilla/5.0 (Macintosh; Intel Mac OS X 10_10_1) AppleWebKit/537.36 (KHTML, like Gecko) Chrome/39.0.2171.95 Safari/537.36"
35.233.13.41 - - [17/Apr/2026:12:29:55 +0700] "GET /wp-includes/js/jquery/jquery.js HTTP/1.1" 301 1075 "-" "Mozilla/5.0 (Macintosh; Intel Mac OS X 10_10_1) AppleWebKit/537.36 (KHTML, like Gecko) Chrome/39.0.2171.95 Safari/537.36"
17.246.19.47 - - [17/Apr/2026:12:35:50 +0700] "GET /robots.txt HTTP/1.1" 301 1069 "-" "Mozilla/5.0 (Macintosh; Intel Mac OS X 10_15_7) AppleWebKit/605.1.15 (KHTML, like Gecko) Version/17.4 Safari/605.1.15 (Applebot/0.1; +http://www.apple.com/go/applebot)"
17.246.19.47 - - [17/Apr/2026:12:35:50 +0700] "GET /product/product/may-khoan-bua-dien-ingco-rgh9028-800w HTTP/1.1" 301 1112 "-" "Mozilla/5.0 (Macintosh; Intel Mac OS X 10_15_7) AppleWebKit/605.1.15 (KHTML, like Gecko) Version/17.4 Safari/605.1.15 (Applebot/0.1; +http://www.apple.com/go/applebot)"
216.244.66.201 - - [17/Apr/2026:13:16:24 +0700] "GET /robots.txt HTTP/1.1" 301 1065 "-" "Mozilla/5.0 (compatible; DotBot/1.2; +https://opensiteexplorer.org/dotbot; help@moz.com)"
35.233.13.41 - - [17/Apr/2026:13:19:24 +0700] "GET / HTTP/1.1" 301 1044 "-" "Mozilla/5.0 (Windows NT 10.0; Win64; x64) AppleWebKit/537.36 (KHTML, like Gecko) Chrome/78.0.3904.108 Safari/537.36"
45.145.213.114 - - [17/Apr/2026:13:23:57 +0700] "GET / HTTP/1.1" 301 1055 "-" "Mozilla/5.0 (Macintosh; Intel Mac OS X 10_15_7) AppleWebKit/537.36 (KHTML, like Gecko) Chrome/142.0.0.0 Safari/537.36"
216.244.66.233 - - [17/Apr/2026:13:39:13 +0700] "GET /robots.txt HTTP/1.1" 301 1054 "-" "Mozilla/5.0 (compatible; DotBot/1.2; +https://opensiteexplorer.org/dotbot; help@moz.com)"
216.244.66.234 - - [17/Apr/2026:13:56:01 +0700] "GET /robots.txt HTTP/1.1" 301 1058 "-" "Mozilla/5.0 (compatible; DotBot/1.2; +https://opensiteexplorer.org/dotbot; help@moz.com)"
216.244.66.233 - - [17/Apr/2026:14:25:48 +0700] "GET /robots.txt HTTP/1.1" 301 1054 "-" "Mozilla/5.0 (compatible; DotBot/1.2; +https://opensiteexplorer.org/dotbot; help@moz.com)"
104.196.224.178 - - [17/Apr/2026:14:27:50 +0700] "GET /media/system/js/core.js HTTP/1.1" 301 1078 "-" "Mozilla/5.0 (Macintosh; Intel Mac OS X 10_10_1) AppleWebKit/537.36 (KHTML, like Gecko) Chrome/39.0.2171.95 Safari/537.36"
104.196.224.178 - - [17/Apr/2026:14:27:56 +0700] "GET /wp-includes/js/jquery/jquery.js HTTP/1.1" 301 1086 "-" "Mozilla/5.0 (Macintosh; Intel Mac OS X 10_10_1) AppleWebKit/537.36 (KHTML, like Gecko) Chrome/39.0.2171.95 Safari/537.36"
74.7.241.185 - - [17/Apr/2026:14:39:09 +0700] "GET /robots.txt HTTP/1.1" 301 1054 "-" "Mozilla/5.0 (Macintosh; Intel Mac OS X 10_15_7) AppleWebKit/537.36 (KHTML, like Gecko) Chrome/131.0.0.0 Safari/537.36; compatible; OAI-SearchBot/1.3; robots.txt; +https://openai.com/searchbot"
44.217.155.218 - - [17/Apr/2026:14:42:20 +0700] "GET /robots.txt HTTP/1.1" 301 1017 "-" "Mozilla/5.0 (Macintosh; Intel Mac OS X 10_10_1) AppleWebKit/600.2.5 (KHTML, like Gecko) Version/8.0.2 Safari/600.2.5 (Gort)"
104.196.224.178 - - [17/Apr/2026:14:55:04 +0700] "GET / HTTP/1.1" 301 1055 "-" "Mozilla/5.0 (Windows NT 10.0; Win64; x64) AppleWebKit/537.36 (KHTML, like Gecko) Chrome/78.0.3904.108 Safari/537.36"
40.81.230.197 - - [17/Apr/2026:15:04:41 +0700] "GET /wp-admin/css/ HTTP/1.1" 301 1054 "binance.com" "Mozilla/5.0 (Windows NT 10.0; Win64; x64) AppleWebKit/537.36 (KHTML, like Gecko) Chrome/90.0.4430.85 Safari/537.36"
43.133.220.37 - - [17/Apr/2026:15:12:17 +0700] "GET / HTTP/1.1" 301 1044 "-" "Mozilla/5.0 (iPhone; CPU iPhone OS 13_2_3 like Mac OS X) AppleWebKit/605.1.15 (KHTML, like Gecko) Version/13.0.3 Mobile/15E148 Safari/604.1"
216.244.66.233 - - [17/Apr/2026:15:13:41 +0700] "GET /robots.txt HTTP/1.1" 301 1054 "-" "Mozilla/5.0 (compatible; DotBot/1.2; +https://opensiteexplorer.org/dotbot; help@moz.com)"
40.81.230.197 - - [17/Apr/2026:15:23:57 +0700] "GET /wp-admin/css/ HTTP/1.1" 301 1061 "binance.com" "Mozilla/5.0 (Windows NT 10.0; Win64; x64) AppleWebKit/537.36 (KHTML, like Gecko) Chrome/90.0.4430.85 Safari/537.36"
43.130.60.195 - - [17/Apr/2026:15:32:46 +0700] "GET / HTTP/1.1" 301 1048 "-" "Mozilla/5.0 (iPhone; CPU iPhone OS 13_2_3 like Mac OS X) AppleWebKit/605.1.15 (KHTML, like Gecko) Version/13.0.3 Mobile/15E148 Safari/604.1"
216.244.66.234 - - [17/Apr/2026:15:33:34 +0700] "GET /robots.txt HTTP/1.1" 301 1054 "-" "Mozilla/5.0 (compatible; DotBot/1.2; +https://opensiteexplorer.org/dotbot; help@moz.com)"
43.165.69.68 - - [17/Apr/2026:15:44:41 +0700] "GET / HTTP/1.1" 301 1040 "-" "Mozilla/5.0 (iPhone; CPU iPhone OS 13_2_3 like Mac OS X) AppleWebKit/605.1.15 (KHTML, like Gecko) Version/13.0.3 Mobile/15E148 Safari/604.1"
216.244.66.201 - - [17/Apr/2026:15:52:00 +0700] "GET /robots.txt HTTP/1.1" 301 1065 "-" "Mozilla/5.0 (compatible; DotBot/1.2; +https://opensiteexplorer.org/dotbot; help@moz.com)"
40.81.230.197 - - [17/Apr/2026:15:53:41 +0700] "GET /wp-admin/css/ HTTP/1.1" 301 1068 "binance.com" "Mozilla/5.0 (Windows NT 10.0; Win64; x64) AppleWebKit/537.36 (KHTML, like Gecko) Chrome/90.0.4430.85 Safari/537.36"
216.244.66.233 - - [17/Apr/2026:16:01:00 +0700] "GET /robots.txt HTTP/1.1" 301 1054 "-" "Mozilla/5.0 (compatible; DotBot/1.2; +https://opensiteexplorer.org/dotbot; help@moz.com)"
216.244.66.234 - - [17/Apr/2026:16:20:38 +0700] "GET /robots.txt HTTP/1.1" 301 1058 "-" "Mozilla/5.0 (compatible; DotBot/1.2; +https://opensiteexplorer.org/dotbot; help@moz.com)"
216.244.66.201 - - [17/Apr/2026:16:38:10 +0700] "GET /robots.txt HTTP/1.1" 301 1065 "-" "Mozilla/5.0 (compatible; DotBot/1.2; +https://opensiteexplorer.org/dotbot; help@moz.com)"
216.244.66.233 - - [17/Apr/2026:16:49:48 +0700] "GET /robots.txt HTTP/1.1" 301 1054 "-" "Mozilla/5.0 (compatible; DotBot/1.2; +https://opensiteexplorer.org/dotbot; help@moz.com)"
43.159.146.2 - - [17/Apr/2026:17:54:59 +0700] "GET / HTTP/1.1" 301 1044 "-" "Mozilla/5.0 (iPhone; CPU iPhone OS 14_4 like Mac OS X) AppleWebKit/605.1.15 (KHTML, like Gecko) Version/15.4 Mobile/15E148 Safari/604.1"
185.247.137.88 - - [17/Apr/2026:17:56:38 +0700] "GET / HTTP/1.1" 301 1008 "-" "Mozilla/5.0 (compatible; InternetMeasurement/1.0; +https://internet-measurement.com/)"
216.244.66.234 - - [17/Apr/2026:17:58:31 +0700] "GET /robots.txt HTTP/1.1" 301 1054 "-" "Mozilla/5.0 (compatible; DotBot/1.2; +https://opensiteexplorer.org/dotbot; help@moz.com)"
43.130.16.212 - - [17/Apr/2026:18:09:23 +0700] "GET / HTTP/1.1" 301 1044 "-" "Mozilla/5.0 (iPhone; CPU iPhone OS 13_2_3 like Mac OS X) AppleWebKit/605.1.15 (KHTML, like Gecko) Version/13.0.3 Mobile/15E148 Safari/604.1"
216.244.66.201 - - [17/Apr/2026:18:15:04 +0700] "GET /robots.txt HTTP/1.1" 301 1065 "-" "Mozilla/5.0 (compatible; DotBot/1.2; +https://opensiteexplorer.org/dotbot; help@moz.com)"
216.244.66.233 - - [17/Apr/2026:18:26:35 +0700] "GET /robots.txt HTTP/1.1" 301 1054 "-" "Mozilla/5.0 (compatible; DotBot/1.2; +https://opensiteexplorer.org/dotbot; help@moz.com)"
114.119.133.208 - - [17/Apr/2026:18:29:18 +0700] "GET /robots.txt HTTP/1.1" 301 1017 "-" "Mozilla/5.0 (compatible;PetalBot;+https://webmaster.petalsearch.com/site/petalbot)"
216.244.66.234 - - [17/Apr/2026:18:47:16 +0700] "GET /robots.txt HTTP/1.1" 301 1058 "-" "Mozilla/5.0 (compatible; DotBot/1.2; +https://opensiteexplorer.org/dotbot; help@moz.com)"
170.106.82.209 - - [17/Apr/2026:18:47:23 +0700] "GET / HTTP/1.1" 301 1055 "-" "Mozilla/5.0 (iPhone; CPU iPhone OS 13_2_3 like Mac OS X) AppleWebKit/605.1.15 (KHTML, like Gecko) Version/13.0.3 Mobile/15E148 Safari/604.1"
43.166.224.244 - - [17/Apr/2026:19:03:12 +0700] "GET / HTTP/1.1" 301 1044 "-" "Mozilla/5.0 (iPhone; CPU iPhone OS 13_2_3 like Mac OS X) AppleWebKit/605.1.15 (KHTML, like Gecko) Version/13.0.3 Mobile/15E148 Safari/604.1"
130.12.180.144 - - [17/Apr/2026:19:18:14 +0700] "GET /.git/HEAD HTTP/1.1" 403 1480 "-" "Mozilla/5.0 (Windows NT 10.0; Win64; x64) AppleWebKit/537.36"
130.12.180.144 - - [17/Apr/2026:19:18:15 +0700] "GET /.git/config HTTP/1.1" 403 1480 "-" "Mozilla/5.0 (Windows NT 10.0; Win64; x64) AppleWebKit/537.36"
103.131.71.67 - - [17/Apr/2026:19:21:29 +0700] "GET /robots.txt HTTP/1.1" 301 1014 "-" "Mozilla/5.0 (compatible; coccocbot-web/1.0; +http://help.coccoc.com/searchengine)"
216.244.66.234 - - [17/Apr/2026:19:36:25 +0700] "GET /robots.txt HTTP/1.1" 301 1054 "-" "Mozilla/5.0 (compatible; DotBot/1.2; +https://opensiteexplorer.org/dotbot; help@moz.com)"
216.244.66.234 - - [17/Apr/2026:19:36:26 +0700] "GET /robots.txt HTTP/1.1" 301 1058 "-" "Mozilla/5.0 (compatible; DotBot/1.2; +https://opensiteexplorer.org/dotbot; help@moz.com)"
216.244.66.234 - - [17/Apr/2026:20:25:19 +0700] "GET /robots.txt HTTP/1.1" 301 1058 "-" "Mozilla/5.0 (compatible; DotBot/1.2; +https://opensiteexplorer.org/dotbot; help@moz.com)"
103.131.71.67 - - [17/Apr/2026:20:27:38 +0700] "GET /robots.txt HTTP/1.1" 301 1028 "-" "Mozilla/5.0 (compatible; coccocbot-web/1.0; +http://help.coccoc.com/searchengine)"
54.208.241.79 - - [17/Apr/2026:20:44:01 +0700] "GET / HTTP/1.1" 301 1041 "-" "Mozilla/5.0 (X11; Linux i686; rv:6.0a2) Gecko/20110615 Firefox/6.0a2 Iceweasel/6.0a2"
216.244.66.233 - - [17/Apr/2026:21:04:05 +0700] "GET /robots.txt HTTP/1.1" 301 1054 "-" "Mozilla/5.0 (compatible; DotBot/1.2; +https://opensiteexplorer.org/dotbot; help@moz.com)"
44.242.194.158 - - [17/Apr/2026:21:09:48 +0700] "GET / HTTP/1.1" 301 1003 "-" "Mozilla/5.0 (Windows NT 10.0; Win64; x64) AppleWebKit/537.36 (KHTML, like Gecko) Chrome/70.0.3538.102 Safari/537.36 Edge/18.19582"
76.16.28.31 - - [17/Apr/2026:21:09:48 +0700] "GET / HTTP/1.1" 301 1003 "-" "Mozilla/5.0 (Windows NT 10.0; Win64; x64) AppleWebKit/537.36 (KHTML, like Gecko) Chrome/70.0.3538.102 Safari/537.36 Edge/18.19582"
149.102.230.119 - - [17/Apr/2026:21:09:56 +0700] "GET / HTTP/1.1" 301 1006 "-" "Go-http-client/1.1"
66.132.172.103 - - [17/Apr/2026:21:11:11 +0700] "GET / HTTP/1.1" 301 1044 "-" "Mozilla/5.0 (compatible; CensysInspect/1.1; +https://about.censys.io/)"
216.244.66.234 - - [17/Apr/2026:21:15:27 +0700] "GET /robots.txt HTTP/1.1" 301 1058 "-" "Mozilla/5.0 (compatible; DotBot/1.2; +https://opensiteexplorer.org/dotbot; help@moz.com)"
152.136.183.76 - - [17/Apr/2026:21:29:18 +0700] "GET /robots.txt HTTP/1.1" 301 1065 "-" "Mozilla/5.0 (Windows NT 10.0; Win64; x64) AppleWebKit/537.36 (KHTML, like Gecko) Chrome/142.0.0.0 Safari/537.36"
43.173.182.81 - - [17/Apr/2026:21:48:54 +0700] "GET / HTTP/1.1" 301 1007 "-" "Mozilla/5.0 (Windows NT 10.0; Win64; x64) AppleWebKit/537.36 (KHTML, like Gecko) Chrome/120.0.0.0 Safari/537.36"
216.244.66.233 - - [17/Apr/2026:21:51:29 +0700] "GET /robots.txt HTTP/1.1" 301 1054 "-" "Mozilla/5.0 (compatible; DotBot/1.2; +https://opensiteexplorer.org/dotbot; help@moz.com)"
49.51.253.83 - - [17/Apr/2026:21:52:24 +0700] "GET / HTTP/1.1" 301 1040 "-" "Mozilla/5.0 (iPhone; CPU iPhone OS 13_2_3 like Mac OS X) AppleWebKit/605.1.15 (KHTML, like Gecko) Version/13.0.3 Mobile/15E148 Safari/604.1"
216.244.66.201 - - [17/Apr/2026:22:13:01 +0700] "GET /robots.txt HTTP/1.1" 301 1065 "-" "Mozilla/5.0 (compatible; DotBot/1.2; +https://opensiteexplorer.org/dotbot; help@moz.com)"
216.244.66.234 - - [17/Apr/2026:22:17:03 +0700] "GET /robots.txt HTTP/1.1" 301 1058 "-" "Mozilla/5.0 (compatible; DotBot/1.2; +https://opensiteexplorer.org/dotbot; help@moz.com)"
198.235.24.129 - - [17/Apr/2026:22:20:37 +0700] "GET / HTTP/1.1" 301 1059 "-" "Hello from Palo Alto Networks, find out more about our scans in https://docs-cortex.paloaltonetworks.com/r/1/Cortex-Xpanse/Scanning-activity"
103.131.71.177 - - [17/Apr/2026:22:53:22 +0700] "GET /robots.txt HTTP/1.1" 301 1032 "-" "Mozilla/5.0 (compatible; coccocbot-web/1.0; +http://help.coccoc.com/searchengine)"
216.244.66.201 - - [17/Apr/2026:23:01:22 +0700] "GET /robots.txt HTTP/1.1" 301 1065 "-" "Mozilla/5.0 (compatible; DotBot/1.2; +https://opensiteexplorer.org/dotbot; help@moz.com)"
216.244.66.234 - - [17/Apr/2026:23:05:03 +0700] "GET /robots.txt HTTP/1.1" 301 1058 "-" "Mozilla/5.0 (compatible; DotBot/1.2; +https://opensiteexplorer.org/dotbot; help@moz.com)"
216.244.66.234 - - [17/Apr/2026:23:05:09 +0700] "GET /robots.txt HTTP/1.1" 301 1054 "-" "Mozilla/5.0 (compatible; DotBot/1.2; +https://opensiteexplorer.org/dotbot; help@moz.com)"
216.244.66.233 - - [17/Apr/2026:23:31:43 +0700] "GET /robots.txt HTTP/1.1" 301 1054 "-" "Mozilla/5.0 (compatible; DotBot/1.2; +https://opensiteexplorer.org/dotbot; help@moz.com)"
216.244.66.201 - - [17/Apr/2026:23:50:37 +0700] "GET /robots.txt HTTP/1.1" 301 1065 "-" "Mozilla/5.0 (compatible; DotBot/1.2; +https://opensiteexplorer.org/dotbot; help@moz.com)"
216.244.66.234 - - [17/Apr/2026:23:52:17 +0700] "GET /robots.txt HTTP/1.1" 301 1054 "-" "Mozilla/5.0 (compatible; DotBot/1.2; +https://opensiteexplorer.org/dotbot; help@moz.com)"
216.244.66.234 - - [17/Apr/2026:23:52:17 +0700] "GET /robots.txt HTTP/1.1" 301 1058 "-" "Mozilla/5.0 (compatible; DotBot/1.2; +https://opensiteexplorer.org/dotbot; help@moz.com)"
218.48.190.68 - - [18/Apr/2026:00:31:11 +0700] "GET /wp-json/wp/v2/posts HTTP/1.1" 301 1037 "-" "Mozilla/5.0 (Windows NT 10.0; Win64; x64) AppleWebKit/537.36 (KHTML, like Gecko) Chrome/120.0.0.0 Safari/537.36"
216.244.66.201 - - [18/Apr/2026:00:37:53 +0700] "GET /robots.txt HTTP/1.1" 301 1065 "-" "Mozilla/5.0 (compatible; DotBot/1.2; +https://opensiteexplorer.org/dotbot; help@moz.com)"
216.244.66.234 - - [18/Apr/2026:00:40:13 +0700] "GET /robots.txt HTTP/1.1" 301 1054 "-" "Mozilla/5.0 (compatible; DotBot/1.2; +https://opensiteexplorer.org/dotbot; help@moz.com)"
216.244.66.234 - - [18/Apr/2026:00:40:14 +0700] "GET /robots.txt HTTP/1.1" 301 1058 "-" "Mozilla/5.0 (compatible; DotBot/1.2; +https://opensiteexplorer.org/dotbot; help@moz.com)"
173.252.95.40 - - [18/Apr/2026:01:02:14 +0700] "GET /sitemap.xml HTTP/1.1" 301 1015 "-" "facebookexternalhit/1.1 (+http://www.facebook.com/externalhit_uatext.php)"
216.244.66.201 - - [18/Apr/2026:01:23:58 +0700] "GET /robots.txt HTTP/1.1" 301 1065 "-" "Mozilla/5.0 (compatible; DotBot/1.2; +https://opensiteexplorer.org/dotbot; help@moz.com)"
103.131.71.43 - - [18/Apr/2026:01:46:19 +0700] "GET /robots.txt HTTP/1.1" 301 1014 "-" "Mozilla/5.0 (compatible; coccocbot-image/1.0; +http://help.coccoc.com/searchengine)"
43.157.156.190 - - [18/Apr/2026:01:51:16 +0700] "GET / HTTP/1.1" 301 1044 "-" "Mozilla/5.0 (iPhone; CPU iPhone OS 13_2_3 like Mac OS X) AppleWebKit/605.1.15 (KHTML, like Gecko) Version/13.0.3 Mobile/15E148 Safari/604.1"
216.244.66.201 - - [18/Apr/2026:02:09:20 +0700] "GET /robots.txt HTTP/1.1" 301 1065 "-" "Mozilla/5.0 (compatible; DotBot/1.2; +https://opensiteexplorer.org/dotbot; help@moz.com)"
216.244.66.234 - - [18/Apr/2026:02:22:44 +0700] "GET /robots.txt HTTP/1.1" 301 1054 "-" "Mozilla/5.0 (compatible; DotBot/1.2; +https://opensiteexplorer.org/dotbot; help@moz.com)"
43.159.139.164 - - [18/Apr/2026:02:46:07 +0700] "GET / HTTP/1.1" 301 1048 "-" "Mozilla/5.0 (iPhone; CPU iPhone OS 13_2_3 like Mac OS X) AppleWebKit/605.1.15 (KHTML, like Gecko) Version/13.0.3 Mobile/15E148 Safari/604.1"
185.247.137.56 - - [18/Apr/2026:02:49:05 +0700] "GET / HTTP/1.1" 301 1007 "-" "Mozilla/5.0 (compatible; InternetMeasurement/1.0; +https://internet-measurement.com/)"
34.182.229.202 - - [18/Apr/2026:02:54:47 +0700] "HEAD /blog/ HTTP/1.1" 301 219 "-" "Mozilla/5.0 (X11; Linux x86_64) AppleWebKit/537.36 (KHTML, like Gecko) Chrome/125.0.6422.76 Safari/537.36"
34.182.229.202 - - [18/Apr/2026:02:54:50 +0700] "HEAD /wp/ HTTP/1.1" 301 217 "-" "Mozilla/5.0 (Windows NT 10.0; WOW64) AppleWebKit/537.36 (KHTML, like Gecko) Chrome/118.0.5993.90 Safari/537.36"
34.182.229.202 - - [18/Apr/2026:02:54:51 +0700] "HEAD / HTTP/1.1" 301 214 "-" "Mozilla/5.0 (Macintosh; Intel Mac OS X 13_5) AppleWebKit/605.1.15 (KHTML, like Gecko) Version/16.5 Safari/605.1.15"
34.182.229.202 - - [18/Apr/2026:02:54:53 +0700] "HEAD /backup/ HTTP/1.1" 301 221 "-" "Mozilla/5.0 (Windows NT 10.0; Win64; x64) AppleWebKit/537.36 (KHTML, like Gecko) Chrome/125.0.6422.112 Safari/537.36 Brave/1.63.120"
34.182.229.202 - - [18/Apr/2026:02:54:54 +0700] "HEAD /old/ HTTP/1.1" 301 218 "-" "Mozilla/5.0 (Windows NT 10.0; WOW64) AppleWebKit/537.36 (KHTML, like Gecko) Chrome/118.0.5993.90 Safari/537.36"
34.182.229.202 - - [18/Apr/2026:02:54:56 +0700] "HEAD /new/ HTTP/1.1" 301 218 "-" "Mozilla/5.0 (iPhone; CPU iPhone OS 16_7 like Mac OS X) AppleWebKit/605.1.15 (KHTML, like Gecko) Version/16.7 Mobile/15E148 Safari/604.1"
34.182.229.202 - - [18/Apr/2026:02:54:57 +0700] "HEAD /wordpress/ HTTP/1.1" 301 224 "-" "Mozilla/5.0 (Linux; Android 10; vivo 1904) AppleWebKit/537.36 (KHTML, like Gecko) Chrome/117.0.5938.60 Mobile Safari/537.36"
216.244.66.234 - - [18/Apr/2026:03:25:49 +0700] "GET /robots.txt HTTP/1.1" 301 1058 "-" "Mozilla/5.0 (compatible; DotBot/1.2; +https://opensiteexplorer.org/dotbot; help@moz.com)"
216.244.66.234 - - [18/Apr/2026:03:25:50 +0700] "GET /robots.txt HTTP/1.1" 301 1054 "-" "Mozilla/5.0 (compatible; DotBot/1.2; +https://opensiteexplorer.org/dotbot; help@moz.com)"
93.158.91.252 - - [18/Apr/2026:03:57:27 +0700] "GET /robots.txt HTTP/1.1" 301 1028 "-" "Mozilla/5.0 (Windows NT 6.3; Win64; x64; rv:109.0) Gecko/20100101 Firefox/115"
93.158.91.249 - - [18/Apr/2026:03:57:29 +0700] "GET / HTTP/1.1" 301 1018 "-" "Mozilla/5.0 (Windows NT 6.3; Win64; x64; rv:109.0) Gecko/20100101 Firefox/115"
43.166.240.231 - - [18/Apr/2026:04:05:59 +0700] "GET / HTTP/1.1" 301 1044 "-" "Mozilla/5.0 (iPhone; CPU iPhone OS 13_2_3 like Mac OS X) AppleWebKit/605.1.15 (KHTML, like Gecko) Version/13.0.3 Mobile/15E148 Safari/604.1"
216.244.66.234 - - [18/Apr/2026:04:14:16 +0700] "GET /robots.txt HTTP/1.1" 301 1054 "-" "Mozilla/5.0 (compatible; DotBot/1.2; +https://opensiteexplorer.org/dotbot; help@moz.com)"
216.244.66.234 - - [18/Apr/2026:04:14:16 +0700] "GET /robots.txt HTTP/1.1" 301 1058 "-" "Mozilla/5.0 (compatible; DotBot/1.2; +https://opensiteexplorer.org/dotbot; help@moz.com)"
216.244.66.233 - - [18/Apr/2026:04:25:50 +0700] "GET /robots.txt HTTP/1.1" 301 1054 "-" "Mozilla/5.0 (compatible; DotBot/1.2; +https://opensiteexplorer.org/dotbot; help@moz.com)"
173.252.82.26 - - [18/Apr/2026:04:30:40 +0700] "GET /robots.txt HTTP/1.1" 301 1065 "-" "facebookexternalhit/1.1 (+http://www.facebook.com/externalhit_uatext.php)"
54.78.164.82 - - [18/Apr/2026:04:36:01 +0700] "GET /robots.txt HTTP/1.1" 301 1051 "-" "Pandalytics/2.0 (https://domainsbot.com/pandalytics/)"
54.78.164.82 - - [18/Apr/2026:04:36:03 +0700] "GET / HTTP/1.1" 301 1041 "-" "Pandalytics/2.0 (https://domainsbot.com/pandalytics/)"
103.131.71.43 - - [18/Apr/2026:04:36:53 +0700] "GET /robots.txt HTTP/1.1" 301 1028 "-" "Mozilla/5.0 (compatible; coccocbot-image/1.0; +http://help.coccoc.com/searchengine)"
145.220.91.19 - - [18/Apr/2026:04:45:20 +0700] "GET / HTTP/1.1" 301 1059 "-" "Mozilla/5.0 (Macintosh; Intel Mac OS X 10.15; rv:122.0) Gecko/20100101 Firefox/122.0"
216.244.66.234 - - [18/Apr/2026:05:03:08 +0700] "GET /robots.txt HTTP/1.1" 301 1054 "-" "Mozilla/5.0 (compatible; DotBot/1.2; +https://opensiteexplorer.org/dotbot; help@moz.com)"
44.248.211.99 - - [18/Apr/2026:05:05:22 +0700] "GET / HTTP/1.1" 301 1007 "-" "Mozilla/5.0 (Macintosh; Intel Mac OS X 10_15_7) AppleWebKit/537.36 (KHTML, like Gecko) Chrome/113.0.0.0 Safari/537.36"
75.110.84.78 - - [18/Apr/2026:05:05:22 +0700] "GET / HTTP/1.1" 301 1007 "-" "Mozilla/5.0 (Macintosh; Intel Mac OS X 10_15_7) AppleWebKit/537.36 (KHTML, like Gecko) Chrome/113.0.0.0 Safari/537.36"
114.119.137.45 - - [18/Apr/2026:05:09:30 +0700] "GET /robots.txt HTTP/1.1" 301 1021 "-" "Mozilla/5.0 (compatible;PetalBot;+https://webmaster.petalsearch.com/site/petalbot)"
44.217.24.16 - - [18/Apr/2026:05:10:21 +0700] "GET /robots.txt HTTP/1.1" 301 1021 "-" "Mozilla/5.0 (Macintosh; Intel Mac OS X 10_10_1) AppleWebKit/600.2.5 (KHTML, like Gecko) Version/8.0.2 Safari/600.2.5 (Gort)"
148.113.215.71 - - [18/Apr/2026:05:30:56 +0700] "GET / HTTP/1.1" 301 1055 "-" "Faraday v2.14.0"
216.244.66.234 - - [18/Apr/2026:05:52:53 +0700] "GET /robots.txt HTTP/1.1" 301 1054 "-" "Mozilla/5.0 (compatible; DotBot/1.2; +https://opensiteexplorer.org/dotbot; help@moz.com)"
51.68.236.90 - - [18/Apr/2026:05:57:48 +0700] "GET /robots.txt HTTP/1.1" 301 1065 "-" "Mozilla/5.0 (compatible; MJ12bot/v2.0.5; http://mj12bot.com/)"
51.68.236.90 - - [18/Apr/2026:05:58:02 +0700] "GET / HTTP/1.1" 301 1055 "-" "Mozilla/5.0 (compatible; MJ12bot/v2.0.5; http://mj12bot.com/)"
83.99.206.0 - - [18/Apr/2026:07:12:15 +0700] "GET / HTTP/1.1" 301 1044 "-" "Mozilla/5.0 (X11; Linux x86_64) AppleWebKit/537.36 (KHTML, like Gecko; GeedoShopProductFinder) Chrome/142.0.0.0 Safari/537.36"
103.131.71.48 - - [18/Apr/2026:07:15:08 +0700] "GET /robots.txt HTTP/1.1" 301 1032 "-" "Mozilla/5.0 (compatible; coccocbot-image/1.0; +http://help.coccoc.com/searchengine)"
216.244.66.234 - - [18/Apr/2026:07:39:08 +0700] "GET /robots.txt HTTP/1.1" 301 1054 "-" "Mozilla/5.0 (compatible; DotBot/1.2; +https://opensiteexplorer.org/dotbot; help@moz.com)"
52.204.81.148 - - [18/Apr/2026:08:15:34 +0700] "GET / HTTP/1.1" 301 1011 "-" "Mozilla/5.0 AppleWebKit/537.36 (KHTML, like Gecko; compatible; Amazonbot/0.1; +https://developer.amazon.com/support/amazonbot) Chrome/119.0.6045.214 Safari/537.36"
216.244.66.234 - - [18/Apr/2026:08:41:05 +0700] "GET /robots.txt HTTP/1.1" 301 1054 "-" "Mozilla/5.0 (compatible; DotBot/1.2; +https://opensiteexplorer.org/dotbot; help@moz.com)"
216.244.66.234 - - [18/Apr/2026:08:41:05 +0700] "GET /robots.txt HTTP/1.1" 301 1058 "-" "Mozilla/5.0 (compatible; DotBot/1.2; +https://opensiteexplorer.org/dotbot; help@moz.com)"
52.205.52.0 - - [18/Apr/2026:08:48:05 +0700] "GET /robots.txt HTTP/1.1" 301 1017 "-" "Mozilla/5.0 (Macintosh; Intel Mac OS X 10_10_1) AppleWebKit/600.2.5 (KHTML, like Gecko) Version/8.0.2 Safari/600.2.5 (Gort)"
114.119.130.168 - - [18/Apr/2026:08:57:34 +0700] "GET /robots.txt HTTP/1.1" 301 1028 "-" "Mozilla/5.0 (compatible;PetalBot;+https://webmaster.petalsearch.com/site/petalbot)"
43.134.186.61 - - [18/Apr/2026:09:04:23 +0700] "GET / HTTP/1.1" 301 1044 "-" "Mozilla/5.0 (iPhone; CPU iPhone OS 13_2_3 like Mac OS X) AppleWebKit/605.1.15 (KHTML, like Gecko) Version/13.0.3 Mobile/15E148 Safari/604.1"
199.244.88.228 - - [18/Apr/2026:09:08:29 +0700] "GET / HTTP/1.1" 301 1044 "-" "Mozilla/5.0 (X11; Linux x86_64) AppleWebKit/537.36 (KHTML, like Gecko) Chrome/105.0.0.0 Safari/537.36"
216.244.66.234 - - [18/Apr/2026:09:29:37 +0700] "GET /robots.txt HTTP/1.1" 301 1058 "-" "Mozilla/5.0 (compatible; DotBot/1.2; +https://opensiteexplorer.org/dotbot; help@moz.com)"
216.244.66.233 - - [18/Apr/2026:09:35:05 +0700] "GET /robots.txt HTTP/1.1" 301 1054 "-" "Mozilla/5.0 (compatible; DotBot/1.2; +https://opensiteexplorer.org/dotbot; help@moz.com)"
216.244.66.234 - - [18/Apr/2026:10:18:46 +0700] "GET /robots.txt HTTP/1.1" 301 1054 "-" "Mozilla/5.0 (compatible; DotBot/1.2; +https://opensiteexplorer.org/dotbot; help@moz.com)"
216.244.66.233 - - [18/Apr/2026:10:25:02 +0700] "GET /robots.txt HTTP/1.1" 301 1054 "-" "Mozilla/5.0 (compatible; DotBot/1.2; +https://opensiteexplorer.org/dotbot; help@moz.com)"
103.131.71.227 - - [18/Apr/2026:10:52:21 +0700] "GET /robots.txt HTTP/1.1" 301 1014 "-" "Mozilla/5.0 (compatible; coccocbot-web/1.0; +http://help.coccoc.com/searchengine)"
216.244.66.201 - - [18/Apr/2026:10:59:18 +0700] "GET /robots.txt HTTP/1.1" 301 1065 "-" "Mozilla/5.0 (compatible; DotBot/1.2; +https://opensiteexplorer.org/dotbot; help@moz.com)"
216.244.66.234 - - [18/Apr/2026:11:08:07 +0700] "GET /robots.txt HTTP/1.1" 301 1054 "-" "Mozilla/5.0 (compatible; DotBot/1.2; +https://opensiteexplorer.org/dotbot; help@moz.com)"
216.244.66.233 - - [18/Apr/2026:11:14:11 +0700] "GET /robots.txt HTTP/1.1" 301 1054 "-" "Mozilla/5.0 (compatible; DotBot/1.2; +https://opensiteexplorer.org/dotbot; help@moz.com)"
199.244.88.228 - - [18/Apr/2026:11:27:28 +0700] "GET / HTTP/1.1" 301 1040 "-" "Mozilla/5.0 (X11; Linux x86_64) AppleWebKit/537.36 (KHTML, like Gecko) Chrome/105.0.0.0 Safari/537.36"
80.94.95.173 - - [18/Apr/2026:11:43:58 +0700] "GET / HTTP/1.0" 301 1018 "http://dienmaychuyennghiep.com/" "Mozilla/5.0 (Windows NT 10.0; Win64; x64) AppleWebKit/537.36 (KHTML, like Gecko) Chrome/130.0.0.0 Safari/537.36 CCleaner/130.0.0.0"
216.244.66.234 - - [18/Apr/2026:11:58:18 +0700] "GET /robots.txt HTTP/1.1" 301 1058 "-" "Mozilla/5.0 (compatible; DotBot/1.2; +https://opensiteexplorer.org/dotbot; help@moz.com)"
216.244.66.234 - - [18/Apr/2026:11:58:18 +0700] "GET /robots.txt HTTP/1.1" 301 1054 "-" "Mozilla/5.0 (compatible; DotBot/1.2; +https://opensiteexplorer.org/dotbot; help@moz.com)"
216.244.66.234 - - [18/Apr/2026:12:48:20 +0700] "GET /robots.txt HTTP/1.1" 301 1058 "-" "Mozilla/5.0 (compatible; DotBot/1.2; +https://opensiteexplorer.org/dotbot; help@moz.com)"
51.68.107.148 - - [18/Apr/2026:13:27:35 +0700] "GET /robots.txt HTTP/1.1" 301 1054 "-" "Mozilla/5.0 (compatible; MJ12bot/v2.0.5; http://mj12bot.com/)"
51.68.107.148 - - [18/Apr/2026:13:27:38 +0700] "GET / HTTP/1.1" 301 1044 "-" "Mozilla/5.0 (compatible; MJ12bot/v2.0.5; http://mj12bot.com/)"
43.130.100.35 - - [18/Apr/2026:13:30:07 +0700] "GET / HTTP/1.1" 301 1059 "-" "Mozilla/5.0 (iPhone; CPU iPhone OS 13_2_3 like Mac OS X) AppleWebKit/605.1.15 (KHTML, like Gecko) Version/13.0.3 Mobile/15E148 Safari/604.1"
216.244.66.234 - - [18/Apr/2026:13:37:08 +0700] "GET /robots.txt HTTP/1.1" 301 1054 "-" "Mozilla/5.0 (compatible; DotBot/1.2; +https://opensiteexplorer.org/dotbot; help@moz.com)"
43.130.111.40 - - [18/Apr/2026:13:55:19 +0700] "GET / HTTP/1.1" 301 1040 "-" "Mozilla/5.0 (iPhone; CPU iPhone OS 13_2_3 like Mac OS X) AppleWebKit/605.1.15 (KHTML, like Gecko) Version/13.0.3 Mobile/15E148 Safari/604.1"
109.123.253.36 - - [18/Apr/2026:13:55:27 +0700] "GET / HTTP/1.1" 301 1055 "-" "Mozilla/5.0 (Windows NT 10.0; Win64; x64) AppleWebKit/537.36 (KHTML, like Gecko) Chrome/120.0.0.0 Safari/537.36"
109.123.253.36 - - [18/Apr/2026:13:56:08 +0700] "GET / HTTP/1.1" 301 1044 "-" "Mozilla/5.0 (Windows NT 10.0; Win64; x64) AppleWebKit/537.36 (KHTML, like Gecko) Chrome/120.0.0.0 Safari/537.36"
45.86.202.226 - - [18/Apr/2026:14:16:10 +0700] "GET /bless.php HTTP/1.1" 301 1049 "-" "Mozilla/5.0 (Windows NT 10.0; WOW64) AppleWebKit/537.36 (KHTML, like Gecko) Chrome/84.0.4147.105 Safari/537.36"
45.86.202.226 - - [18/Apr/2026:14:16:10 +0700] "GET /O-Simple.php HTTP/1.1" 301 1052 "-" "Mozilla/5.0 (Windows NT 10.0; Win64; x64; rv:76.0) Gecko/20100101 Firefox/76.0"
45.86.202.226 - - [18/Apr/2026:14:16:11 +0700] "GET /lock360.php HTTP/1.1" 301 1051 "-" "Mozilla/5.0 (Windows NT 10.0; Win64; x64) AppleWebKit/537.36 (KHTML, like Gecko) Chrome/84.0.4147.105 Safari/537.36"
45.86.202.226 - - [18/Apr/2026:14:16:11 +0700] "GET /zwso.php HTTP/1.1" 301 1048 "-" "Mozilla/5.0 (Windows NT 10.0; Win64; x64; rv:74.0) Gecko/20100101 Firefox/74.0"
45.86.202.226 - - [18/Apr/2026:14:16:11 +0700] "GET /chosen.php HTTP/1.1" 301 1050 "-" "Mozilla/5.0 (Windows NT 10.0; Win64; x64) AppleWebKit/537.36 (KHTML, like Gecko) Chrome/74.0.3729.157 Safari/537.36"
45.86.202.226 - - [18/Apr/2026:14:16:11 +0700] "GET /about.php HTTP/1.1" 301 1049 "-" "Mozilla/5.0 (Windows NT 6.3; Win64; x64; rv:73.0) Gecko/20100101 Firefox/73.0"
45.86.202.226 - - [18/Apr/2026:14:16:12 +0700] "GET /admin.php HTTP/1.1" 301 1049 "-" "Mozilla/5.0 (Windows NT 10.0; WOW64) AppleWebKit/537.36 (KHTML, like Gecko) Chrome/84.0.4147.105 Safari/537.36"
45.86.202.226 - - [18/Apr/2026:14:16:12 +0700] "GET /mah.php HTTP/1.1" 301 1047 "-" "Mozilla/5.0 (Macintosh; Intel Mac OS X 10_12_6) AppleWebKit/537.36 (KHTML, like Gecko) Chrome/58.0.3029.110 Safari/537.3"
45.86.202.226 - - [18/Apr/2026:14:16:12 +0700] "GET /.wp/wso.php HTTP/1.1" 301 1051 "-" "Mozilla/5.0 (Macintosh; Intel Mac OS X 10_15_6) AppleWebKit/537.36 (KHTML, like Gecko) Chrome/84.0.4147.105 Safari/537.36 OPR/70.0.3728.95"
45.86.202.226 - - [18/Apr/2026:14:16:12 +0700] "GET /core.php HTTP/1.1" 301 1048 "-" "Mozilla/5.0 (X11; Linux x86_64) AppleWebKit/537.36 (KHTML, like Gecko) Chrome/84.0.4147.105 Safari/537.36 OPR/70.0.3728.95"
45.86.202.226 - - [18/Apr/2026:14:16:13 +0700] "GET /robots.php HTTP/1.1" 301 1050 "-" "Mozilla/5.0 (X11; Ubuntu; Linux x86_64; rv:79.0) Gecko/20100101 Firefox/79.0"
45.86.202.226 - - [18/Apr/2026:14:16:13 +0700] "GET /inputs.php HTTP/1.1" 301 1050 "-" "Mozilla/5.0 (Windows NT 10.0; Win64; x64) AppleWebKit/537.36 (KHTML, like Gecko) Chrome/83.0.4103.97 Safari/537.36"
45.86.202.226 - - [18/Apr/2026:14:16:13 +0700] "GET /mini.php HTTP/1.1" 301 1048 "-" "Mozilla/5.0 (Windows NT 6.1; Win64; x64) AppleWebKit/537.36 (KHTML, like Gecko) Chrome/78.0.3904.108 Safari/537.36"
45.86.202.226 - - [18/Apr/2026:14:16:13 +0700] "GET /goods.php HTTP/1.1" 301 1049 "-" "Mozilla/5.0 (Windows NT 10.0; Win64; x64; rv:79.0) Gecko/20100101 Firefox/79.0"
45.86.202.226 - - [18/Apr/2026:14:16:14 +0700] "GET /file5.php HTTP/1.1" 301 1049 "-" "Mozilla/5.0 (Windows NT 10.0; Win64; x64; rv:67.0) Gecko/20100101 Firefox/67.0"
45.86.202.226 - - [18/Apr/2026:14:16:14 +0700] "GET /ahax.php HTTP/1.1" 301 1048 "-" "Mozilla/5.0 (Windows NT 10.0; Win64; x64) AppleWebKit/537.36 (KHTML, like Gecko) Chrome/77.0.3865.90 Safari/537.36"
45.86.202.226 - - [18/Apr/2026:14:16:14 +0700] "GET /f35.php HTTP/1.1" 301 1047 "-" "Mozilla/5.0 (Windows NT 10.0; Win64; x64; rv:77.0) Gecko/20100101 Firefox/77.0"
45.86.202.226 - - [18/Apr/2026:14:16:14 +0700] "GET /simple.php HTTP/1.1" 301 1050 "-" "Mozilla/5.0 (Windows NT 10.0; Win64; x64) AppleWebKit/537.36 (KHTML, like Gecko) Chrome/74.0.3729.169 Safari/537.36"
45.86.202.226 - - [18/Apr/2026:14:16:14 +0700] "GET /amax.php HTTP/1.1" 301 1048 "-" "Mozilla/5.0 (Windows NT 10.0; Win64; x64; rv:75.0) Gecko/20100101 Firefox/75.0"
45.86.202.226 - - [18/Apr/2026:14:16:15 +0700] "GET /update/f35.php HTTP/1.1" 301 1054 "-" "Mozilla/5.0 (Windows NT 10.0; Win64; x64) AppleWebKit/537.36 (KHTML, like Gecko) Chrome/58.0.3029.110 Safari/537.3"
45.86.202.226 - - [18/Apr/2026:14:16:15 +0700] "GET /wp-content/hello.php HTTP/1.1" 301 1060 "-" "Mozilla/5.0 (Windows NT 10.0; WOW64) AppleWebKit/537.36 (KHTML, like Gecko) Chrome/72.0.3626.121 Safari/537.36"
45.86.202.226 - - [18/Apr/2026:14:16:15 +0700] "GET /wp-admin/maint/bootstrap.php HTTP/1.1" 301 1068 "-" "Mozilla/5.0 (Windows NT 6.1; Win64; x64) AppleWebKit/537.36 (KHTML, like Gecko) Chrome/80.0.3987.149 Safari/537.36"
45.86.202.226 - - [18/Apr/2026:14:16:15 +0700] "GET /themes/zMousse/otuz1.php HTTP/1.1" 301 1064 "-" "Mozilla/5.0 (X11; Linux i686; rv:79.0) Gecko/20100101 Firefox/79.0"
45.86.202.226 - - [18/Apr/2026:14:16:16 +0700] "GET /wp-content/edit-wolf.php HTTP/1.1" 301 1064 "-" "Mozilla/5.0 (Windows NT 10.0; WOW64; x64) AppleWebKit/537.36 (KHTML, like Gecko) Chrome/84.0.4147.105 Safari/537.36 OPR/70.0.3728.95"
45.86.202.226 - - [18/Apr/2026:14:16:16 +0700] "GET /wp-content/plugins/ubh/up.php HTTP/1.1" 301 1069 "-" "Mozilla/5.0 (Windows NT 10.0; Win64; x64) AppleWebKit/537.36 (KHTML, like Gecko) Chrome/83.0.4103.61 Safari/537.36"
45.86.202.226 - - [18/Apr/2026:14:16:16 +0700] "GET /wp-admin/images/bootstrap.php HTTP/1.1" 301 1069 "-" "Mozilla/5.0 (Windows NT 10.0; Win64; x64) AppleWebKit/537.36 (KHTML, like Gecko) Chrome/79.0.3945.79 Safari/537.36"
45.86.202.226 - - [18/Apr/2026:14:16:17 +0700] "GET /images/upload.php HTTP/1.1" 301 1057 "-" "Mozilla/5.0 (Windows NT 6.1; Win64; x64) AppleWebKit/537.36 (KHTML, like Gecko) Chrome/79.0.3945.130 Safari/537.36"
45.86.202.226 - - [18/Apr/2026:14:16:17 +0700] "GET /wp-content/plugins/seoplugins/db.php?u HTTP/1.1" 301 1078 "-" "Mozilla/5.0 (Windows NT 10.0; Win64; x64; rv:77.0) Gecko/20100101 Firefox/77.0"
45.86.202.226 - - [18/Apr/2026:14:16:17 +0700] "GET /wp-content/themes/pridmag/db.php?u HTTP/1.1" 301 1074 "-" "Mozilla/5.0 (compatible; MSIE 10.0; Windows NT 6.1; Trident/6.0)"
45.86.202.226 - - [18/Apr/2026:14:16:17 +0700] "GET /wp-content/plugins/linkpreview/db.php?u HTTP/1.1" 301 1079 "-" "Mozilla/5.0 (Macintosh; Intel Mac OS X 10_10_1) AppleWebKit/537.36 (KHTML, like Gecko) Chrome/39.0.2171.95 Safari/537.36"
45.86.202.226 - - [18/Apr/2026:14:16:18 +0700] "GET /admin/uploads/bn_1_1754420677.phtml HTTP/1.1" 301 1075 "-" "Mozilla/5.0 (X11; Linux i686; rv:79.0) Gecko/20100101 Firefox/79.0"
45.86.202.226 - - [18/Apr/2026:14:16:18 +0700] "GET /modules/mod_simplefileuploadv1.3/elements/udd.php HTTP/1.1" 301 1089 "-" "Mozilla/5.0 (Windows NT 10.0; Win64; x64) AppleWebKit/537.36 (KHTML, like Gecko) Chrome/83.0.4103.61 Safari/537.36"
45.86.202.226 - - [18/Apr/2026:14:16:18 +0700] "GET /wp-content/plugins/pwnd/pwnd.php HTTP/1.1" 301 1072 "-" "Mozilla/5.0 (Windows NT 10.0; Win64; x64) AppleWebKit/537.36 (KHTML, like Gecko) Chrome/83.0.4103.61 Safari/537.36"
45.86.202.226 - - [18/Apr/2026:14:16:18 +0700] "GET /wp-content/plugins/pwnd-1/pwnd.php HTTP/1.1" 301 1074 "-" "Mozilla/5.0 (Windows NT 10.0; Win64; x64) AppleWebKit/537.36 (KHTML, like Gecko) Chrome/84.0.4147.105 Safari/537.36"
45.86.202.226 - - [18/Apr/2026:14:16:18 +0700] "GET /wp-admin/css/colors/midnight/admin.php HTTP/1.1" 301 1078 "-" "Mozilla/5.0 (X11; Fedora; Linux x86_64; rv:79.0) Gecko/20100101 Firefox/79.0"
45.86.202.226 - - [18/Apr/2026:14:16:19 +0700] "GET /vendor/phpunit/phpunit/src/Util/PHP/kill.php HTTP/1.1" 301 1084 "-" "Mozilla/5.0 (Windows NT 6.1; Win64; x64) AppleWebKit/537.36 (KHTML, like Gecko) Chrome/58.0.3029.110 Safari/537.3"
45.86.202.226 - - [18/Apr/2026:14:16:19 +0700] "GET /wp-includes/style-engine/worksec.php HTTP/1.1" 301 1076 "-" "Mozilla/5.0 (Windows NT 10.0; Win64; x64) AppleWebKit/537.36 (KHTML, like Gecko) Chrome/74.0.3729.169 Safari/537.36"
45.86.202.226 - - [18/Apr/2026:14:16:19 +0700] "GET /wp-admin/images/wp-conflg.php HTTP/1.1" 301 1069 "-" "Mozilla/5.0 (Windows NT 10.0; Win64; x64) AppleWebKit/537.36 (KHTML, like Gecko) Chrome/75.0.3770.100 Safari/537.36"
45.86.202.226 - - [18/Apr/2026:14:16:20 +0700] "GET /wp-content/plugins/core-plugin/include.php HTTP/1.1" 301 1082 "-" "Mozilla/5.0 (Windows NT 10.0; Win64; x64) AppleWebKit/537.36 (KHTML, like Gecko) Chrome/69.0.3497.100 Safari/537.36"
45.86.202.226 - - [18/Apr/2026:14:16:20 +0700] "GET /wp-content/plugins/envato-css.php HTTP/1.1" 301 1073 "-" "Mozilla/5.0 (Windows NT 10.0; Win64; x64) AppleWebKit/537.36 (KHTML, like Gecko) Chrome/79.0.3945.130 Safari/537.36"
45.86.202.226 - - [18/Apr/2026:14:16:20 +0700] "GET /classwithtostring.php HTTP/1.1" 301 1061 "-" "Mozilla/5.0 (Windows NT 10.0; Win64; x64) AppleWebKit/537.36 (KHTML, like Gecko) Chrome/81.0.4044.129 Safari/537.36"
45.86.202.226 - - [18/Apr/2026:14:16:20 +0700] "GET /uploads/94056-upload.phtml HTTP/1.1" 301 1066 "-" "Mozilla/5.0 (Macintosh; Intel Mac OS X 10_12_6) AppleWebKit/537.36 (KHTML, like Gecko) Chrome/58.0.3029.110 Safari/537.3"
45.86.202.226 - - [18/Apr/2026:14:16:20 +0700] "GET /index/function.php HTTP/1.1" 301 1058 "-" "Mozilla/5.0 (Windows NT 10.0; Win64; x64) AppleWebKit/537.36 (KHTML, like Gecko) Chrome/58.0.3029.110 Safari/537.3"
45.86.202.226 - - [18/Apr/2026:14:16:21 +0700] "GET /tinyfilemanager.php HTTP/1.1" 301 1059 "-" "Mozilla/5.0 (Macintosh; Intel Mac OS X 10_12_6) AppleWebKit/537.36 (KHTML, like Gecko) Chrome/58.0.3029.110 Safari/537.3"
45.86.202.226 - - [18/Apr/2026:14:16:21 +0700] "GET /js/bas.php HTTP/1.1" 301 1050 "-" "Mozilla/5.0 (Windows NT 10.0; Win64; x64) AppleWebKit/537.36 (KHTML, like Gecko) Chrome/75.0.3770.100 Safari/537.36"
45.86.202.226 - - [18/Apr/2026:14:16:21 +0700] "GET /.well-known/pki-validation/moon.php HTTP/1.1" 301 1075 "-" "Mozilla/5.0 (Windows NT 10.0; Win64; x64) AppleWebKit/537.36 (KHTML, like Gecko) Chrome/79.0.3945.79 Safari/537.36"
45.86.202.226 - - [18/Apr/2026:14:16:21 +0700] "GET /file.php HTTP/1.1" 301 1048 "-" "Mozilla/5.0 (Windows NT 10.0; Win64; x64) AppleWebKit/537.36 (KHTML, like Gecko) Chrome/75.0.3770.100 Safari/537.36"
45.86.202.226 - - [18/Apr/2026:14:16:22 +0700] "GET /wp-includes/js/index.php HTTP/1.1" 301 1064 "-" "Mozilla/5.0 (Windows NT 10.0; Win64; x64; rv:71.0) Gecko/20100101 Firefox/71.0"
45.86.202.226 - - [18/Apr/2026:14:16:22 +0700] "GET /wp-content/upgrade/item.php HTTP/1.1" 301 1067 "-" "Mozilla/5.0 (Windows NT 10.0; Win64; x64) AppleWebKit/537.36 (KHTML, like Gecko) Chrome/74.0.3729.169 Safari/537.36"
45.86.202.226 - - [18/Apr/2026:14:16:22 +0700] "GET /buy.php HTTP/1.1" 301 1047 "-" "Mozilla/5.0 (Macintosh; Intel Mac OS X 10_15_6) AppleWebKit/537.36 (KHTML, like Gecko) Chrome/84.0.4147.105 Safari/537.36"
45.86.202.226 - - [18/Apr/2026:14:16:22 +0700] "GET /wp-content/languages/wp-conflg.php HTTP/1.1" 301 1074 "-" "Mozilla/5.0 (Windows NT 6.1; Win64; x64) AppleWebKit/537.36 (KHTML, like Gecko) Chrome/74.0.3729.169 Safari/537.36"
45.86.202.226 - - [18/Apr/2026:14:16:23 +0700] "GET /wp-content/themes/classwithtostring.php HTTP/1.1" 301 1079 "-" "Mozilla/5.0 (Macintosh; Intel Mac OS X 10_15_6) AppleWebKit/537.36 (KHTML, like Gecko) Chrome/84.0.4147.125 Safari/537.36"
45.86.202.226 - - [18/Apr/2026:14:16:23 +0700] "GET /wp-content/plugins/elementor/wp-wjvngrh.php HTTP/1.1" 301 1083 "-" "Mozilla/5.0 (Windows NT 6.1; Win64; x64) AppleWebKit/537.36 (KHTML, like Gecko) Chrome/58.0.3029.110 Safari/537.3"
45.86.202.226 - - [18/Apr/2026:14:16:23 +0700] "GET /wp-includes/IXR/fix.php7 HTTP/1.1" 301 1064 "-" "Mozilla/5.0 (Windows NT 10.0; Win64; x64; rv:67.0) Gecko/20100101 Firefox/67.0"
45.86.202.226 - - [18/Apr/2026:14:16:23 +0700] "GET /wp-includes/widgets/dyqvcfqv.php HTTP/1.1" 301 1072 "-" "Mozilla/5.0 (X11; Linux x86_64) AppleWebKit/537.36 (KHTML, like Gecko) Chrome/84.0.4147.105 Safari/537.36"
45.86.202.226 - - [18/Apr/2026:14:16:24 +0700] "GET /admin/function.php HTTP/1.1" 301 1058 "-" "Mozilla/5.0 (Macintosh; Intel Mac OS X 10_15_6) AppleWebKit/537.36 (KHTML, like Gecko) Chrome/84.0.4147.105 Safari/537.36"
45.86.202.226 - - [18/Apr/2026:14:16:24 +0700] "GET /wp-includes/images/smilies/about.php HTTP/1.1" 301 1076 "-" "Mozilla/5.0 (Windows NT 10.0; Win64; x64) AppleWebKit/537.36 (KHTML, like Gecko) Chrome/77.0.3865.90 Safari/537.36"
45.86.202.226 - - [18/Apr/2026:14:16:24 +0700] "GET /wp-includes/js/crop/admin.php HTTP/1.1" 301 1069 "-" "Mozilla/5.0 (Windows NT 10.0; WOW64) AppleWebKit/537.36 (KHTML, like Gecko) Chrome/84.0.4147.105 Safari/537.36"
45.86.202.226 - - [18/Apr/2026:14:16:24 +0700] "GET /wp-includes/PHPMailer/wp-conflg.php HTTP/1.1" 301 1075 "-" "Mozilla/5.0 (Macintosh; Intel Mac OS X 10_15_6) AppleWebKit/537.36 (KHTML, like Gecko) Chrome/84.0.4147.105 Safari/537.36"
45.86.202.226 - - [18/Apr/2026:14:16:25 +0700] "GET /wp-includes/PHPMailer/admin.php HTTP/1.1" 301 1071 "-" "Mozilla/5.0 (Windows NT 10.0; WOW64) AppleWebKit/537.36 (KHTML, like Gecko) Chrome/72.0.3626.121 Safari/537.36"
45.86.202.226 - - [18/Apr/2026:14:16:25 +0700] "GET /wp-includes/widgets/wp-login.php HTTP/1.1" 301 1072 "-" "Mozilla/5.0 (Windows NT 10.0; Win64; x64) AppleWebKit/537.36 (KHTML, like Gecko) Chrome/79.0.3945.79 Safari/537.36"
45.86.202.226 - - [18/Apr/2026:14:16:25 +0700] "GET /files/index.php HTTP/1.1" 301 1055 "-" "Mozilla/5.0 (Windows NT 10.0; Win64; x64) AppleWebKit/537.36 (KHTML, like Gecko) Chrome/79.0.3945.79 Safari/537.36"
45.86.202.226 - - [18/Apr/2026:14:16:25 +0700] "GET /wp-includes/PHPMailer/options.php HTTP/1.1" 301 1073 "-" "Mozilla/5.0 (Windows NT 10.0; Win64; x64) AppleWebKit/537.36 (KHTML, like Gecko) Chrome/84.0.4147.105 Safari/537.36"
45.86.202.226 - - [18/Apr/2026:14:16:26 +0700] "GET /inc.php HTTP/1.1" 301 1047 "-" "Mozilla/5.0 (Windows NT 10.0; Win64; x64; rv:79.0) Gecko/20100101 Firefox/79.0"
45.86.202.226 - - [18/Apr/2026:14:16:26 +0700] "GET /wp-content/index.php HTTP/1.1" 301 1060 "-" "Mozilla/5.0 (Windows NT 10.0; Win64; x64) AppleWebKit/537.36 (KHTML, like Gecko) Chrome/81.0.4044.129 Safari/537.36"
45.86.202.226 - - [18/Apr/2026:14:16:26 +0700] "GET /filemanager.php HTTP/1.1" 301 1055 "-" "Mozilla/5.0 (Windows NT 10.0; Win64; x64; rv:79.0) Gecko/20100101 Firefox/79.0"
45.86.202.226 - - [18/Apr/2026:14:16:26 +0700] "GET /cgi-bin/bypass.php HTTP/1.1" 301 1058 "-" "Mozilla/5.0 (Windows NT 10.0; Win64; x64; rv:77.0) Gecko/20100101 Firefox/77.0"
45.86.202.226 - - [18/Apr/2026:14:16:27 +0700] "GET /.well-known/pki-validation/admin.php HTTP/1.1" 301 1076 "-" "Mozilla/5.0 (Windows NT 6.1; Win64; x64) AppleWebKit/537.36 (KHTML, like Gecko) Chrome/74.0.3729.169 Safari/537.36"
45.86.202.226 - - [18/Apr/2026:14:16:27 +0700] "GET /wp-includes/IXR/admin.php HTTP/1.1" 301 1065 "-" "Mozilla/5.0 (Macintosh; Intel Mac OS X 10.15; rv:79.0) Gecko/20100101 Firefox/79.0"
45.86.202.226 - - [18/Apr/2026:14:16:27 +0700] "GET /wp-admin/js/index.php HTTP/1.1" 301 1061 "-" "Mozilla/5.0 (X11; Linux i686; rv:79.0) Gecko/20100101 Firefox/79.0"
45.86.202.226 - - [18/Apr/2026:14:16:27 +0700] "GET /wp-includes/js/jquery/jquery.php HTTP/1.1" 301 1072 "-" "Mozilla/5.0 (Windows NT 10.0; Win64; x64; rv:77.0) Gecko/20100101 Firefox/77.0"
45.86.202.226 - - [18/Apr/2026:14:16:28 +0700] "GET /function.php HTTP/1.1" 301 1052 "-" "Mozilla/5.0 (Linux x86_64; rv:79.0) Gecko/20100101 Firefox/79.0"
45.86.202.226 - - [18/Apr/2026:14:16:28 +0700] "GET /wp-includes/block-supports/autoload_classmap.php HTTP/1.1" 301 1088 "-" "Mozilla/5.0 (Windows NT 10.0; Win64; x64) AppleWebKit/537.36 (KHTML, like Gecko) Chrome/70.0.3538.77 Safari/537.36"
45.86.202.226 - - [18/Apr/2026:14:16:28 +0700] "GET /wp-signup.php HTTP/1.1" 301 1053 "-" "Mozilla/5.0 (Windows NT 10.0; Win64; x64; rv:73.0) Gecko/20100101 Firefox/73.0"
45.86.202.226 - - [18/Apr/2026:14:16:28 +0700] "GET /wp-admin/network/network.php HTTP/1.1" 301 1068 "-" "Mozilla/5.0 (Windows NT 10.0; WOW64) AppleWebKit/537.36 (KHTML, like Gecko) Chrome/84.0.4147.105 Safari/537.36"
45.86.202.226 - - [18/Apr/2026:14:16:29 +0700] "GET /admin/upload/css.php HTTP/1.1" 301 1060 "-" "Mozilla/5.0 (Windows NT 10.0; Win64; x64; rv:77.0) Gecko/20100101 Firefox/77.0"
45.86.202.226 - - [18/Apr/2026:14:16:29 +0700] "GET /wp-blog.php HTTP/1.1" 301 1051 "-" "Mozilla/5.0 (X11; Ubuntu; Linux i686; rv:79.0) Gecko/20100101 Firefox/79.0"
