20.107.212.3 - - [24/Apr/2026:14:49:44 +0700] "GET /sky.php HTTP/1.1" 301 1051 "-" "-"
20.107.212.3 - - [24/Apr/2026:14:49:47 +0700] "GET /bojcdooq.php HTTP/1.1" 301 1056 "-" "-"
20.107.212.3 - - [24/Apr/2026:14:49:49 +0700] "GET /zdd.php HTTP/1.1" 301 1051 "-" "-"
20.107.212.3 - - [24/Apr/2026:14:49:51 +0700] "GET /133.php HTTP/1.1" 301 1051 "-" "-"
20.107.212.3 - - [24/Apr/2026:14:49:56 +0700] "GET /jq.php HTTP/1.1" 301 1050 "-" "-"
20.107.212.3 - - [24/Apr/2026:14:49:58 +0700] "GET /cro.php HTTP/1.1" 301 1051 "-" "-"
20.107.212.3 - - [24/Apr/2026:14:50:00 +0700] "GET /wwx.php HTTP/1.1" 301 1051 "-" "-"
20.107.212.3 - - [24/Apr/2026:14:50:02 +0700] "GET /trx24.php HTTP/1.1" 301 1053 "-" "-"
20.107.212.3 - - [24/Apr/2026:14:50:05 +0700] "GET /blox.php HTTP/1.1" 301 1052 "-" "-"
20.107.212.3 - - [24/Apr/2026:14:50:07 +0700] "GET /berax.php HTTP/1.1" 301 1053 "-" "-"
20.107.212.3 - - [24/Apr/2026:14:50:09 +0700] "GET /bkxzo.php HTTP/1.1" 301 1053 "-" "-"
20.107.212.3 - - [24/Apr/2026:14:50:10 +0700] "GET /cdxadmin.php HTTP/1.1" 301 1056 "-" "-"
20.107.212.3 - - [24/Apr/2026:14:50:12 +0700] "GET /dfre.php HTTP/1.1" 301 1052 "-" "-"
20.107.212.3 - - [24/Apr/2026:14:50:14 +0700] "GET /sko.php HTTP/1.1" 301 1051 "-" "-"
20.107.212.3 - - [24/Apr/2026:14:50:16 +0700] "GET /shorw.php HTTP/1.1" 301 1053 "-" "-"
20.107.212.3 - - [24/Apr/2026:14:50:18 +0700] "GET /shelp.php HTTP/1.1" 301 1053 "-" "-"
20.107.212.3 - - [24/Apr/2026:14:50:20 +0700] "GET /seyv.php HTTP/1.1" 301 1052 "-" "-"
20.107.212.3 - - [24/Apr/2026:14:50:22 +0700] "GET /sad821.php HTTP/1.1" 301 1054 "-" "-"
20.107.212.3 - - [24/Apr/2026:14:50:24 +0700] "GET /sad8210.php HTTP/1.1" 301 1055 "-" "-"
20.107.212.3 - - [24/Apr/2026:14:50:25 +0700] "GET /sad8rd1.php HTTP/1.1" 301 1055 "-" "-"
20.107.212.3 - - [24/Apr/2026:14:50:27 +0700] "GET /saxzgf5.php HTTP/1.1" 301 1055 "-" "-"
20.107.212.3 - - [24/Apr/2026:14:50:28 +0700] "GET /saxzw9t.php HTTP/1.1" 301 1055 "-" "-"
20.107.212.3 - - [24/Apr/2026:14:50:30 +0700] "GET /sder5252u.php HTTP/1.1" 301 1057 "-" "-"
20.107.212.3 - - [24/Apr/2026:14:50:32 +0700] "GET /sderty5u.php HTTP/1.1" 301 1056 "-" "-"
20.107.212.3 - - [24/Apr/2026:14:50:34 +0700] "GET /hilk.php HTTP/1.1" 301 1052 "-" "-"
20.107.212.3 - - [24/Apr/2026:14:50:35 +0700] "GET /miso.php HTTP/1.1" 301 1052 "-" "-"
20.107.212.3 - - [24/Apr/2026:14:50:37 +0700] "GET /yuzuru1.php HTTP/1.1" 301 1055 "-" "-"
20.107.212.3 - - [24/Apr/2026:14:50:39 +0700] "GET /checkout.php HTTP/1.1" 301 1056 "-" "-"
20.107.212.3 - - [24/Apr/2026:14:50:40 +0700] "GET /fictioner.php HTTP/1.1" 301 1057 "-" "-"
20.107.212.3 - - [24/Apr/2026:14:50:42 +0700] "GET /ortasekerli1.php HTTP/1.1" 301 1060 "-" "-"
20.107.212.3 - - [24/Apr/2026:14:50:44 +0700] "GET /xxa.php HTTP/1.1" 301 1051 "-" "-"
20.107.212.3 - - [24/Apr/2026:14:50:46 +0700] "GET /file6.php HTTP/1.1" 301 1053 "-" "-"
20.107.212.3 - - [24/Apr/2026:14:50:47 +0700] "GET /wp-asyn-upload.php HTTP/1.1" 301 1062 "-" "-"
20.107.212.3 - - [24/Apr/2026:14:50:49 +0700] "GET /redixsx.php HTTP/1.1" 301 1055 "-" "-"
20.107.212.3 - - [24/Apr/2026:14:50:50 +0700] "GET /alpha.php HTTP/1.1" 301 1053 "-" "-"
20.107.212.3 - - [24/Apr/2026:14:50:52 +0700] "GET /bc.php HTTP/1.1" 301 1050 "-" "-"
20.107.212.3 - - [24/Apr/2026:14:50:53 +0700] "GET /67.php HTTP/1.1" 301 1050 "-" "-"
20.107.212.3 - - [24/Apr/2026:14:50:54 +0700] "GET /1mrX.php HTTP/1.1" 301 1052 "-" "-"
20.107.212.3 - - [24/Apr/2026:14:50:56 +0700] "GET /x402.php HTTP/1.1" 301 1052 "-" "-"
20.107.212.3 - - [24/Apr/2026:14:50:57 +0700] "GET /485.php HTTP/1.1" 301 1051 "-" "-"
20.107.212.3 - - [24/Apr/2026:14:51:00 +0700] "GET /drykl.php HTTP/1.1" 301 1053 "-" "-"
20.107.212.3 - - [24/Apr/2026:14:51:01 +0700] "GET /xxx.php HTTP/1.1" 301 1051 "-" "-"
43.159.62.163 - - [24/Apr/2026:14:58:39 +0700] "GET / HTTP/1.1" 301 1044 "-" "Mozilla/5.0 (iPhone; CPU iPhone OS 13_2_3 like Mac OS X) AppleWebKit/605.1.15 (KHTML, like Gecko) Version/13.0.3 Mobile/15E148 Safari/604.1"
216.244.66.201 - - [24/Apr/2026:15:00:02 +0700] "GET /robots.txt HTTP/1.1" 301 1065 "-" "Mozilla/5.0 (compatible; DotBot/1.2; +https://opensiteexplorer.org/dotbot; help@moz.com)"
116.179.32.80 - - [24/Apr/2026:15:02:26 +0700] "GET /danh-muc-san-pham/dung-cu-cam-tay/kim/kim-bam-cos/ HTTP/1.1" 301 1057 "-" "Mozilla/5.0 (compatible; Baiduspider/2.0; +http://www.baidu.com/search/spider.html)"
138.197.151.174 - - [24/Apr/2026:15:05:03 +0700] "GET /wp-login.php HTTP/1.1" 301 1053 "-" "Mozilla/5.0"
216.244.66.234 - - [24/Apr/2026:15:07:41 +0700] "GET /robots.txt HTTP/1.1" 301 1054 "-" "Mozilla/5.0 (compatible; DotBot/1.2; +https://opensiteexplorer.org/dotbot; help@moz.com)"
143.110.194.54 - - [24/Apr/2026:15:21:31 +0700] "GET /wp-login.php HTTP/1.1" 301 1052 "-" "Mozilla/5.0"
66.249.71.197 - - [24/Apr/2026:15:26:33 +0700] "GET /robots.txt HTTP/1.1" 301 1058 "-" "Mozilla/5.0 (compatible; Googlebot/2.1; +http://www.google.com/bot.html)"
18.216.6.203 - - [24/Apr/2026:15:27:39 +0700] "GET / HTTP/1.1" 301 1055 "-" "Mozilla/5.0 (Windows NT 10.0; Win64; x64) AppleWebKit/537.36 (KHTML, like Gecko) Chrome/146.0.7423.12 Safari/537.36"
216.244.66.201 - - [24/Apr/2026:15:49:41 +0700] "GET /robots.txt HTTP/1.1" 301 1065 "-" "Mozilla/5.0 (compatible; DotBot/1.2; +https://opensiteexplorer.org/dotbot; help@moz.com)"
216.244.66.234 - - [24/Apr/2026:15:58:00 +0700] "GET /robots.txt HTTP/1.1" 301 1054 "-" "Mozilla/5.0 (compatible; DotBot/1.2; +https://opensiteexplorer.org/dotbot; help@moz.com)"
216.244.66.233 - - [24/Apr/2026:16:00:47 +0700] "GET /robots.txt HTTP/1.1" 301 1054 "-" "Mozilla/5.0 (compatible; DotBot/1.2; +https://opensiteexplorer.org/dotbot; help@moz.com)"
161.35.143.14 - - [24/Apr/2026:16:00:53 +0700] "GET /wp-login.php HTTP/1.1" 301 1056 "-" "Mozilla/5.0"
43.133.54.83 - - [24/Apr/2026:16:08:53 +0700] "GET / HTTP/1.1" 301 1041 "-" "Mozilla/5.0 (iPhone; CPU iPhone OS 13_2_3 like Mac OS X) AppleWebKit/605.1.15 (KHTML, like Gecko) Version/13.0.3 Mobile/15E148 Safari/604.1"
43.134.127.70 - - [24/Apr/2026:16:09:05 +0700] "GET / HTTP/1.1" 301 1040 "-" "Mozilla/5.0 (iPhone; CPU iPhone OS 13_2_3 like Mac OS X) AppleWebKit/605.1.15 (KHTML, like Gecko) Version/13.0.3 Mobile/15E148 Safari/604.1"
167.99.125.192 - - [24/Apr/2026:16:09:28 +0700] "GET /wp-login.php HTTP/1.1" 301 1056 "-" "Mozilla/5.0"
52.167.144.218 - - [24/Apr/2026:16:29:22 +0700] "GET /community/2025-06-04/hinh-anh-casino-ho-tram.pdf HTTP/1.1" 301 1107 "-" "Mozilla/5.0 AppleWebKit/537.36 (KHTML, like Gecko; compatible; bingbot/2.0; +http://www.bing.com/bingbot.htm) Chrome/116.0.1938.76 Safari/537.36"
165.232.72.70 - - [24/Apr/2026:16:41:10 +0700] "GET /wp-login.php HTTP/1.1" 301 1053 "-" "Mozilla/5.0"
216.244.66.234 - - [24/Apr/2026:16:45:49 +0700] "GET /robots.txt HTTP/1.1" 301 1054 "-" "Mozilla/5.0 (compatible; DotBot/1.2; +https://opensiteexplorer.org/dotbot; help@moz.com)"
216.244.66.234 - - [24/Apr/2026:16:45:49 +0700] "GET /robots.txt HTTP/1.1" 301 1058 "-" "Mozilla/5.0 (compatible; DotBot/1.2; +https://opensiteexplorer.org/dotbot; help@moz.com)"
165.227.30.144 - - [24/Apr/2026:16:53:10 +0700] "GET /wp-login.php HTTP/1.1" 301 1067 "-" "Mozilla/5.0"
216.244.66.201 - - [24/Apr/2026:17:09:07 +0700] "GET /robots.txt HTTP/1.1" 301 1065 "-" "Mozilla/5.0 (compatible; DotBot/1.2; +https://opensiteexplorer.org/dotbot; help@moz.com)"
124.156.200.223 - - [24/Apr/2026:17:20:40 +0700] "GET / HTTP/1.1" 301 1044 "-" "Mozilla/5.0 (iPhone; CPU iPhone OS 13_2_3 like Mac OS X) AppleWebKit/605.1.15 (KHTML, like Gecko) Version/13.0.3 Mobile/15E148 Safari/604.1"
43.133.54.83 - - [24/Apr/2026:17:21:52 +0700] "GET / HTTP/1.1" 301 1045 "-" "Mozilla/5.0 (iPhone; CPU iPhone OS 13_2_3 like Mac OS X) AppleWebKit/605.1.15 (KHTML, like Gecko) Version/13.0.3 Mobile/15E148 Safari/604.1"
173.252.70.37 - - [24/Apr/2026:17:25:04 +0700] "GET /robots.txt HTTP/1.1" 301 1051 "-" "facebookexternalhit/1.1 (+http://www.facebook.com/externalhit_uatext.php)"
216.244.66.234 - - [24/Apr/2026:17:31:49 +0700] "GET /robots.txt HTTP/1.1" 301 1054 "-" "Mozilla/5.0 (compatible; DotBot/1.2; +https://opensiteexplorer.org/dotbot; help@moz.com)"
8.229.99.20 - - [24/Apr/2026:17:56:12 +0700] "GET / HTTP/1.1" 301 1045 "-" "Mozilla/5.0 (compatible; CMS-Checker/1.0; +https://example.com)"
103.131.71.227 - - [24/Apr/2026:17:59:56 +0700] "GET /robots.txt HTTP/1.1" 301 1028 "-" "Mozilla/5.0 (compatible; coccocbot-web/1.0; +http://help.coccoc.com/searchengine)"
103.131.71.150 - - [24/Apr/2026:18:00:16 +0700] "GET / HTTP/1.1" 301 1018 "-" "Mozilla/5.0 (compatible; coccocbot-web/1.0; +http://help.coccoc.com/searchengine)"
216.244.66.234 - - [24/Apr/2026:18:19:39 +0700] "GET /robots.txt HTTP/1.1" 301 1058 "-" "Mozilla/5.0 (compatible; DotBot/1.2; +https://opensiteexplorer.org/dotbot; help@moz.com)"
8.229.99.20 - - [24/Apr/2026:18:24:14 +0700] "GET / HTTP/1.1" 301 1041 "-" "Mozilla/5.0 (Windows NT 10.0; Win64; x64) AppleWebKit/537.36 (KHTML, like Gecko) Chrome/78.0.3904.108 Safari/537.36"
136.109.191.52 - - [24/Apr/2026:18:52:41 +0700] "GET / HTTP/1.1" 301 1055 "-" "Mozilla/5.0 (compatible; CMS-Checker/1.0; +https://example.com)"
34.24.182.0 - - [24/Apr/2026:18:58:40 +0700] "GET / HTTP/1.1" 301 1044 "-" "Mozilla/5.0 (compatible; CMS-Checker/1.0; +https://example.com)"
40.77.167.77 - - [24/Apr/2026:18:59:16 +0700] "GET /president/2025-06-04/x%C3%A1c-b52 HTTP/1.1" 301 1088 "-" "Mozilla/5.0 AppleWebKit/537.36 (KHTML, like Gecko; compatible; bingbot/2.0; +http://www.bing.com/bingbot.htm) Chrome/116.0.1938.76 Safari/537.36"
207.46.13.141 - - [24/Apr/2026:19:00:28 +0700] "GET /education/2025-06-05/sbobet-chau-a HTTP/1.1" 301 1093 "-" "Mozilla/5.0 AppleWebKit/537.36 (KHTML, like Gecko; compatible; bingbot/2.0; +http://www.bing.com/bingbot.htm) Chrome/116.0.1938.76 Safari/537.36"
103.131.71.68 - - [24/Apr/2026:19:04:26 +0700] "GET /robots.txt HTTP/1.1" 301 1032 "-" "Mozilla/5.0 (compatible; coccocbot-web/1.0; +http://help.coccoc.com/searchengine)"
216.244.66.234 - - [24/Apr/2026:19:06:14 +0700] "GET /robots.txt HTTP/1.1" 301 1054 "-" "Mozilla/5.0 (compatible; DotBot/1.2; +https://opensiteexplorer.org/dotbot; help@moz.com)"
34.24.182.0 - - [24/Apr/2026:19:17:44 +0700] "GET / HTTP/1.1" 301 1044 "-" "Mozilla/5.0 (Windows NT 10.0; Win64; x64) AppleWebKit/537.36 (KHTML, like Gecko) Chrome/78.0.3904.108 Safari/537.36"
136.109.191.52 - - [24/Apr/2026:19:19:36 +0700] "GET / HTTP/1.1" 301 1055 "-" "Mozilla/5.0 (Windows NT 10.0; Win64; x64) AppleWebKit/537.36 (KHTML, like Gecko) Chrome/78.0.3904.108 Safari/537.36"
35.231.31.220 - - [24/Apr/2026:19:55:38 +0700] "GET / HTTP/1.1" 301 1048 "-" "Mozilla/5.0 (compatible; CMS-Checker/1.0; +https://example.com)"
104.155.92.210 - - [24/Apr/2026:20:12:48 +0700] "GET / HTTP/1.1" 301 1044 "-" "Mozilla/5.0 (compatible; CMS-Checker/1.0; +https://example.com)"
45.55.60.20 - - [24/Apr/2026:20:14:33 +0700] "GET / HTTP/1.1" 301 1041 "-" "Mozilla/5.0 (X11; Linux x86_64; rv:142.0) Gecko/20100101 Firefox/142.0"
45.55.60.20 - - [24/Apr/2026:20:14:34 +0700] "GET /favicon.ico HTTP/1.1" 301 1052 "http://pemcom.vn/" "Mozilla/5.0 (X11; Linux x86_64; rv:142.0) Gecko/20100101 Firefox/142.0"
34.23.62.232 - - [24/Apr/2026:20:19:40 +0700] "GET / HTTP/1.1" 301 1055 "-" "Mozilla/5.0 (Windows NT 10.0; Win64; x64) AppleWebKit/537.36 (KHTML, like Gecko) Chrome/78.0.3904.108 Safari/537.36"
34.22.153.35 - - [24/Apr/2026:20:20:37 +0700] "GET / HTTP/1.1" 301 1040 "-" "Mozilla/5.0 (compatible; CMS-Checker/1.0; +https://example.com)"
35.231.31.220 - - [24/Apr/2026:20:23:26 +0700] "GET / HTTP/1.1" 301 1044 "-" "Mozilla/5.0 (Windows NT 10.0; Win64; x64) AppleWebKit/537.36 (KHTML, like Gecko) Chrome/78.0.3904.108 Safari/537.36"
49.51.72.76 - - [24/Apr/2026:20:33:36 +0700] "GET / HTTP/1.1" 301 1040 "-" "Mozilla/5.0 (iPhone; CPU iPhone OS 13_2_3 like Mac OS X) AppleWebKit/605.1.15 (KHTML, like Gecko) Version/13.0.3 Mobile/15E148 Safari/604.1"
216.244.66.201 - - [24/Apr/2026:20:35:19 +0700] "GET /robots.txt HTTP/1.1" 301 1065 "-" "Mozilla/5.0 (compatible; DotBot/1.2; +https://opensiteexplorer.org/dotbot; help@moz.com)"
34.26.137.166 - - [24/Apr/2026:20:39:27 +0700] "GET / HTTP/1.1" 301 1044 "-" "Mozilla/5.0 (compatible; CMS-Checker/1.0; +https://example.com)"
216.244.66.234 - - [24/Apr/2026:20:41:50 +0700] "GET /robots.txt HTTP/1.1" 301 1054 "-" "Mozilla/5.0 (compatible; DotBot/1.2; +https://opensiteexplorer.org/dotbot; help@moz.com)"
216.244.66.234 - - [24/Apr/2026:20:41:50 +0700] "GET /robots.txt HTTP/1.1" 301 1058 "-" "Mozilla/5.0 (compatible; DotBot/1.2; +https://opensiteexplorer.org/dotbot; help@moz.com)"
8.229.161.156 - - [24/Apr/2026:20:45:56 +0700] "GET / HTTP/1.1" 301 1040 "-" "Mozilla/5.0 (compatible; CMS-Checker/1.0; +https://example.com)"
34.75.55.27 - - [24/Apr/2026:20:54:28 +0700] "GET / HTTP/1.1" 301 1059 "-" "Mozilla/5.0 (compatible; CMS-Checker/1.0; +https://example.com)"
34.26.137.166 - - [24/Apr/2026:21:10:48 +0700] "GET / HTTP/1.1" 301 1040 "-" "Mozilla/5.0 (Windows NT 10.0; Win64; x64) AppleWebKit/537.36 (KHTML, like Gecko) Chrome/78.0.3904.108 Safari/537.36"
8.229.161.156 - - [24/Apr/2026:21:16:26 +0700] "GET / HTTP/1.1" 301 1040 "-" "Mozilla/5.0 (Windows NT 10.0; Win64; x64) AppleWebKit/537.36 (KHTML, like Gecko) Chrome/78.0.3904.108 Safari/537.36"
188.130.128.186 - - [24/Apr/2026:21:18:01 +0700] "GET /contact-us/ HTTP/1.0" 301 1029 "http://dienmaychuyennghiep.com/contact-us/" "Mozilla/5.0 (Windows NT 10.0; Win64; x64) AppleWebKit/537.36 (KHTML, like Gecko) Chrome/130.0.0.0 Safari/537.36 CCleaner/130.0.0.0"
216.244.66.234 - - [24/Apr/2026:21:28:13 +0700] "GET /robots.txt HTTP/1.1" 301 1054 "-" "Mozilla/5.0 (compatible; DotBot/1.2; +https://opensiteexplorer.org/dotbot; help@moz.com)"
216.244.66.234 - - [24/Apr/2026:21:28:13 +0700] "GET /robots.txt HTTP/1.1" 301 1058 "-" "Mozilla/5.0 (compatible; DotBot/1.2; +https://opensiteexplorer.org/dotbot; help@moz.com)"
43.157.170.126 - - [24/Apr/2026:21:37:10 +0700] "GET / HTTP/1.1" 301 1044 "-" "Mozilla/5.0 (iPhone; CPU iPhone OS 13_2_3 like Mac OS X) AppleWebKit/605.1.15 (KHTML, like Gecko) Version/13.0.3 Mobile/15E148 Safari/604.1"
4.235.104.4 - - [24/Apr/2026:21:37:25 +0700] "GET /wp-content/plugins/hellopress/wp_filemanager.php HTTP/1.1" 301 1092 "-" "-"
4.235.104.4 - - [24/Apr/2026:21:37:28 +0700] "GET /aboutc.php HTTP/1.1" 301 1054 "-" "-"
4.235.104.4 - - [24/Apr/2026:21:37:30 +0700] "GET /new4.php HTTP/1.1" 301 1052 "-" "-"
4.235.104.4 - - [24/Apr/2026:21:37:32 +0700] "GET /hroxw.php HTTP/1.1" 301 1053 "-" "-"
4.235.104.4 - - [24/Apr/2026:21:37:34 +0700] "GET /wp-blogs.php HTTP/1.1" 301 1056 "-" "-"
4.235.104.4 - - [24/Apr/2026:21:37:36 +0700] "GET /set.php HTTP/1.1" 301 1051 "-" "-"
4.235.104.4 - - [24/Apr/2026:21:37:38 +0700] "GET /lib.php HTTP/1.1" 301 1051 "-" "-"
4.235.104.4 - - [24/Apr/2026:21:37:40 +0700] "GET /public/vx.php HTTP/1.1" 301 1057 "-" "-"
4.235.104.4 - - [24/Apr/2026:21:37:42 +0700] "GET /ws57.php HTTP/1.1" 301 1052 "-" "-"
4.235.104.4 - - [24/Apr/2026:21:37:44 +0700] "GET /domains.php HTTP/1.1" 301 1055 "-" "-"
4.235.104.4 - - [24/Apr/2026:21:37:46 +0700] "GET /222.php HTTP/1.1" 301 1051 "-" "-"
4.235.104.4 - - [24/Apr/2026:21:37:48 +0700] "GET /166.php HTTP/1.1" 301 1051 "-" "-"
4.235.104.4 - - [24/Apr/2026:21:37:50 +0700] "GET /term.php HTTP/1.1" 301 1052 "-" "-"
4.235.104.4 - - [24/Apr/2026:21:37:51 +0700] "GET /666.php HTTP/1.1" 301 1051 "-" "-"
4.235.104.4 - - [24/Apr/2026:21:37:53 +0700] "GET /tt.php HTTP/1.1" 301 1050 "-" "-"
4.235.104.4 - - [24/Apr/2026:21:37:54 +0700] "GET /sid3.php HTTP/1.1" 301 1052 "-" "-"
4.235.104.4 - - [24/Apr/2026:21:37:56 +0700] "GET /66.php HTTP/1.1" 301 1050 "-" "-"
4.235.104.4 - - [24/Apr/2026:21:37:58 +0700] "GET /wp-the.php HTTP/1.1" 301 1054 "-" "-"
4.235.104.4 - - [24/Apr/2026:21:38:00 +0700] "GET /jga.php HTTP/1.1" 301 1051 "-" "-"
4.235.104.4 - - [24/Apr/2026:21:38:01 +0700] "GET /wp-blog-header.php HTTP/1.1" 301 1062 "-" "-"
4.235.104.4 - - [24/Apr/2026:21:38:03 +0700] "GET /bmi.php HTTP/1.1" 301 1051 "-" "-"
4.235.104.4 - - [24/Apr/2026:21:38:05 +0700] "GET /byypas.php HTTP/1.1" 301 1054 "-" "-"
4.235.104.4 - - [24/Apr/2026:21:38:07 +0700] "GET /wp-content/radio.php HTTP/1.1" 301 1064 "-" "-"
4.235.104.4 - - [24/Apr/2026:21:38:09 +0700] "GET /wp-png.php HTTP/1.1" 301 1054 "-" "-"
4.235.104.4 - - [24/Apr/2026:21:38:10 +0700] "GET /wen.php HTTP/1.1" 301 1051 "-" "-"
4.235.104.4 - - [24/Apr/2026:21:38:12 +0700] "GET /plugin-install.php HTTP/1.1" 301 1062 "-" "-"
4.235.104.4 - - [24/Apr/2026:21:38:13 +0700] "GET /ioxi001.PhP7 HTTP/1.1" 301 1056 "-" "-"
4.235.104.4 - - [24/Apr/2026:21:38:15 +0700] "GET /wp-kikikoko.php HTTP/1.1" 301 1059 "-" "-"
4.235.104.4 - - [24/Apr/2026:21:38:17 +0700] "GET /hplfuns.php HTTP/1.1" 301 1055 "-" "-"
4.235.104.4 - - [24/Apr/2026:21:38:19 +0700] "GET /shell.php HTTP/1.1" 301 1053 "-" "-"
4.235.104.4 - - [24/Apr/2026:21:38:21 +0700] "GET /new.php HTTP/1.1" 301 1051 "-" "-"
4.235.104.4 - - [24/Apr/2026:21:38:23 +0700] "GET /wp-admin/network/edit.php HTTP/1.1" 301 1069 "-" "-"
4.235.104.4 - - [24/Apr/2026:21:38:26 +0700] "GET /ws48.php HTTP/1.1" 301 1052 "-" "-"
4.235.104.4 - - [24/Apr/2026:21:38:28 +0700] "GET /8.php HTTP/1.1" 301 1049 "-" "-"
4.235.104.4 - - [24/Apr/2026:21:38:31 +0700] "GET /dass.php HTTP/1.1" 301 1052 "-" "-"
4.235.104.4 - - [24/Apr/2026:21:38:32 +0700] "GET /wp-p2r3q9c8k4.php HTTP/1.1" 301 1061 "-" "-"
4.235.104.4 - - [24/Apr/2026:21:38:34 +0700] "GET /ok.php HTTP/1.1" 301 1050 "-" "-"
4.235.104.4 - - [24/Apr/2026:21:38:36 +0700] "GET /eetu.php HTTP/1.1" 301 1052 "-" "-"
4.235.104.4 - - [24/Apr/2026:21:38:37 +0700] "GET /ws66.php HTTP/1.1" 301 1052 "-" "-"
4.235.104.4 - - [24/Apr/2026:21:38:39 +0700] "GET /file61.php HTTP/1.1" 301 1054 "-" "-"
4.235.104.4 - - [24/Apr/2026:21:38:41 +0700] "GET /asd.php HTTP/1.1" 301 1051 "-" "-"
4.235.104.4 - - [24/Apr/2026:21:38:43 +0700] "GET /xx.php HTTP/1.1" 301 1050 "-" "-"
4.235.104.4 - - [24/Apr/2026:21:38:45 +0700] "GET /a5.php HTTP/1.1" 301 1050 "-" "-"
4.235.104.4 - - [24/Apr/2026:21:38:46 +0700] "GET /cu.php HTTP/1.1" 301 1050 "-" "-"
4.235.104.4 - - [24/Apr/2026:21:38:49 +0700] "GET /amax.php HTTP/1.1" 301 1052 "-" "-"
4.235.104.4 - - [24/Apr/2026:21:38:50 +0700] "GET /mh.php HTTP/1.1" 301 1050 "-" "-"
4.235.104.4 - - [24/Apr/2026:21:38:52 +0700] "GET /Jcrop.php HTTP/1.1" 301 1053 "-" "-"
4.235.104.4 - - [24/Apr/2026:21:38:53 +0700] "GET /abc.php HTTP/1.1" 301 1051 "-" "-"
4.235.104.4 - - [24/Apr/2026:21:38:55 +0700] "GET /inputs.php HTTP/1.1" 301 1054 "-" "-"
4.235.104.4 - - [24/Apr/2026:21:38:56 +0700] "GET /bnm.php HTTP/1.1" 301 1051 "-" "-"
4.235.104.4 - - [24/Apr/2026:21:38:58 +0700] "GET /ws80.php HTTP/1.1" 301 1052 "-" "-"
4.235.104.4 - - [24/Apr/2026:21:39:00 +0700] "GET /wp-admin/network/users.php HTTP/1.1" 301 1070 "-" "-"
4.235.104.4 - - [24/Apr/2026:21:39:04 +0700] "GET /s.php HTTP/1.1" 301 1049 "-" "-"
4.235.104.4 - - [24/Apr/2026:21:39:06 +0700] "GET /tymn.php HTTP/1.1" 301 1052 "-" "-"
4.235.104.4 - - [24/Apr/2026:21:39:08 +0700] "GET /wp-links-opml.php HTTP/1.1" 301 1061 "-" "-"
4.235.104.4 - - [24/Apr/2026:21:39:10 +0700] "GET /wp5.php HTTP/1.1" 301 1051 "-" "-"
4.235.104.4 - - [24/Apr/2026:21:39:11 +0700] "GET /ms.php HTTP/1.1" 301 1050 "-" "-"
4.235.104.4 - - [24/Apr/2026:21:39:13 +0700] "GET /wp-access.php HTTP/1.1" 301 1057 "-" "-"
4.235.104.4 - - [24/Apr/2026:21:39:15 +0700] "GET /wp-class-atom.php HTTP/1.1" 301 1061 "-" "-"
4.235.104.4 - - [24/Apr/2026:21:39:17 +0700] "GET /ms-edit.php HTTP/1.1" 301 1055 "-" "-"
4.235.104.4 - - [24/Apr/2026:21:39:19 +0700] "GET /press.php HTTP/1.1" 301 1053 "-" "-"
4.235.104.4 - - [24/Apr/2026:21:39:21 +0700] "GET /900.php HTTP/1.1" 301 1051 "-" "-"
4.235.104.4 - - [24/Apr/2026:21:39:22 +0700] "GET //wp-links-opml.php HTTP/1.1" 301 1062 "-" "-"
4.235.104.4 - - [24/Apr/2026:21:39:24 +0700] "GET /jk.php HTTP/1.1" 301 1050 "-" "-"
4.235.104.4 - - [24/Apr/2026:21:39:26 +0700] "GET /dx.php HTTP/1.1" 301 1050 "-" "-"
4.235.104.4 - - [24/Apr/2026:21:39:28 +0700] "GET /aa.php HTTP/1.1" 301 1050 "-" "-"
4.235.104.4 - - [24/Apr/2026:21:39:30 +0700] "GET /mini.php HTTP/1.1" 301 1052 "-" "-"
4.235.104.4 - - [24/Apr/2026:21:39:31 +0700] "GET /fs.php HTTP/1.1" 301 1050 "-" "-"
4.235.104.4 - - [24/Apr/2026:21:39:33 +0700] "GET /mode.php HTTP/1.1" 301 1052 "-" "-"
4.235.104.4 - - [24/Apr/2026:21:39:35 +0700] "GET /1.php HTTP/1.1" 301 1049 "-" "-"
4.235.104.4 - - [24/Apr/2026:21:39:37 +0700] "GET /wp-block.php HTTP/1.1" 301 1056 "-" "-"
4.235.104.4 - - [24/Apr/2026:21:39:39 +0700] "GET /ws88.php HTTP/1.1" 301 1052 "-" "-"
4.235.104.4 - - [24/Apr/2026:21:39:41 +0700] "GET /adoms.php HTTP/1.1" 301 1053 "-" "-"
4.235.104.4 - - [24/Apr/2026:21:39:43 +0700] "GET /plugin-editor.php HTTP/1.1" 301 1061 "-" "-"
4.235.104.4 - - [24/Apr/2026:21:39:44 +0700] "GET /8573.php HTTP/1.1" 301 1052 "-" "-"
4.235.104.4 - - [24/Apr/2026:21:39:46 +0700] "GET /an.php HTTP/1.1" 301 1050 "-" "-"
4.235.104.4 - - [24/Apr/2026:21:39:48 +0700] "GET /t.php HTTP/1.1" 301 1049 "-" "-"
4.235.104.4 - - [24/Apr/2026:21:39:50 +0700] "GET /wp-admin/css/bolt.php HTTP/1.1" 301 1065 "-" "-"
4.235.104.4 - - [24/Apr/2026:21:39:52 +0700] "GET /profile.php HTTP/1.1" 301 1055 "-" "-"
4.235.104.4 - - [24/Apr/2026:21:39:53 +0700] "GET /gaza.php HTTP/1.1" 301 1052 "-" "-"
4.235.104.4 - - [24/Apr/2026:21:39:55 +0700] "GET /kj.php HTTP/1.1" 301 1050 "-" "-"
4.235.104.4 - - [24/Apr/2026:21:39:56 +0700] "GET /aboute.php HTTP/1.1" 301 1054 "-" "-"
4.235.104.4 - - [24/Apr/2026:21:39:58 +0700] "GET /ws82.php HTTP/1.1" 301 1052 "-" "-"
4.235.104.4 - - [24/Apr/2026:21:39:59 +0700] "GET /edit.php HTTP/1.1" 301 1052 "-" "-"
4.235.104.4 - - [24/Apr/2026:21:40:00 +0700] "GET /yw5bi63u.php HTTP/1.1" 301 1056 "-" "-"
4.235.104.4 - - [24/Apr/2026:21:40:02 +0700] "GET /tool.php HTTP/1.1" 301 1052 "-" "-"
4.235.104.4 - - [24/Apr/2026:21:40:04 +0700] "GET /bgymj.php HTTP/1.1" 301 1053 "-" "-"
4.235.104.4 - - [24/Apr/2026:21:40:06 +0700] "GET /wp-good.php HTTP/1.1" 301 1055 "-" "-"
4.235.104.4 - - [24/Apr/2026:21:40:08 +0700] "GET /class-t.api.php HTTP/1.1" 301 1059 "-" "-"
4.235.104.4 - - [24/Apr/2026:21:40:10 +0700] "GET /mk.php HTTP/1.1" 301 1050 "-" "-"
4.235.104.4 - - [24/Apr/2026:21:40:11 +0700] "GET /gettest.php HTTP/1.1" 301 1055 "-" "-"
4.235.104.4 - - [24/Apr/2026:21:40:13 +0700] "GET /a4.php HTTP/1.1" 301 1050 "-" "-"
4.235.104.4 - - [24/Apr/2026:21:40:14 +0700] "GET /retu11.PhP7 HTTP/1.1" 301 1055 "-" "-"
4.235.104.4 - - [24/Apr/2026:21:40:16 +0700] "GET //rip.php HTTP/1.1" 301 1052 "-" "-"
4.235.104.4 - - [24/Apr/2026:21:40:19 +0700] "GET /ioxi-o.php HTTP/1.1" 301 1054 "-" "-"
4.235.104.4 - - [24/Apr/2026:21:40:21 +0700] "GET /zoo.php HTTP/1.1" 301 1051 "-" "-"
4.235.104.4 - - [24/Apr/2026:21:40:22 +0700] "GET /admlo.php HTTP/1.1" 301 1053 "-" "-"
4.235.104.4 - - [24/Apr/2026:21:40:24 +0700] "GET /gcqoa.php HTTP/1.1" 301 1053 "-" "-"
4.235.104.4 - - [24/Apr/2026:21:40:25 +0700] "GET /xxx.php HTTP/1.1" 301 1051 "-" "-"
4.235.104.4 - - [24/Apr/2026:21:40:27 +0700] "GET /b.php HTTP/1.1" 301 1049 "-" "-"
4.235.104.4 - - [24/Apr/2026:21:40:28 +0700] "GET /grsiuk.php HTTP/1.1" 301 1054 "-" "-"
4.235.104.4 - - [24/Apr/2026:21:40:29 +0700] "GET /wp-class-api.php HTTP/1.1" 301 1060 "-" "-"
4.235.104.4 - - [24/Apr/2026:21:40:32 +0700] "GET /bolt.php HTTP/1.1" 301 1052 "-" "-"
4.235.104.4 - - [24/Apr/2026:21:40:33 +0700] "GET /gifclass.php HTTP/1.1" 301 1056 "-" "-"
4.235.104.4 - - [24/Apr/2026:21:40:34 +0700] "GET /ccs.php HTTP/1.1" 301 1051 "-" "-"
4.235.104.4 - - [24/Apr/2026:21:40:36 +0700] "GET /first.php HTTP/1.1" 301 1053 "-" "-"
34.172.209.73 - - [24/Apr/2026:21:56:59 +0700] "GET / HTTP/1.1" 301 1059 "-" "Mozilla/5.0 (compatible; CMS-Checker/1.0; +https://example.com)"
43.157.150.69 - - [24/Apr/2026:22:03:21 +0700] "GET / HTTP/1.1" 301 1045 "-" "Mozilla/5.0 (iPhone; CPU iPhone OS 13_2_3 like Mac OS X) AppleWebKit/605.1.15 (KHTML, like Gecko) Version/13.0.3 Mobile/15E148 Safari/604.1"
216.244.66.234 - - [24/Apr/2026:22:14:59 +0700] "GET /robots.txt HTTP/1.1" 301 1058 "-" "Mozilla/5.0 (compatible; DotBot/1.2; +https://opensiteexplorer.org/dotbot; help@moz.com)"
34.172.209.73 - - [24/Apr/2026:22:21:21 +0700] "GET / HTTP/1.1" 301 1055 "-" "Mozilla/5.0 (Windows NT 10.0; Win64; x64) AppleWebKit/537.36 (KHTML, like Gecko) Chrome/78.0.3904.108 Safari/537.36"
196.206.40.87 - - [24/Apr/2026:22:37:51 +0700] "GET /wp-json/wp/v2/posts HTTP/1.1" 301 1037 "-" "Mozilla/5.0 (Windows NT 10.0; Win64; x64) AppleWebKit/537.36 (KHTML, like Gecko) Chrome/120.0.0.0 Safari/537.36"
196.206.223.62 - - [24/Apr/2026:22:38:01 +0700] "GET /wp-json/wp/v2/posts HTTP/1.1" 301 1037 "-" "Mozilla/5.0 (Windows NT 10.0; Win64; x64) AppleWebKit/537.36 (KHTML, like Gecko) Chrome/120.0.0.0 Safari/537.36"
3.216.227.216 - - [24/Apr/2026:22:41:37 +0700] "GET / HTTP/1.1" 301 1007 "-" "Mozilla/5.0 AppleWebKit/537.36 (KHTML, like Gecko; compatible; Amazonbot/0.1; +https://developer.amazon.com/support/amazonbot) Chrome/119.0.6045.214 Safari/537.36"
3.214.136.95 - - [24/Apr/2026:22:42:59 +0700] "HEAD / HTTP/1.1" 301 166 "-" "Mozilla/5.0 AppleWebKit/605.1.15 (KHTML, like Gecko) Chrome/139.0.0.0 Safari/605.1.15"
35.226.239.45 - - [24/Apr/2026:23:13:24 +0700] "GET / HTTP/1.1" 301 1048 "-" "Mozilla/5.0 (compatible; CMS-Checker/1.0; +https://example.com)"
35.226.239.45 - - [24/Apr/2026:23:13:24 +0700] "GET / HTTP/1.1" 301 1044 "-" "Mozilla/5.0 (compatible; CMS-Checker/1.0; +https://example.com)"
35.226.239.45 - - [24/Apr/2026:23:13:24 +0700] "GET / HTTP/1.1" 301 1045 "-" "Mozilla/5.0 (compatible; CMS-Checker/1.0; +https://example.com)"
62.141.44.236 - - [24/Apr/2026:23:16:06 +0700] "GET / HTTP/1.1" 301 1040 "-" "Mozilla/5.0 (Windows NT 10.0; Win64; x64) AppleWebKit/537.36 (KHTML, like Gecko) Chrome/91.0.4472.114 Safari/537.36 Edg/91.0.864.54"
104.154.184.14 - - [24/Apr/2026:23:25:56 +0700] "GET / HTTP/1.1" 301 1059 "-" "Mozilla/5.0 (compatible; CMS-Checker/1.0; +https://example.com)"
18.236.186.28 - - [24/Apr/2026:23:32:43 +0700] "GET / HTTP/1.1" 301 1007 "-" "Mozilla/5.0 (Linux; Android 8.0.0; SM-G965U Build/R16NW) AppleWebKit/537.36 (KHTML, like Gecko) Chrome/63.0.3239.111 Mobile Safari/537.36"
114.119.153.138 - - [24/Apr/2026:23:36:02 +0700] "GET /robots.txt HTTP/1.1" 301 1017 "-" "Mozilla/5.0 (compatible;PetalBot;+https://webmaster.petalsearch.com/site/petalbot)"
34.123.85.244 - - [24/Apr/2026:23:38:21 +0700] "GET / HTTP/1.1" 301 1040 "-" "Mozilla/5.0 (compatible; CMS-Checker/1.0; +https://example.com)"
34.123.85.244 - - [24/Apr/2026:23:38:21 +0700] "GET / HTTP/1.1" 301 1044 "-" "Mozilla/5.0 (compatible; CMS-Checker/1.0; +https://example.com)"
34.123.85.244 - - [24/Apr/2026:23:38:21 +0700] "GET / HTTP/1.1" 301 1041 "-" "Mozilla/5.0 (compatible; CMS-Checker/1.0; +https://example.com)"
136.107.132.10 - - [24/Apr/2026:23:44:28 +0700] "HEAD /wordpress/ HTTP/1.1" 301 224 "-" "Mozilla/5.0 (Linux; Android 14; SM-A146P) AppleWebKit/537.36 (KHTML, like Gecko) SamsungBrowser/25.0 Chrome/123.0.6312.120 Mobile Safari/537.36"
136.107.132.10 - - [24/Apr/2026:23:44:29 +0700] "HEAD /old/ HTTP/1.1" 301 218 "-" "Mozilla/5.0 (Linux; Android 14; Xiaomi 14 Pro) AppleWebKit/537.36 (KHTML, like Gecko) Chrome/126.0.6478.33 Mobile Safari/537.36"
136.107.132.10 - - [24/Apr/2026:23:44:31 +0700] "HEAD /blog/ HTTP/1.1" 301 219 "-" "Mozilla/5.0 (X11; Linux x86_64; rv:127.0) Gecko/20100101 Firefox/127.0"
136.107.132.10 - - [24/Apr/2026:23:44:33 +0700] "HEAD /backup/ HTTP/1.1" 301 221 "-" "Mozilla/5.0 (Linux; Android 13; Pixel 7a) AppleWebKit/537.36 (KHTML, like Gecko) Chrome/124.0.6367.82 Mobile Safari/537.36"
136.107.132.10 - - [24/Apr/2026:23:44:34 +0700] "HEAD /wp/ HTTP/1.1" 301 217 "-" "Mozilla/5.0 (Linux; Android 14; RMX3842) AppleWebKit/537.36 (KHTML, like Gecko) Chrome/126.0.6478.44 Mobile Safari/537.36"
136.107.132.10 - - [24/Apr/2026:23:44:35 +0700] "HEAD /new/ HTTP/1.1" 301 218 "-" "Mozilla/5.0 (Linux; Android 11; moto g31) AppleWebKit/537.36 (KHTML, like Gecko) Chrome/122.0.6261.96 Mobile Safari/537.36"
136.107.132.10 - - [24/Apr/2026:23:44:37 +0700] "HEAD / HTTP/1.1" 301 214 "-" "Mozilla/5.0 (X11; Linux x86_64) AppleWebKit/537.36 (KHTML, like Gecko) Chrome/125.0.6422.76 Safari/537.36"
34.10.213.126 - - [24/Apr/2026:23:47:19 +0700] "GET / HTTP/1.1" 301 1055 "-" "Mozilla/5.0 (compatible; CMS-Checker/1.0; +https://example.com)"
216.244.66.234 - - [24/Apr/2026:23:47:36 +0700] "GET /robots.txt HTTP/1.1" 301 1058 "-" "Mozilla/5.0 (compatible; DotBot/1.2; +https://opensiteexplorer.org/dotbot; help@moz.com)"
204.101.161.15 - - [24/Apr/2026:23:52:21 +0700] "GET / HTTP/1.1" 301 1041 "-" "Mozilla/5.0 (X11; Linux x86_64) AppleWebKit/537.36 (KHTML, like Gecko) Chrome/147.0.0.0 Safari/537.36"
204.101.161.15 - - [24/Apr/2026:23:52:27 +0700] "GET / HTTP/1.1" 301 1041 "-" "Mozilla/5.0 (X11; Linux x86_64) AppleWebKit/537.36 (KHTML, like Gecko) Chrome/147.0.0.0 Safari/537.36"
188.120.249.22 - - [25/Apr/2026:00:01:56 +0700] "GET / HTTP/1.1" 301 1055 "-" "Mozilla/5.0 (Windows NT 10.0; Win64; x64) AppleWebKit/537.36 (KHTML, like Gecko) Chrome/120.0.0.0 Safari/537.36"
34.123.85.244 - - [25/Apr/2026:00:13:25 +0700] "GET / HTTP/1.1" 301 1044 "-" "Mozilla/5.0 (Windows NT 10.0; Win64; x64) AppleWebKit/537.36 (KHTML, like Gecko) Chrome/78.0.3904.108 Safari/537.36"
34.123.85.244 - - [25/Apr/2026:00:13:25 +0700] "GET / HTTP/1.1" 301 1041 "-" "Mozilla/5.0 (Windows NT 10.0; Win64; x64) AppleWebKit/537.36 (KHTML, like Gecko) Chrome/78.0.3904.108 Safari/537.36"
34.123.85.244 - - [25/Apr/2026:00:13:26 +0700] "GET / HTTP/1.1" 301 1040 "-" "Mozilla/5.0 (Windows NT 10.0; Win64; x64) AppleWebKit/537.36 (KHTML, like Gecko) Chrome/78.0.3904.108 Safari/537.36"
35.226.239.45 - - [25/Apr/2026:00:14:17 +0700] "GET / HTTP/1.1" 301 1041 "-" "Mozilla/5.0 (Windows NT 10.0; Win64; x64) AppleWebKit/537.36 (KHTML, like Gecko) Chrome/78.0.3904.108 Safari/537.36"
35.226.239.45 - - [25/Apr/2026:00:14:17 +0700] "GET / HTTP/1.1" 301 1040 "-" "Mozilla/5.0 (Windows NT 10.0; Win64; x64) AppleWebKit/537.36 (KHTML, like Gecko) Chrome/78.0.3904.108 Safari/537.36"
35.226.239.45 - - [25/Apr/2026:00:14:17 +0700] "GET / HTTP/1.1" 301 1044 "-" "Mozilla/5.0 (Windows NT 10.0; Win64; x64) AppleWebKit/537.36 (KHTML, like Gecko) Chrome/78.0.3904.108 Safari/537.36"
104.154.184.14 - - [25/Apr/2026:00:22:20 +0700] "GET / HTTP/1.1" 301 1055 "-" "Mozilla/5.0 (Windows NT 10.0; Win64; x64) AppleWebKit/537.36 (KHTML, like Gecko) Chrome/78.0.3904.108 Safari/537.36"
34.10.213.126 - - [25/Apr/2026:00:24:21 +0700] "GET / HTTP/1.1" 301 1055 "-" "Mozilla/5.0 (Windows NT 10.0; Win64; x64) AppleWebKit/537.36 (KHTML, like Gecko) Chrome/78.0.3904.108 Safari/537.36"
35.243.169.192 - - [25/Apr/2026:00:32:33 +0700] "GET / HTTP/1.1" 301 1055 "-" "Mozilla/5.0 (Windows NT 10.0; Win64; x64) AppleWebKit/537.36 (KHTML, like Gecko) Chrome/78.0.3904.108 Safari/537.36"
103.131.71.150 - - [25/Apr/2026:00:49:24 +0700] "GET /robots.txt HTTP/1.1" 301 1014 "-" "Mozilla/5.0 (compatible; coccocbot-web/1.0; +http://help.coccoc.com/searchengine)"
43.143.108.2 - - [25/Apr/2026:01:01:11 +0700] "GET /wp-json/wp/v2/posts HTTP/1.1" 301 1026 "-" "Mozilla/5.0 (Windows NT 10.0; Win64; x64) AppleWebKit/537.36 (KHTML, like Gecko) Chrome/120.0.0.0 Safari/537.36"
40.77.167.4 - - [25/Apr/2026:01:13:42 +0700] "GET /result/2025-06-04/hay-den-hoi-ban-tinh-ca HTTP/1.1" 301 1100 "-" "Mozilla/5.0 AppleWebKit/537.36 (KHTML, like Gecko; compatible; bingbot/2.0; +http://www.bing.com/bingbot.htm) Chrome/116.0.1938.76 Safari/537.36"
216.244.66.234 - - [25/Apr/2026:01:20:15 +0700] "GET /robots.txt HTTP/1.1" 301 1058 "-" "Mozilla/5.0 (compatible; DotBot/1.2; +https://opensiteexplorer.org/dotbot; help@moz.com)"
216.244.66.233 - - [25/Apr/2026:01:29:39 +0700] "GET /robots.txt HTTP/1.1" 301 1054 "-" "Mozilla/5.0 (compatible; DotBot/1.2; +https://opensiteexplorer.org/dotbot; help@moz.com)"
196.89.159.30 - - [25/Apr/2026:01:38:56 +0700] "GET /FileZilla.xml HTTP/1.1" 301 1068 "-" "-"
3.129.87.0 - - [25/Apr/2026:01:47:02 +0700] "GET / HTTP/1.1" 301 1044 "-" "Mozilla/5.0 (Windows NT 10.0; Win64; x64) AppleWebKit/537.36 (KHTML, like Gecko) Chrome/146.0.7423.12 Safari/537.36"
52.167.144.236 - - [25/Apr/2026:01:52:39 +0700] "GET /person/2025-06-04/casino-corona-phu-quoc-tuyen-dung.htm HTTP/1.1" 301 1114 "-" "Mozilla/5.0 AppleWebKit/537.36 (KHTML, like Gecko; compatible; bingbot/2.0; +http://www.bing.com/bingbot.htm) Chrome/116.0.1938.76 Safari/537.36"
216.244.66.234 - - [25/Apr/2026:02:06:53 +0700] "GET /robots.txt HTTP/1.1" 301 1058 "-" "Mozilla/5.0 (compatible; DotBot/1.2; +https://opensiteexplorer.org/dotbot; help@moz.com)"
216.244.66.201 - - [25/Apr/2026:02:07:42 +0700] "GET /robots.txt HTTP/1.1" 301 1065 "-" "Mozilla/5.0 (compatible; DotBot/1.2; +https://opensiteexplorer.org/dotbot; help@moz.com)"
216.244.66.233 - - [25/Apr/2026:02:13:21 +0700] "GET /robots.txt HTTP/1.1" 301 1054 "-" "Mozilla/5.0 (compatible; DotBot/1.2; +https://opensiteexplorer.org/dotbot; help@moz.com)"
52.167.144.189 - - [25/Apr/2026:02:22:20 +0700] "GET /state/2025-06-03/d%C3%A2n-%C4%91%C3%A1-g%C3%A0.html HTTP/1.1" 301 1094 "-" "Mozilla/5.0 AppleWebKit/537.36 (KHTML, like Gecko; compatible; bingbot/2.0; +http://www.bing.com/bingbot.htm) Chrome/116.0.1938.76 Safari/537.36"
207.46.13.124 - - [25/Apr/2026:02:33:24 +0700] "GET /others/2025-06-05/ban-ca-san-rong.html HTTP/1.1" 301 1097 "-" "Mozilla/5.0 AppleWebKit/537.36 (KHTML, like Gecko; compatible; bingbot/2.0; +http://www.bing.com/bingbot.htm) Chrome/116.0.1938.76 Safari/537.36"
216.244.66.234 - - [25/Apr/2026:02:53:00 +0700] "GET /robots.txt HTTP/1.1" 301 1054 "-" "Mozilla/5.0 (compatible; DotBot/1.2; +https://opensiteexplorer.org/dotbot; help@moz.com)"
216.244.66.234 - - [25/Apr/2026:02:53:00 +0700] "GET /robots.txt HTTP/1.1" 301 1058 "-" "Mozilla/5.0 (compatible; DotBot/1.2; +https://opensiteexplorer.org/dotbot; help@moz.com)"
209.50.191.83 - - [25/Apr/2026:03:10:13 +0700] "GET / HTTP/1.1" 301 1055 "-" "Mozilla/5.0 (Windows NT 10.0; Win64; x64; rv:149.0) Gecko/20100101 Firefox/149.0"
49.51.178.45 - - [25/Apr/2026:03:34:00 +0700] "GET / HTTP/1.1" 301 1055 "-" "Mozilla/5.0 (iPhone; CPU iPhone OS 13_2_3 like Mac OS X) AppleWebKit/605.1.15 (KHTML, like Gecko) Version/13.0.3 Mobile/15E148 Safari/604.1"
216.244.66.234 - - [25/Apr/2026:03:38:10 +0700] "GET /robots.txt HTTP/1.1" 301 1058 "-" "Mozilla/5.0 (compatible; DotBot/1.2; +https://opensiteexplorer.org/dotbot; help@moz.com)"
216.244.66.233 - - [25/Apr/2026:03:41:35 +0700] "GET /robots.txt HTTP/1.1" 301 1054 "-" "Mozilla/5.0 (compatible; DotBot/1.2; +https://opensiteexplorer.org/dotbot; help@moz.com)"
216.244.66.201 - - [25/Apr/2026:03:41:42 +0700] "GET /robots.txt HTTP/1.1" 301 1065 "-" "Mozilla/5.0 (compatible; DotBot/1.2; +https://opensiteexplorer.org/dotbot; help@moz.com)"
103.131.71.105 - - [25/Apr/2026:03:49:36 +0700] "GET /robots.txt HTTP/1.1" 301 1028 "-" "Mozilla/5.0 (compatible; coccocbot-web/1.0; +http://help.coccoc.com/searchengine)"
103.131.71.19 - - [25/Apr/2026:03:55:02 +0700] "GET /robots.txt HTTP/1.1" 301 1028 "-" "Mozilla/5.0 (compatible; coccocbot-image/1.0; +http://help.coccoc.com/searchengine)"
64.188.91.54 - - [25/Apr/2026:03:57:48 +0700] "GET /wp-content/plugins/wpvivid-backuprestore/readme.txt HTTP/1.1" 301 1106 "-" "Go-http-client/1.1"
64.188.91.54 - - [25/Apr/2026:03:57:49 +0700] "GET /wp-content/plugins/wpvivid-backuprestore/trunk/readme.txt HTTP/1.1" 301 1112 "-" "Go-http-client/1.1"
64.188.91.54 - - [25/Apr/2026:03:57:50 +0700] "POST / HTTP/1.1" 301 1055 "-" "Go-http-client/1.1"
43.130.78.203 - - [25/Apr/2026:04:05:00 +0700] "GET / HTTP/1.1" 301 1045 "-" "Mozilla/5.0 (iPhone; CPU iPhone OS 13_2_3 like Mac OS X) AppleWebKit/605.1.15 (KHTML, like Gecko) Version/13.0.3 Mobile/15E148 Safari/604.1"
52.167.144.195 - - [25/Apr/2026:04:08:11 +0700] "GET /kind/2025-06-04/c%C3%A1ch-m%E1%BB%9F-t%C3%A0i-kho%E1%BA%A3n-bong88.html HTTP/1.1" 301 1110 "-" "Mozilla/5.0 AppleWebKit/537.36 (KHTML, like Gecko; compatible; bingbot/2.0; +http://www.bing.com/bingbot.htm) Chrome/116.0.1938.76 Safari/537.36"
172.98.33.89 - - [25/Apr/2026:04:18:34 +0700] "GET /txets.php HTTP/1.1" 301 1064 "-" "Go-http-client/1.1"
172.98.33.103 - - [25/Apr/2026:04:18:37 +0700] "GET /wp-content/txets.php HTTP/1.1" 301 1075 "-" "Go-http-client/1.1"
172.98.33.108 - - [25/Apr/2026:04:18:39 +0700] "GET /wp-admin/txets.php HTTP/1.1" 301 1073 "-" "Go-http-client/1.1"
216.244.66.234 - - [25/Apr/2026:04:26:15 +0700] "GET /robots.txt HTTP/1.1" 301 1058 "-" "Mozilla/5.0 (compatible; DotBot/1.2; +https://opensiteexplorer.org/dotbot; help@moz.com)"
216.244.66.201 - - [25/Apr/2026:04:28:15 +0700] "GET /robots.txt HTTP/1.1" 301 1065 "-" "Mozilla/5.0 (compatible; DotBot/1.2; +https://opensiteexplorer.org/dotbot; help@moz.com)"
34.230.164.54 - - [25/Apr/2026:04:31:11 +0700] "GET /robots.txt HTTP/1.1" 301 1017 "-" "Mozilla/5.0 (Macintosh; Intel Mac OS X 10_10_1) AppleWebKit/600.2.5 (KHTML, like Gecko) Version/8.0.2 Safari/600.2.5 (Gort)"
103.131.71.165 - - [25/Apr/2026:04:34:42 +0700] "GET /robots.txt HTTP/1.1" 301 1032 "-" "Mozilla/5.0 (compatible; coccocbot-web/1.0; +http://help.coccoc.com/searchengine)"
17.22.237.230 - - [25/Apr/2026:04:36:25 +0700] "GET /robots.txt HTTP/1.1" 301 1058 "-" "Mozilla/5.0 (Macintosh; Intel Mac OS X 10_15_7) AppleWebKit/605.1.15 (KHTML, like Gecko) Version/17.4 Safari/605.1.15 (Applebot/0.1; +http://www.apple.com/go/applebot)"
216.244.66.201 - - [25/Apr/2026:05:15:02 +0700] "GET /robots.txt HTTP/1.1" 301 1065 "-" "Mozilla/5.0 (compatible; DotBot/1.2; +https://opensiteexplorer.org/dotbot; help@moz.com)"
216.244.66.234 - - [25/Apr/2026:05:58:34 +0700] "GET /robots.txt HTTP/1.1" 301 1058 "-" "Mozilla/5.0 (compatible; DotBot/1.2; +https://opensiteexplorer.org/dotbot; help@moz.com)"
216.244.66.201 - - [25/Apr/2026:06:02:31 +0700] "GET /robots.txt HTTP/1.1" 301 1065 "-" "Mozilla/5.0 (compatible; DotBot/1.2; +https://opensiteexplorer.org/dotbot; help@moz.com)"
114.80.36.40 - - [25/Apr/2026:06:18:18 +0700] "GET / HTTP/1.1" 301 1045 "-" "Mozilla/5.0 (iPhone; CPU iPhone OS 13_2_3 like Mac OS X) AppleWebKit/605.1.15 (KHTML, like Gecko) Version/13.0.3 Mobile/15E148 Safari/604.1"
103.131.71.38 - - [25/Apr/2026:06:39:40 +0700] "GET /robots.txt HTTP/1.1" 301 1032 "-" "Mozilla/5.0 (compatible; coccocbot-image/1.0; +http://help.coccoc.com/searchengine)"
216.244.66.234 - - [25/Apr/2026:06:45:34 +0700] "GET /robots.txt HTTP/1.1" 301 1054 "-" "Mozilla/5.0 (compatible; DotBot/1.2; +https://opensiteexplorer.org/dotbot; help@moz.com)"
216.244.66.234 - - [25/Apr/2026:06:45:34 +0700] "GET /robots.txt HTTP/1.1" 301 1058 "-" "Mozilla/5.0 (compatible; DotBot/1.2; +https://opensiteexplorer.org/dotbot; help@moz.com)"
216.244.66.201 - - [25/Apr/2026:06:49:40 +0700] "GET /robots.txt HTTP/1.1" 301 1065 "-" "Mozilla/5.0 (compatible; DotBot/1.2; +https://opensiteexplorer.org/dotbot; help@moz.com)"
93.158.90.68 - - [25/Apr/2026:07:13:18 +0700] "GET / HTTP/1.1" 301 1007 "-" "Mozilla/5.0 (Windows NT 10.0; Win64; x64; rv:123.0) Gecko/20100101 Firefox/123"
216.244.66.201 - - [25/Apr/2026:07:42:30 +0700] "GET /robots.txt HTTP/1.1" 301 1065 "-" "Mozilla/5.0 (compatible; DotBot/1.2; +https://opensiteexplorer.org/dotbot; help@moz.com)"
170.23.13.103 - - [25/Apr/2026:07:52:53 +0700] "GET / HTTP/1.1" 301 1055 "-" "Mozilla/5.0 (Macintosh; Intel Mac OS X 10_15_7) AppleWebKit/537.36 (KHTML, like Gecko) Chrome/142.0.0.0 Safari/537.36"
116.179.32.131 - - [25/Apr/2026:08:00:11 +0700] "GET /danh-muc-san-pham/dung-cu-cam-tay/duc-dot/mui-lay-dau/ HTTP/1.1" 301 1061 "-" "Mozilla/5.0 (compatible; Baiduspider/2.0; +http://www.baidu.com/search/spider.html)"
43.153.113.127 - - [25/Apr/2026:08:14:59 +0700] "GET / HTTP/1.1" 301 1041 "-" "Mozilla/5.0 (iPhone; CPU iPhone OS 13_2_3 like Mac OS X) AppleWebKit/605.1.15 (KHTML, like Gecko) Version/13.0.3 Mobile/15E148 Safari/604.1"
216.244.66.233 - - [25/Apr/2026:08:17:22 +0700] "GET /robots.txt HTTP/1.1" 301 1054 "-" "Mozilla/5.0 (compatible; DotBot/1.2; +https://opensiteexplorer.org/dotbot; help@moz.com)"
216.244.66.234 - - [25/Apr/2026:08:18:15 +0700] "GET /robots.txt HTTP/1.1" 301 1054 "-" "Mozilla/5.0 (compatible; DotBot/1.2; +https://opensiteexplorer.org/dotbot; help@moz.com)"
82.146.48.198 - - [25/Apr/2026:08:30:48 +0700] "GET / HTTP/1.1" 301 1055 "-" "Mozilla/5.0 (Windows NT 10.0; Win64; x64) AppleWebKit/537.36 (KHTML, like Gecko) Chrome/120.0.0.0 Safari/537.36"
216.244.66.201 - - [25/Apr/2026:08:30:58 +0700] "GET /robots.txt HTTP/1.1" 301 1065 "-" "Mozilla/5.0 (compatible; DotBot/1.2; +https://opensiteexplorer.org/dotbot; help@moz.com)"
43.153.67.21 - - [25/Apr/2026:09:04:17 +0700] "GET / HTTP/1.1" 301 1045 "-" "Mozilla/5.0 (iPhone; CPU iPhone OS 13_2_3 like Mac OS X) AppleWebKit/605.1.15 (KHTML, like Gecko) Version/13.0.3 Mobile/15E148 Safari/604.1"
43.153.85.46 - - [25/Apr/2026:09:04:46 +0700] "GET / HTTP/1.1" 301 1044 "-" "Mozilla/5.0 (iPhone; CPU iPhone OS 13_2_3 like Mac OS X) AppleWebKit/605.1.15 (KHTML, like Gecko) Version/13.0.3 Mobile/15E148 Safari/604.1"
43.157.168.43 - - [25/Apr/2026:09:14:38 +0700] "GET / HTTP/1.1" 301 1044 "-" "Mozilla/5.0 (iPhone; CPU iPhone OS 13_2_3 like Mac OS X) AppleWebKit/605.1.15 (KHTML, like Gecko) Version/13.0.3 Mobile/15E148 Safari/604.1"
216.244.66.201 - - [25/Apr/2026:09:18:59 +0700] "GET /robots.txt HTTP/1.1" 301 1065 "-" "Mozilla/5.0 (compatible; DotBot/1.2; +https://opensiteexplorer.org/dotbot; help@moz.com)"
155.117.98.100 - - [25/Apr/2026:09:31:29 +0700] "GET /404.php HTTP/1.1" 301 1062 "-" "Mozilla/5.0 (Windows NT 10.0; WOW64; rv:48.0) Gecko/20100101 Firefox/48.0"
52.167.144.191 - - [25/Apr/2026:09:43:32 +0700] "GET /game/2025-06-03/bwin-sports-betting.pdf HTTP/1.1" 301 1098 "-" "Mozilla/5.0 AppleWebKit/537.36 (KHTML, like Gecko; compatible; bingbot/2.0; +http://www.bing.com/bingbot.htm) Chrome/116.0.1938.76 Safari/537.36"
216.244.66.234 - - [25/Apr/2026:09:49:42 +0700] "GET /robots.txt HTTP/1.1" 301 1054 "-" "Mozilla/5.0 (compatible; DotBot/1.2; +https://opensiteexplorer.org/dotbot; help@moz.com)"
216.244.66.201 - - [25/Apr/2026:10:07:08 +0700] "GET /robots.txt HTTP/1.1" 301 1065 "-" "Mozilla/5.0 (compatible; DotBot/1.2; +https://opensiteexplorer.org/dotbot; help@moz.com)"
52.167.144.172 - - [25/Apr/2026:10:18:09 +0700] "GET /question/2025-06-05/sharia-patrol-germany.html HTTP/1.1" 301 1105 "-" "Mozilla/5.0 AppleWebKit/537.36 (KHTML, like Gecko; compatible; bingbot/2.0; +http://www.bing.com/bingbot.htm) Chrome/116.0.1938.76 Safari/537.36"
216.244.66.234 - - [25/Apr/2026:10:32:56 +0700] "GET /robots.txt HTTP/1.1" 301 1054 "-" "Mozilla/5.0 (compatible; DotBot/1.2; +https://opensiteexplorer.org/dotbot; help@moz.com)"
43.166.136.153 - - [25/Apr/2026:10:34:54 +0700] "GET / HTTP/1.1" 301 1059 "-" "Mozilla/5.0 (iPhone; CPU iPhone OS 13_2_3 like Mac OS X) AppleWebKit/605.1.15 (KHTML, like Gecko) Version/13.0.3 Mobile/15E148 Safari/604.1"
216.244.66.201 - - [25/Apr/2026:10:55:25 +0700] "GET /robots.txt HTTP/1.1" 301 1065 "-" "Mozilla/5.0 (compatible; DotBot/1.2; +https://opensiteexplorer.org/dotbot; help@moz.com)"
66.132.172.136 - - [25/Apr/2026:11:10:02 +0700] "GET / HTTP/1.1" 301 1048 "-" "Mozilla/5.0 (compatible; CensysInspect/1.1; +https://about.censys.io/)"
192.36.109.99 - - [25/Apr/2026:11:12:51 +0700] "GET / HTTP/1.1" 301 1003 "-" "Mozilla/5.0 (iPhone; CPU iPhone OS 17_1_2 like Mac OS X) AppleWebKit/605.1.15 (KHTML, like Gecko) Version/17.1.2 Mobile/15E148 Safari/604"
216.244.66.234 - - [25/Apr/2026:11:16:20 +0700] "GET /robots.txt HTTP/1.1" 301 1058 "-" "Mozilla/5.0 (compatible; DotBot/1.2; +https://opensiteexplorer.org/dotbot; help@moz.com)"
216.244.66.201 - - [25/Apr/2026:11:43:46 +0700] "GET /robots.txt HTTP/1.1" 301 1065 "-" "Mozilla/5.0 (compatible; DotBot/1.2; +https://opensiteexplorer.org/dotbot; help@moz.com)"
129.226.211.69 - - [25/Apr/2026:11:51:08 +0700] "GET / HTTP/1.1" 301 1041 "-" "Mozilla/5.0 (iPhone; CPU iPhone OS 13_2_3 like Mac OS X) AppleWebKit/605.1.15 (KHTML, like Gecko) Version/13.0.3 Mobile/15E148 Safari/604.1"
150.109.21.93 - - [25/Apr/2026:11:52:21 +0700] "GET / HTTP/1.1" 301 1040 "-" "Mozilla/5.0 (iPhone; CPU iPhone OS 13_2_3 like Mac OS X) AppleWebKit/605.1.15 (KHTML, like Gecko) Version/13.0.3 Mobile/15E148 Safari/604.1"
216.244.66.234 - - [25/Apr/2026:11:58:29 +0700] "GET /robots.txt HTTP/1.1" 301 1058 "-" "Mozilla/5.0 (compatible; DotBot/1.2; +https://opensiteexplorer.org/dotbot; help@moz.com)"
216.244.66.234 - - [25/Apr/2026:11:58:29 +0700] "GET /robots.txt HTTP/1.1" 301 1054 "-" "Mozilla/5.0 (compatible; DotBot/1.2; +https://opensiteexplorer.org/dotbot; help@moz.com)"
216.244.66.233 - - [25/Apr/2026:12:06:34 +0700] "GET /robots.txt HTTP/1.1" 301 1054 "-" "Mozilla/5.0 (compatible; DotBot/1.2; +https://opensiteexplorer.org/dotbot; help@moz.com)"
170.106.37.134 - - [25/Apr/2026:12:26:09 +0700] "GET / HTTP/1.1" 301 1045 "-" "Mozilla/5.0 (iPhone; CPU iPhone OS 13_2_3 like Mac OS X) AppleWebKit/605.1.15 (KHTML, like Gecko) Version/13.0.3 Mobile/15E148 Safari/604.1"
103.131.71.126 - - [25/Apr/2026:12:27:23 +0700] "GET /robots.txt HTTP/1.1" 301 1014 "-" "Mozilla/5.0 (compatible; coccocbot-web/1.0; +http://help.coccoc.com/searchengine)"
216.244.66.234 - - [25/Apr/2026:12:43:24 +0700] "GET /robots.txt HTTP/1.1" 301 1054 "-" "Mozilla/5.0 (compatible; DotBot/1.2; +https://opensiteexplorer.org/dotbot; help@moz.com)"
216.244.66.234 - - [25/Apr/2026:12:43:24 +0700] "GET /robots.txt HTTP/1.1" 301 1058 "-" "Mozilla/5.0 (compatible; DotBot/1.2; +https://opensiteexplorer.org/dotbot; help@moz.com)"
40.77.167.241 - - [25/Apr/2026:12:48:20 +0700] "GET /business/2025-06-05/casino-online-ch.pdf HTTP/1.1" 301 1099 "-" "Mozilla/5.0 AppleWebKit/537.36 (KHTML, like Gecko; compatible; bingbot/2.0; +http://www.bing.com/bingbot.htm) Chrome/116.0.1938.76 Safari/537.36"
103.131.71.88 - - [25/Apr/2026:12:59:44 +0700] "GET /robots.txt HTTP/1.1" 301 1017 "-" "Mozilla/5.0 (compatible; coccocbot-web/1.0; +http://help.coccoc.com/searchengine)"
103.131.71.172 - - [25/Apr/2026:13:00:17 +0700] "GET / HTTP/1.1" 301 1007 "-" "Mozilla/5.0 (compatible; coccocbot-web/1.0; +http://help.coccoc.com/searchengine)"
185.247.137.229 - - [25/Apr/2026:13:02:34 +0700] "GET / HTTP/1.1" 301 1007 "-" "Mozilla/5.0 (compatible; InternetMeasurement/1.0; +https://internet-measurement.com/)"
77.65.37.210 - - [25/Apr/2026:13:16:02 +0700] "GET / HTTP/1.1" 301 1003 "-" "Mozilla/5.0 (Windows NT 10.0; Win64; x64) AppleWebKit/537.36 (KHTML, like Gecko) Chrome/70.0.3538.102 Safari/537.36 Edge/18.19582"
216.244.66.201 - - [25/Apr/2026:13:25:35 +0700] "GET /robots.txt HTTP/1.1" 301 1065 "-" "Mozilla/5.0 (compatible; DotBot/1.2; +https://opensiteexplorer.org/dotbot; help@moz.com)"
216.244.66.234 - - [25/Apr/2026:13:27:39 +0700] "GET /robots.txt HTTP/1.1" 301 1058 "-" "Mozilla/5.0 (compatible; DotBot/1.2; +https://opensiteexplorer.org/dotbot; help@moz.com)"
34.172.200.55 - - [25/Apr/2026:13:40:03 +0700] "GET /media/system/js/core.js HTTP/1.1" 301 1064 "-" "Mozilla/5.0 (Macintosh; Intel Mac OS X 10_10_1) AppleWebKit/537.36 (KHTML, like Gecko) Chrome/39.0.2171.95 Safari/537.36"
34.172.200.55 - - [25/Apr/2026:13:40:03 +0700] "GET /media/system/js/core.js HTTP/1.1" 301 1067 "-" "Mozilla/5.0 (Macintosh; Intel Mac OS X 10_10_1) AppleWebKit/537.36 (KHTML, like Gecko) Chrome/39.0.2171.95 Safari/537.36"
34.172.200.55 - - [25/Apr/2026:13:40:03 +0700] "GET /media/system/js/core.js HTTP/1.1" 301 1063 "-" "Mozilla/5.0 (Macintosh; Intel Mac OS X 10_10_1) AppleWebKit/537.36 (KHTML, like Gecko) Chrome/39.0.2171.95 Safari/537.36"
34.172.200.55 - - [25/Apr/2026:13:40:03 +0700] "GET /media/system/js/core.js HTTP/1.1" 301 1078 "-" "Mozilla/5.0 (Macintosh; Intel Mac OS X 10_10_1) AppleWebKit/537.36 (KHTML, like Gecko) Chrome/39.0.2171.95 Safari/537.36"
34.216.132.33 - - [25/Apr/2026:13:57:04 +0700] "GET / HTTP/1.1" 301 1040 "-" "Mozilla/5.0 (Windows NT 10.0; Win64; x64) AppleWebKit/537.36 (KHTML, like Gecko) Chrome/147.0.7727.101 Safari/537.36 Edge/18.19582"
216.244.66.201 - - [25/Apr/2026:14:13:54 +0700] "GET /robots.txt HTTP/1.1" 301 1065 "-" "Mozilla/5.0 (compatible; DotBot/1.2; +https://opensiteexplorer.org/dotbot; help@moz.com)"
64.188.91.54 - - [25/Apr/2026:14:17:53 +0700] "GET /wp-content/plugins/wpvivid-backuprestore/trunk/readme.txt HTTP/1.1" 301 1097 "-" "Go-http-client/1.1"
64.188.91.54 - - [25/Apr/2026:14:17:53 +0700] "GET /wp-content/plugins/wpvivid-backuprestore/readme.txt HTTP/1.1" 301 1091 "-" "Go-http-client/1.1"
64.188.91.54 - - [25/Apr/2026:14:17:54 +0700] "POST / HTTP/1.1" 301 1040 "-" "Go-http-client/1.1"
43.133.187.11 - - [25/Apr/2026:14:18:49 +0700] "GET / HTTP/1.1" 301 1055 "-" "Mozilla/5.0 (iPhone; CPU iPhone OS 13_2_3 like Mac OS X) AppleWebKit/605.1.15 (KHTML, like Gecko) Version/13.0.3 Mobile/15E148 Safari/604.1"
40.77.167.4 - - [25/Apr/2026:14:42:36 +0700] "GET /issue/2025-06-03/weme-game-danh-bai.pdf HTTP/1.1" 301 1098 "-" "Mozilla/5.0 AppleWebKit/537.36 (KHTML, like Gecko; compatible; bingbot/2.0; +http://www.bing.com/bingbot.htm) Chrome/116.0.1938.76 Safari/537.36"
64.188.91.54 - - [25/Apr/2026:14:50:12 +0700] "GET /wp-content/plugins/wpvivid-backuprestore/readme.txt HTTP/1.1" 301 1095 "-" "Go-http-client/1.1"
64.188.91.54 - - [25/Apr/2026:14:50:13 +0700] "GET /wp-content/plugins/wpvivid-backuprestore/trunk/readme.txt HTTP/1.1" 301 1101 "-" "Go-http-client/1.1"
64.188.91.54 - - [25/Apr/2026:14:50:14 +0700] "POST / HTTP/1.1" 301 1044 "-" "Go-http-client/1.1"
52.167.144.224 - - [25/Apr/2026:14:52:06 +0700] "GET /community/2025-06-04/hinh-anh-casino-ho-tram.pdf HTTP/1.1" 301 1107 "-" "Mozilla/5.0 AppleWebKit/537.36 (KHTML, like Gecko; compatible; bingbot/2.0; +http://www.bing.com/bingbot.htm) Chrome/116.0.1938.76 Safari/537.36"
62.141.44.236 - - [25/Apr/2026:15:12:33 +0700] "GET / HTTP/1.1" 301 1044 "-" "Mozilla/5.0 (Windows NT 10.0; Win64; x64) AppleWebKit/537.36 (KHTML, like Gecko) Chrome/91.0.4472.114 Safari/537.36 Edg/91.0.864.54"
122.167.118.67 - - [25/Apr/2026:15:35:23 +0700] "POST /admin/xmlrpc.php HTTP/1.1" 301 1034 "-" "Mozilla/5.0 (Windows NT 10.0; Win64; x64) AppleWebKit/537.36 (KHTML, like Gecko) Chrome/144.0.0.0 Safari/537.36"
