216.244.66.201 - - [11/Apr/2026:11:53:35 +0700] "GET /robots.txt HTTP/1.1" 301 1065 "-" "Mozilla/5.0 (compatible; DotBot/1.2; +https://opensiteexplorer.org/dotbot; help@moz.com)"
216.244.66.234 - - [11/Apr/2026:12:23:56 +0700] "GET /robots.txt HTTP/1.1" 301 1058 "-" "Mozilla/5.0 (compatible; DotBot/1.2; +https://opensiteexplorer.org/dotbot; help@moz.com)"
216.244.66.201 - - [11/Apr/2026:12:36:59 +0700] "GET /robots.txt HTTP/1.1" 301 1065 "-" "Mozilla/5.0 (compatible; DotBot/1.2; +https://opensiteexplorer.org/dotbot; help@moz.com)"
103.131.71.204 - - [11/Apr/2026:12:56:35 +0700] "GET /robots.txt HTTP/1.1" 301 1014 "-" "Mozilla/5.0 (compatible; coccocbot-image/1.0; +http://help.coccoc.com/searchengine)"
216.244.66.234 - - [11/Apr/2026:13:07:52 +0700] "GET /robots.txt HTTP/1.1" 301 1058 "-" "Mozilla/5.0 (compatible; DotBot/1.2; +https://opensiteexplorer.org/dotbot; help@moz.com)"
103.131.71.105 - - [11/Apr/2026:13:21:59 +0700] "GET /robots.txt HTTP/1.1" 301 1014 "-" "Mozilla/5.0 (compatible; coccocbot-web/1.0; +http://help.coccoc.com/searchengine)"
216.244.66.233 - - [11/Apr/2026:13:32:17 +0700] "GET /robots.txt HTTP/1.1" 301 1054 "-" "Mozilla/5.0 (compatible; DotBot/1.2; +https://opensiteexplorer.org/dotbot; help@moz.com)"
216.244.66.234 - - [11/Apr/2026:13:52:17 +0700] "GET /robots.txt HTTP/1.1" 301 1054 "-" "Mozilla/5.0 (compatible; DotBot/1.2; +https://opensiteexplorer.org/dotbot; help@moz.com)"
216.244.66.234 - - [11/Apr/2026:13:52:17 +0700] "GET /robots.txt HTTP/1.1" 301 1058 "-" "Mozilla/5.0 (compatible; DotBot/1.2; +https://opensiteexplorer.org/dotbot; help@moz.com)"
216.244.66.201 - - [11/Apr/2026:14:06:52 +0700] "GET /robots.txt HTTP/1.1" 301 1065 "-" "Mozilla/5.0 (compatible; DotBot/1.2; +https://opensiteexplorer.org/dotbot; help@moz.com)"
216.244.66.233 - - [11/Apr/2026:14:18:30 +0700] "GET /robots.txt HTTP/1.1" 301 1054 "-" "Mozilla/5.0 (compatible; DotBot/1.2; +https://opensiteexplorer.org/dotbot; help@moz.com)"
44.244.18.86 - - [11/Apr/2026:14:23:34 +0700] "GET / HTTP/1.1" 301 1055 "-" "Mozilla/4.0 (compatible; MSIE 6.0; Windows NT 5.1; FSL 7.0.6.01001)"
103.131.71.18 - - [11/Apr/2026:14:35:29 +0700] "GET /robots.txt HTTP/1.1" 301 1028 "-" "Mozilla/5.0 (compatible; coccocbot-image/1.0; +http://help.coccoc.com/searchengine)"
216.244.66.234 - - [11/Apr/2026:14:37:54 +0700] "GET /robots.txt HTTP/1.1" 301 1054 "-" "Mozilla/5.0 (compatible; DotBot/1.2; +https://opensiteexplorer.org/dotbot; help@moz.com)"
216.244.66.234 - - [11/Apr/2026:14:37:56 +0700] "GET /robots.txt HTTP/1.1" 301 1058 "-" "Mozilla/5.0 (compatible; DotBot/1.2; +https://opensiteexplorer.org/dotbot; help@moz.com)"
91.84.126.54 - - [11/Apr/2026:14:47:27 +0700] "GET / HTTP/1.1" 301 1044 "-" "Mozilla/5.0 (Windows NT 10.0; Win64; x64) AppleWebKit/537.36 (KHTML, like Gecko) Chrome/124.0.0.0 Safari/537.36"
216.244.66.201 - - [11/Apr/2026:14:51:37 +0700] "GET /robots.txt HTTP/1.1" 301 1065 "-" "Mozilla/5.0 (compatible; DotBot/1.2; +https://opensiteexplorer.org/dotbot; help@moz.com)"
103.131.71.75 - - [11/Apr/2026:14:59:43 +0700] "GET /robots.txt HTTP/1.1" 301 1017 "-" "Mozilla/5.0 (compatible; coccocbot-web/1.0; +http://help.coccoc.com/searchengine)"
216.244.66.233 - - [11/Apr/2026:15:03:54 +0700] "GET /robots.txt HTTP/1.1" 301 1054 "-" "Mozilla/5.0 (compatible; DotBot/1.2; +https://opensiteexplorer.org/dotbot; help@moz.com)"
216.244.66.234 - - [11/Apr/2026:15:22:28 +0700] "GET /robots.txt HTTP/1.1" 301 1058 "-" "Mozilla/5.0 (compatible; DotBot/1.2; +https://opensiteexplorer.org/dotbot; help@moz.com)"
216.244.66.201 - - [11/Apr/2026:15:36:15 +0700] "GET /robots.txt HTTP/1.1" 301 1065 "-" "Mozilla/5.0 (compatible; DotBot/1.2; +https://opensiteexplorer.org/dotbot; help@moz.com)"
203.83.11.13 - - [11/Apr/2026:15:43:38 +0700] "GET / HTTP/1.1" 301 1059 "-" "Mozilla/5.0"
216.244.66.233 - - [11/Apr/2026:15:49:12 +0700] "GET /robots.txt HTTP/1.1" 301 1054 "-" "Mozilla/5.0 (compatible; DotBot/1.2; +https://opensiteexplorer.org/dotbot; help@moz.com)"
103.131.71.188 - - [11/Apr/2026:15:56:29 +0700] "GET /robots.txt HTTP/1.1" 301 1028 "-" "Mozilla/5.0 (compatible; coccocbot-web/1.0; +http://help.coccoc.com/searchengine)"
216.244.66.234 - - [11/Apr/2026:16:05:49 +0700] "GET /robots.txt HTTP/1.1" 301 1058 "-" "Mozilla/5.0 (compatible; DotBot/1.2; +https://opensiteexplorer.org/dotbot; help@moz.com)"
3.86.95.39 - - [11/Apr/2026:16:07:24 +0700] "GET / HTTP/1.1" 301 1044 "-" "SonyEricssonW850i/R1ED Browser/NetFront/3.3 Profile/MIDP-2.0 Configuration/CLDC-1.1"
216.244.66.201 - - [11/Apr/2026:16:21:47 +0700] "GET /robots.txt HTTP/1.1" 301 1065 "-" "Mozilla/5.0 (compatible; DotBot/1.2; +https://opensiteexplorer.org/dotbot; help@moz.com)"
216.244.66.233 - - [11/Apr/2026:16:35:00 +0700] "GET /robots.txt HTTP/1.1" 301 1054 "-" "Mozilla/5.0 (compatible; DotBot/1.2; +https://opensiteexplorer.org/dotbot; help@moz.com)"
216.244.66.234 - - [11/Apr/2026:16:49:53 +0700] "GET /robots.txt HTTP/1.1" 301 1058 "-" "Mozilla/5.0 (compatible; DotBot/1.2; +https://opensiteexplorer.org/dotbot; help@moz.com)"
27.78.45.130 - - [11/Apr/2026:17:00:20 +0700] "POST / HTTP/1.1" 301 1044 "-" "Foo"
27.78.45.130 - - [11/Apr/2026:17:00:20 +0700] "GET / HTTP/1.1" 301 1044 "-" "-"
138.226.240.20 - - [11/Apr/2026:17:02:24 +0700] "GET / HTTP/1.1" 301 1055 "-" "Mozilla/5.0 (Windows NT 10.0; Win64; x64) AppleWebKit/537.36 (KHTML, like Gecko) Chrome/57.0.2987.133 Safari/537.36"
216.244.66.201 - - [11/Apr/2026:17:06:33 +0700] "GET /robots.txt HTTP/1.1" 301 1065 "-" "Mozilla/5.0 (compatible; DotBot/1.2; +https://opensiteexplorer.org/dotbot; help@moz.com)"
216.244.66.234 - - [11/Apr/2026:17:33:59 +0700] "GET /robots.txt HTTP/1.1" 301 1058 "-" "Mozilla/5.0 (compatible; DotBot/1.2; +https://opensiteexplorer.org/dotbot; help@moz.com)"
216.244.66.234 - - [11/Apr/2026:17:33:59 +0700] "GET /robots.txt HTTP/1.1" 301 1054 "-" "Mozilla/5.0 (compatible; DotBot/1.2; +https://opensiteexplorer.org/dotbot; help@moz.com)"
103.131.71.70 - - [11/Apr/2026:17:46:07 +0700] "GET /robots.txt HTTP/1.1" 301 1032 "-" "Mozilla/5.0 (compatible; coccocbot-web/1.0; +http://help.coccoc.com/searchengine)"
216.244.66.201 - - [11/Apr/2026:17:51:23 +0700] "GET /robots.txt HTTP/1.1" 301 1065 "-" "Mozilla/5.0 (compatible; DotBot/1.2; +https://opensiteexplorer.org/dotbot; help@moz.com)"
103.131.71.209 - - [11/Apr/2026:17:56:28 +0700] "GET /robots.txt HTTP/1.1" 301 1028 "-" "Mozilla/5.0 (compatible; coccocbot-image/1.0; +http://help.coccoc.com/searchengine)"
216.244.66.233 - - [11/Apr/2026:18:06:24 +0700] "GET /robots.txt HTTP/1.1" 301 1054 "-" "Mozilla/5.0 (compatible; DotBot/1.2; +https://opensiteexplorer.org/dotbot; help@moz.com)"
216.244.66.234 - - [11/Apr/2026:18:19:13 +0700] "GET /robots.txt HTTP/1.1" 301 1054 "-" "Mozilla/5.0 (compatible; DotBot/1.2; +https://opensiteexplorer.org/dotbot; help@moz.com)"
216.244.66.201 - - [11/Apr/2026:18:37:29 +0700] "GET /robots.txt HTTP/1.1" 301 1065 "-" "Mozilla/5.0 (compatible; DotBot/1.2; +https://opensiteexplorer.org/dotbot; help@moz.com)"
216.244.66.234 - - [11/Apr/2026:19:03:05 +0700] "GET /robots.txt HTTP/1.1" 301 1058 "-" "Mozilla/5.0 (compatible; DotBot/1.2; +https://opensiteexplorer.org/dotbot; help@moz.com)"
198.235.24.155 - - [11/Apr/2026:19:19:39 +0700] "GET / HTTP/1.1" 301 1059 "-" "Hello from Palo Alto Networks, find out more about our scans in https://docs-cortex.paloaltonetworks.com/r/1/Cortex-Xpanse/Scanning-activity"
216.244.66.201 - - [11/Apr/2026:19:24:08 +0700] "GET /robots.txt HTTP/1.1" 301 1065 "-" "Mozilla/5.0 (compatible; DotBot/1.2; +https://opensiteexplorer.org/dotbot; help@moz.com)"
216.244.66.234 - - [11/Apr/2026:19:47:15 +0700] "GET /robots.txt HTTP/1.1" 301 1058 "-" "Mozilla/5.0 (compatible; DotBot/1.2; +https://opensiteexplorer.org/dotbot; help@moz.com)"
51.68.107.149 - - [11/Apr/2026:20:00:51 +0700] "GET /robots.txt HTTP/1.1" 301 1065 "-" "Mozilla/5.0 (compatible; MJ12bot/v2.0.5; http://mj12bot.com/)"
51.68.107.149 - - [11/Apr/2026:20:00:54 +0700] "GET / HTTP/1.1" 301 1055 "-" "Mozilla/5.0 (compatible; MJ12bot/v2.0.5; http://mj12bot.com/)"
216.244.66.201 - - [11/Apr/2026:20:12:00 +0700] "GET /robots.txt HTTP/1.1" 301 1065 "-" "Mozilla/5.0 (compatible; DotBot/1.2; +https://opensiteexplorer.org/dotbot; help@moz.com)"
216.244.66.234 - - [11/Apr/2026:20:30:53 +0700] "GET /robots.txt HTTP/1.1" 301 1058 "-" "Mozilla/5.0 (compatible; DotBot/1.2; +https://opensiteexplorer.org/dotbot; help@moz.com)"
43.157.170.13 - - [11/Apr/2026:20:47:56 +0700] "GET / HTTP/1.1" 301 1059 "-" "Mozilla/5.0 (iPhone; CPU iPhone OS 13_2_3 like Mac OS X) AppleWebKit/605.1.15 (KHTML, like Gecko) Version/13.0.3 Mobile/15E148 Safari/604.1"
119.96.24.54 - - [11/Apr/2026:21:00:58 +0700] "GET / HTTP/1.1" 301 1044 "-" "Mozilla/5.0 (iPhone; CPU iPhone OS 13_2_3 like Mac OS X) AppleWebKit/605.1.15 (KHTML, like Gecko) Version/13.0.3 Mobile/15E148 Safari/604.1"
216.244.66.201 - - [11/Apr/2026:21:11:52 +0700] "GET /robots.txt HTTP/1.1" 301 1065 "-" "Mozilla/5.0 (compatible; DotBot/1.2; +https://opensiteexplorer.org/dotbot; help@moz.com)"
216.244.66.234 - - [11/Apr/2026:21:14:38 +0700] "GET /robots.txt HTTP/1.1" 301 1058 "-" "Mozilla/5.0 (compatible; DotBot/1.2; +https://opensiteexplorer.org/dotbot; help@moz.com)"
45.55.69.115 - - [11/Apr/2026:21:56:39 +0700] "GET / HTTP/1.1" 301 1044 "-" "Mozilla/5.0 (X11; Linux x86_64) AppleWebKit/537.36 (KHTML, like Gecko) Chrome/142.0.0.0 Safari/537.36"
45.55.69.115 - - [11/Apr/2026:21:56:40 +0700] "GET /favicon.ico HTTP/1.1" 301 1055 "http://www.pemco.vn/" "Mozilla/5.0 (X11; Linux x86_64) AppleWebKit/537.36 (KHTML, like Gecko) Chrome/142.0.0.0 Safari/537.36"
216.244.66.201 - - [11/Apr/2026:21:59:21 +0700] "GET /robots.txt HTTP/1.1" 301 1065 "-" "Mozilla/5.0 (compatible; DotBot/1.2; +https://opensiteexplorer.org/dotbot; help@moz.com)"
216.244.66.234 - - [11/Apr/2026:22:00:02 +0700] "GET /robots.txt HTTP/1.1" 301 1058 "-" "Mozilla/5.0 (compatible; DotBot/1.2; +https://opensiteexplorer.org/dotbot; help@moz.com)"
216.244.66.233 - - [11/Apr/2026:22:07:54 +0700] "GET /robots.txt HTTP/1.1" 301 1054 "-" "Mozilla/5.0 (compatible; DotBot/1.2; +https://opensiteexplorer.org/dotbot; help@moz.com)"
216.244.66.201 - - [11/Apr/2026:22:47:26 +0700] "GET /robots.txt HTTP/1.1" 301 1065 "-" "Mozilla/5.0 (compatible; DotBot/1.2; +https://opensiteexplorer.org/dotbot; help@moz.com)"
216.244.66.233 - - [11/Apr/2026:22:54:11 +0700] "GET /robots.txt HTTP/1.1" 301 1054 "-" "Mozilla/5.0 (compatible; DotBot/1.2; +https://opensiteexplorer.org/dotbot; help@moz.com)"
43.152.72.247 - - [11/Apr/2026:23:01:59 +0700] "GET / HTTP/1.1" 301 1055 "-" "Mozilla/5.0 (iPhone; CPU iPhone OS 13_2_3 like Mac OS X) AppleWebKit/605.1.15 (KHTML, like Gecko) Version/13.0.3 Mobile/15E148 Safari/604.1"
95.168.190.199 - - [11/Apr/2026:23:40:04 +0700] "GET /robots.txt HTTP/1.1" 301 1065 "-" "Mozilla/5.0 (compatible; ORT/v1.0.0; visit ORTc.me )"
185.47.94.240 - - [12/Apr/2026:00:03:34 +0700] "GET / HTTP/1.1" 301 1044 "-" "Mozilla/5.0 (Macintosh; Intel Mac OS X 10_15_7) AppleWebKit/537.36 (KHTML, like Gecko) Chrome/142.0.0.0 Safari/537.36"
43.128.156.124 - - [12/Apr/2026:00:26:55 +0700] "GET / HTTP/1.1" 301 1044 "-" "Mozilla/5.0 (iPhone; CPU iPhone OS 13_2_3 like Mac OS X) AppleWebKit/605.1.15 (KHTML, like Gecko) Version/13.0.3 Mobile/15E148 Safari/604.1"
216.244.66.233 - - [12/Apr/2026:00:27:10 +0700] "GET /robots.txt HTTP/1.1" 301 1054 "-" "Mozilla/5.0 (compatible; DotBot/1.2; +https://opensiteexplorer.org/dotbot; help@moz.com)"
216.244.66.201 - - [12/Apr/2026:00:32:30 +0700] "GET /robots.txt HTTP/1.1" 301 1065 "-" "Mozilla/5.0 (compatible; DotBot/1.2; +https://opensiteexplorer.org/dotbot; help@moz.com)"
34.220.64.93 - - [12/Apr/2026:01:04:11 +0700] "GET / HTTP/1.1" 301 1003 "-" "Mozilla/5.0 (Windows NT 10.0; Win64; x64) AppleWebKit/537.36 (KHTML, like Gecko) Chrome/70.0.3538.102 Safari/537.36 Edge/18.19582"
103.131.71.92 - - [12/Apr/2026:01:07:45 +0700] "GET /robots.txt HTTP/1.1" 301 1014 "-" "Mozilla/5.0 (compatible; coccocbot-web/1.0; +http://help.coccoc.com/searchengine)"
216.244.66.201 - - [12/Apr/2026:01:19:23 +0700] "GET /robots.txt HTTP/1.1" 301 1065 "-" "Mozilla/5.0 (compatible; DotBot/1.2; +https://opensiteexplorer.org/dotbot; help@moz.com)"
188.68.50.94 - - [12/Apr/2026:01:25:21 +0700] "GET /robots.txt HTTP/1.1" 301 1054 "-" "Mozilla/5.0 (compatible; Website-info.net-Robot; https://website-info.net/robot)"
188.68.50.94 - - [12/Apr/2026:01:25:28 +0700] "GET /robots.txt HTTP/1.1" 301 1058 "-" "Mozilla/5.0 (compatible; Website-info.net-Robot; https://website-info.net/robot)"
216.244.66.201 - - [12/Apr/2026:02:05:23 +0700] "GET /robots.txt HTTP/1.1" 301 1065 "-" "Mozilla/5.0 (compatible; DotBot/1.2; +https://opensiteexplorer.org/dotbot; help@moz.com)"
216.244.66.234 - - [12/Apr/2026:02:32:16 +0700] "GET /robots.txt HTTP/1.1" 301 1058 "-" "Mozilla/5.0 (compatible; DotBot/1.2; +https://opensiteexplorer.org/dotbot; help@moz.com)"
216.244.66.234 - - [12/Apr/2026:02:32:20 +0700] "GET /robots.txt HTTP/1.1" 301 1054 "-" "Mozilla/5.0 (compatible; DotBot/1.2; +https://opensiteexplorer.org/dotbot; help@moz.com)"
216.244.66.201 - - [12/Apr/2026:02:51:21 +0700] "GET /robots.txt HTTP/1.1" 301 1065 "-" "Mozilla/5.0 (compatible; DotBot/1.2; +https://opensiteexplorer.org/dotbot; help@moz.com)"
216.244.66.233 - - [12/Apr/2026:02:53:14 +0700] "GET /robots.txt HTTP/1.1" 301 1054 "-" "Mozilla/5.0 (compatible; DotBot/1.2; +https://opensiteexplorer.org/dotbot; help@moz.com)"
216.244.66.234 - - [12/Apr/2026:03:17:27 +0700] "GET /robots.txt HTTP/1.1" 301 1058 "-" "Mozilla/5.0 (compatible; DotBot/1.2; +https://opensiteexplorer.org/dotbot; help@moz.com)"
216.244.66.201 - - [12/Apr/2026:03:35:53 +0700] "GET /robots.txt HTTP/1.1" 301 1065 "-" "Mozilla/5.0 (compatible; DotBot/1.2; +https://opensiteexplorer.org/dotbot; help@moz.com)"
216.244.66.234 - - [12/Apr/2026:04:03:13 +0700] "GET /robots.txt HTTP/1.1" 301 1054 "-" "Mozilla/5.0 (compatible; DotBot/1.2; +https://opensiteexplorer.org/dotbot; help@moz.com)"
216.244.66.234 - - [12/Apr/2026:04:03:14 +0700] "GET /robots.txt HTTP/1.1" 301 1058 "-" "Mozilla/5.0 (compatible; DotBot/1.2; +https://opensiteexplorer.org/dotbot; help@moz.com)"
216.244.66.201 - - [12/Apr/2026:04:20:02 +0700] "GET /robots.txt HTTP/1.1" 301 1065 "-" "Mozilla/5.0 (compatible; DotBot/1.2; +https://opensiteexplorer.org/dotbot; help@moz.com)"
114.119.153.15 - - [12/Apr/2026:04:33:05 +0700] "GET /public/upload/poster/kdmy02-185(type-fk/bm/dm/z)/KDMY02-185_product.png HTTP/1.1" 301 1089 "-" "Mozilla/5.0 (Linux; Android 7.0;) AppleWebKit/537.36 (KHTML, like Gecko) Mobile Safari/537.36 (compatible; PetalBot;+https://webmaster.petalsearch.com/site/petalbot)"
216.244.66.234 - - [12/Apr/2026:04:47:08 +0700] "GET /robots.txt HTTP/1.1" 301 1058 "-" "Mozilla/5.0 (compatible; DotBot/1.2; +https://opensiteexplorer.org/dotbot; help@moz.com)"
134.122.133.132 - - [12/Apr/2026:05:34:41 +0700] "GET /include/ckeditor/images/addon.gif HTTP/1.1" 301 1077 "http://pemco.com.vn" "Mozilla/5.0 (Windows NT 10.0; Win64; x64) AppleWebKit/537.36 (KHTML, like Gecko) Chrome/128.0.0.0 Safari/537.36"
134.122.133.132 - - [12/Apr/2026:05:34:42 +0700] "GET /zb_system/login.php HTTP/1.1" 301 1063 "http://pemco.com.vn" "Mozilla/5.0 (Windows NT 10.0; Win64; x64) AppleWebKit/537.36 (KHTML, like Gecko) Chrome/128.0.0.0 Safari/537.36"
103.131.71.89 - - [12/Apr/2026:05:39:20 +0700] "GET /robots.txt HTTP/1.1" 301 1017 "-" "Mozilla/5.0 (compatible; coccocbot-web/1.0; +http://help.coccoc.com/searchengine)"
103.131.71.105 - - [12/Apr/2026:05:39:40 +0700] "GET / HTTP/1.1" 301 1007 "-" "Mozilla/5.0 (compatible; coccocbot-web/1.0; +http://help.coccoc.com/searchengine)"
216.244.66.201 - - [12/Apr/2026:05:48:41 +0700] "GET /robots.txt HTTP/1.1" 301 1065 "-" "Mozilla/5.0 (compatible; DotBot/1.2; +https://opensiteexplorer.org/dotbot; help@moz.com)"
103.131.71.60 - - [12/Apr/2026:06:06:36 +0700] "GET /robots.txt HTTP/1.1" 301 1028 "-" "Mozilla/5.0 (compatible; coccocbot-web/1.0; +http://help.coccoc.com/searchengine)"
103.131.71.74 - - [12/Apr/2026:06:06:56 +0700] "GET / HTTP/1.1" 301 1018 "-" "Mozilla/5.0 (compatible; coccocbot-web/1.0; +http://help.coccoc.com/searchengine)"
192.71.2.119 - - [12/Apr/2026:06:23:56 +0700] "GET / HTTP/1.1" 301 1018 "-" "Mozilla/5.0 (iPhone; CPU iPhone OS 17_3_1 like Mac OS X) AppleWebKit/605.1.15 (KHTML, like Gecko) Version/17.3.1 Mobile/15E148 Safari/604"
72.13.62.5 - - [12/Apr/2026:06:24:50 +0700] "GET /robots.txt HTTP/1.1" 301 1058 "-" "Mozilla/5.0 (compatible; ips-agent)"
72.13.62.5 - - [12/Apr/2026:06:24:54 +0700] "GET / HTTP/1.1" 301 1048 "-" "Mozilla/5.0 (compatible; ips-agent)"
192.71.2.57 - - [12/Apr/2026:06:33:27 +0700] "GET / HTTP/1.1" 301 1008 "-" "Mozilla/5.0 (Windows NT 6.3; Win64; x64; rv:109.0) Gecko/20100101 Firefox/115"
185.242.3.216 - - [12/Apr/2026:06:55:12 +0700] "GET / HTTP/1.1" 301 1044 "-" "-"
185.242.3.216 - - [12/Apr/2026:06:55:12 +0700] "GET / HTTP/1.1" 301 1041 "-" "-"
185.242.3.216 - - [12/Apr/2026:06:55:12 +0700] "GET / HTTP/1.1" 301 1040 "-" "-"
185.242.3.216 - - [12/Apr/2026:06:55:15 +0700] "GET / HTTP/1.1" 301 1055 "-" "-"
216.244.66.201 - - [12/Apr/2026:07:19:58 +0700] "GET /robots.txt HTTP/1.1" 301 1065 "-" "Mozilla/5.0 (compatible; DotBot/1.2; +https://opensiteexplorer.org/dotbot; help@moz.com)"
216.244.66.201 - - [12/Apr/2026:08:04:43 +0700] "GET /robots.txt HTTP/1.1" 301 1065 "-" "Mozilla/5.0 (compatible; DotBot/1.2; +https://opensiteexplorer.org/dotbot; help@moz.com)"
103.131.71.238 - - [12/Apr/2026:08:09:33 +0700] "GET /robots.txt HTTP/1.1" 301 1032 "-" "Mozilla/5.0 (compatible; coccocbot-web/1.0; +http://help.coccoc.com/searchengine)"
216.244.66.234 - - [12/Apr/2026:08:28:44 +0700] "GET /robots.txt HTTP/1.1" 301 1058 "-" "Mozilla/5.0 (compatible; DotBot/1.2; +https://opensiteexplorer.org/dotbot; help@moz.com)"
216.244.66.201 - - [12/Apr/2026:08:50:25 +0700] "GET /robots.txt HTTP/1.1" 301 1065 "-" "Mozilla/5.0 (compatible; DotBot/1.2; +https://opensiteexplorer.org/dotbot; help@moz.com)"
51.68.236.64 - - [12/Apr/2026:09:10:10 +0700] "GET /robots.txt HTTP/1.1" 301 1054 "-" "Mozilla/5.0 (compatible; MJ12bot/v2.0.5; http://mj12bot.com/)"
51.68.236.64 - - [12/Apr/2026:09:10:13 +0700] "GET / HTTP/1.1" 301 1044 "-" "Mozilla/5.0 (compatible; MJ12bot/v2.0.5; http://mj12bot.com/)"
216.244.66.234 - - [12/Apr/2026:09:14:14 +0700] "GET /robots.txt HTTP/1.1" 301 1058 "-" "Mozilla/5.0 (compatible; DotBot/1.2; +https://opensiteexplorer.org/dotbot; help@moz.com)"
216.244.66.234 - - [12/Apr/2026:09:14:14 +0700] "GET /robots.txt HTTP/1.1" 301 1054 "-" "Mozilla/5.0 (compatible; DotBot/1.2; +https://opensiteexplorer.org/dotbot; help@moz.com)"
216.244.66.233 - - [12/Apr/2026:09:15:28 +0700] "GET /robots.txt HTTP/1.1" 301 1054 "-" "Mozilla/5.0 (compatible; DotBot/1.2; +https://opensiteexplorer.org/dotbot; help@moz.com)"
103.131.71.72 - - [12/Apr/2026:09:27:17 +0700] "GET /robots.txt HTTP/1.1" 301 1014 "-" "Mozilla/5.0 (compatible; coccocbot-web/1.0; +http://help.coccoc.com/searchengine)"
216.244.66.201 - - [12/Apr/2026:09:36:10 +0700] "GET /robots.txt HTTP/1.1" 301 1065 "-" "Mozilla/5.0 (compatible; DotBot/1.2; +https://opensiteexplorer.org/dotbot; help@moz.com)"
216.244.66.233 - - [12/Apr/2026:10:00:48 +0700] "GET /robots.txt HTTP/1.1" 301 1054 "-" "Mozilla/5.0 (compatible; DotBot/1.2; +https://opensiteexplorer.org/dotbot; help@moz.com)"
216.244.66.234 - - [12/Apr/2026:10:01:30 +0700] "GET /robots.txt HTTP/1.1" 301 1058 "-" "Mozilla/5.0 (compatible; DotBot/1.2; +https://opensiteexplorer.org/dotbot; help@moz.com)"
216.244.66.234 - - [12/Apr/2026:10:01:30 +0700] "GET /robots.txt HTTP/1.1" 301 1054 "-" "Mozilla/5.0 (compatible; DotBot/1.2; +https://opensiteexplorer.org/dotbot; help@moz.com)"
85.221.145.72 - - [12/Apr/2026:10:22:13 +0700] "GET / HTTP/1.1" 301 1007 "-" "Mozilla/5.0 (Linux; Android 8.0.0; SM-G965U Build/R16NW) AppleWebKit/537.36 (KHTML, like Gecko) Chrome/63.0.3239.111 Mobile Safari/537.36"
44.252.87.24 - - [12/Apr/2026:10:22:13 +0700] "GET / HTTP/1.1" 301 1007 "-" "Mozilla/5.0 (Linux; Android 8.0.0; SM-G965U Build/R16NW) AppleWebKit/537.36 (KHTML, like Gecko) Chrome/63.0.3239.111 Mobile Safari/537.36"
216.244.66.201 - - [12/Apr/2026:10:22:20 +0700] "GET /robots.txt HTTP/1.1" 301 1065 "-" "Mozilla/5.0 (compatible; DotBot/1.2; +https://opensiteexplorer.org/dotbot; help@moz.com)"
216.244.66.234 - - [12/Apr/2026:10:45:49 +0700] "GET /robots.txt HTTP/1.1" 301 1054 "-" "Mozilla/5.0 (compatible; DotBot/1.2; +https://opensiteexplorer.org/dotbot; help@moz.com)"
216.244.66.201 - - [12/Apr/2026:11:06:37 +0700] "GET /robots.txt HTTP/1.1" 301 1065 "-" "Mozilla/5.0 (compatible; DotBot/1.2; +https://opensiteexplorer.org/dotbot; help@moz.com)"
17.241.227.116 - - [12/Apr/2026:11:25:28 +0700] "GET /robots.txt HTTP/1.1" 301 1065 "-" "Mozilla/5.0 (Macintosh; Intel Mac OS X 10_15_7) AppleWebKit/605.1.15 (KHTML, like Gecko) Version/17.4 Safari/605.1.15 (Applebot/0.1; +http://www.apple.com/go/applebot)"
17.241.227.116 - - [12/Apr/2026:11:25:31 +0700] "GET /product/product/kdcx600%28type-dm/bm/z%29 HTTP/1.1" 301 1092 "-" "Mozilla/5.0 (Macintosh; Intel Mac OS X 10_15_7) AppleWebKit/605.1.15 (KHTML, like Gecko) Version/17.4 Safari/605.1.15 (Applebot/0.1; +http://www.apple.com/go/applebot)"
216.244.66.234 - - [12/Apr/2026:11:33:01 +0700] "GET /robots.txt HTTP/1.1" 301 1054 "-" "Mozilla/5.0 (compatible; DotBot/1.2; +https://opensiteexplorer.org/dotbot; help@moz.com)"
216.244.66.234 - - [12/Apr/2026:11:33:02 +0700] "GET /robots.txt HTTP/1.1" 301 1058 "-" "Mozilla/5.0 (compatible; DotBot/1.2; +https://opensiteexplorer.org/dotbot; help@moz.com)"
114.119.147.42 - - [12/Apr/2026:11:33:05 +0700] "GET /robots.txt HTTP/1.1" 301 1017 "-" "Mozilla/5.0 (compatible;PetalBot;+https://webmaster.petalsearch.com/site/petalbot)"
216.244.66.201 - - [12/Apr/2026:11:50:34 +0700] "GET /robots.txt HTTP/1.1" 301 1065 "-" "Mozilla/5.0 (compatible; DotBot/1.2; +https://opensiteexplorer.org/dotbot; help@moz.com)"
216.244.66.234 - - [12/Apr/2026:12:16:26 +0700] "GET /robots.txt HTTP/1.1" 301 1058 "-" "Mozilla/5.0 (compatible; DotBot/1.2; +https://opensiteexplorer.org/dotbot; help@moz.com)"
216.244.66.233 - - [12/Apr/2026:12:19:19 +0700] "GET /robots.txt HTTP/1.1" 301 1054 "-" "Mozilla/5.0 (compatible; DotBot/1.2; +https://opensiteexplorer.org/dotbot; help@moz.com)"
216.244.66.201 - - [12/Apr/2026:12:33:28 +0700] "GET /robots.txt HTTP/1.1" 301 1065 "-" "Mozilla/5.0 (compatible; DotBot/1.2; +https://opensiteexplorer.org/dotbot; help@moz.com)"
188.68.50.94 - - [12/Apr/2026:12:41:54 +0700] "GET /robots.txt HTTP/1.1" 301 1065 "-" "Mozilla/5.0 (compatible; Website-info.net-Robot; https://website-info.net/robot)"
188.68.50.94 - - [12/Apr/2026:12:42:02 +0700] "GET /robots.txt HTTP/1.1" 301 1069 "-" "Mozilla/5.0 (compatible; Website-info.net-Robot; https://website-info.net/robot)"
216.244.66.234 - - [12/Apr/2026:13:01:20 +0700] "GET /robots.txt HTTP/1.1" 301 1054 "-" "Mozilla/5.0 (compatible; DotBot/1.2; +https://opensiteexplorer.org/dotbot; help@moz.com)"
216.244.66.234 - - [12/Apr/2026:13:01:20 +0700] "GET /robots.txt HTTP/1.1" 301 1058 "-" "Mozilla/5.0 (compatible; DotBot/1.2; +https://opensiteexplorer.org/dotbot; help@moz.com)"
216.244.66.201 - - [12/Apr/2026:13:18:07 +0700] "GET /robots.txt HTTP/1.1" 301 1065 "-" "Mozilla/5.0 (compatible; DotBot/1.2; +https://opensiteexplorer.org/dotbot; help@moz.com)"
216.244.66.234 - - [12/Apr/2026:13:45:22 +0700] "GET /robots.txt HTTP/1.1" 301 1058 "-" "Mozilla/5.0 (compatible; DotBot/1.2; +https://opensiteexplorer.org/dotbot; help@moz.com)"
216.244.66.234 - - [12/Apr/2026:13:45:22 +0700] "GET /robots.txt HTTP/1.1" 301 1054 "-" "Mozilla/5.0 (compatible; DotBot/1.2; +https://opensiteexplorer.org/dotbot; help@moz.com)"
216.244.66.233 - - [12/Apr/2026:13:48:14 +0700] "GET /robots.txt HTTP/1.1" 301 1054 "-" "Mozilla/5.0 (compatible; DotBot/1.2; +https://opensiteexplorer.org/dotbot; help@moz.com)"
158.222.115.164 - - [12/Apr/2026:13:53:13 +0700] "GET / HTTP/1.1" 301 1040 "-" "Mozilla/5.0 (Macintosh; Intel Mac OS X 10_14_6) AppleWebKit/605.1.15 (KHTML, like Gecko) Version/14.0 Safari/605.1.15"
216.244.66.201 - - [12/Apr/2026:14:02:12 +0700] "GET /robots.txt HTTP/1.1" 301 1065 "-" "Mozilla/5.0 (compatible; DotBot/1.2; +https://opensiteexplorer.org/dotbot; help@moz.com)"
216.244.66.234 - - [12/Apr/2026:14:30:22 +0700] "GET /robots.txt HTTP/1.1" 301 1058 "-" "Mozilla/5.0 (compatible; DotBot/1.2; +https://opensiteexplorer.org/dotbot; help@moz.com)"
216.244.66.234 - - [12/Apr/2026:14:30:22 +0700] "GET /robots.txt HTTP/1.1" 301 1054 "-" "Mozilla/5.0 (compatible; DotBot/1.2; +https://opensiteexplorer.org/dotbot; help@moz.com)"
216.244.66.233 - - [12/Apr/2026:14:35:11 +0700] "GET /robots.txt HTTP/1.1" 301 1054 "-" "Mozilla/5.0 (compatible; DotBot/1.2; +https://opensiteexplorer.org/dotbot; help@moz.com)"
167.71.15.168 - - [12/Apr/2026:14:39:21 +0700] "GET / HTTP/1.1" 301 1055 "-" "Mozilla/5.0 (X11; Linux x86_64) AppleWebKit/537.36 (KHTML, like Gecko) Chrome/142.0.0.0 Safari/537.36"
167.71.15.168 - - [12/Apr/2026:14:39:21 +0700] "GET /favicon.ico HTTP/1.1" 301 1066 "http://dienmaychuyennghiep.com/" "Mozilla/5.0 (X11; Linux x86_64) AppleWebKit/537.36 (KHTML, like Gecko) Chrome/142.0.0.0 Safari/537.36"
216.244.66.201 - - [12/Apr/2026:14:48:03 +0700] "GET /robots.txt HTTP/1.1" 301 1065 "-" "Mozilla/5.0 (compatible; DotBot/1.2; +https://opensiteexplorer.org/dotbot; help@moz.com)"
216.244.66.234 - - [12/Apr/2026:15:14:54 +0700] "GET /robots.txt HTTP/1.1" 301 1058 "-" "Mozilla/5.0 (compatible; DotBot/1.2; +https://opensiteexplorer.org/dotbot; help@moz.com)"
114.119.137.232 - - [12/Apr/2026:15:21:01 +0700] "GET /robots.txt HTTP/1.1" 301 1021 "-" "Mozilla/5.0 (compatible;PetalBot;+https://webmaster.petalsearch.com/site/petalbot)"
161.97.159.93 - - [12/Apr/2026:15:26:30 +0700] "GET / HTTP/1.1" 301 1055 "-" "Mozilla/5.0 (Windows NT 10.0; Win64; x64) AppleWebKit/537.36 (KHTML, like Gecko) Chrome/120.0.0.0 Safari/537.36"
161.97.159.93 - - [12/Apr/2026:15:27:54 +0700] "GET / HTTP/1.1" 301 1044 "-" "Mozilla/5.0 (Windows NT 10.0; Win64; x64) AppleWebKit/537.36 (KHTML, like Gecko) Chrome/120.0.0.0 Safari/537.36"
216.244.66.201 - - [12/Apr/2026:15:31:03 +0700] "GET /robots.txt HTTP/1.1" 301 1065 "-" "Mozilla/5.0 (compatible; DotBot/1.2; +https://opensiteexplorer.org/dotbot; help@moz.com)"
216.244.66.234 - - [12/Apr/2026:16:02:50 +0700] "GET /robots.txt HTTP/1.1" 301 1054 "-" "Mozilla/5.0 (compatible; DotBot/1.2; +https://opensiteexplorer.org/dotbot; help@moz.com)"
216.244.66.234 - - [12/Apr/2026:16:02:50 +0700] "GET /robots.txt HTTP/1.1" 301 1058 "-" "Mozilla/5.0 (compatible; DotBot/1.2; +https://opensiteexplorer.org/dotbot; help@moz.com)"
103.131.71.92 - - [12/Apr/2026:16:11:04 +0700] "GET /robots.txt HTTP/1.1" 301 1028 "-" "Mozilla/5.0 (compatible; coccocbot-web/1.0; +http://help.coccoc.com/searchengine)"
216.244.66.201 - - [12/Apr/2026:16:15:17 +0700] "GET /robots.txt HTTP/1.1" 301 1065 "-" "Mozilla/5.0 (compatible; DotBot/1.2; +https://opensiteexplorer.org/dotbot; help@moz.com)"
216.244.66.233 - - [12/Apr/2026:16:22:16 +0700] "GET /robots.txt HTTP/1.1" 301 1054 "-" "Mozilla/5.0 (compatible; DotBot/1.2; +https://opensiteexplorer.org/dotbot; help@moz.com)"
216.244.66.234 - - [12/Apr/2026:16:49:40 +0700] "GET /robots.txt HTTP/1.1" 301 1054 "-" "Mozilla/5.0 (compatible; DotBot/1.2; +https://opensiteexplorer.org/dotbot; help@moz.com)"
216.244.66.234 - - [12/Apr/2026:16:49:40 +0700] "GET /robots.txt HTTP/1.1" 301 1058 "-" "Mozilla/5.0 (compatible; DotBot/1.2; +https://opensiteexplorer.org/dotbot; help@moz.com)"
185.47.92.85 - - [12/Apr/2026:16:57:42 +0700] "GET / HTTP/1.1" 301 1044 "-" "Mozilla/5.0 (Macintosh; Intel Mac OS X 10_15_7) AppleWebKit/537.36 (KHTML, like Gecko) Chrome/142.0.0.0 Safari/537.36"
216.244.66.201 - - [12/Apr/2026:16:58:27 +0700] "GET /robots.txt HTTP/1.1" 301 1065 "-" "Mozilla/5.0 (compatible; DotBot/1.2; +https://opensiteexplorer.org/dotbot; help@moz.com)"
103.131.71.137 - - [12/Apr/2026:17:10:10 +0700] "GET /robots.txt HTTP/1.1" 301 1032 "-" "Mozilla/5.0 (compatible; coccocbot-web/1.0; +http://help.coccoc.com/searchengine)"
216.244.66.201 - - [12/Apr/2026:17:43:14 +0700] "GET /robots.txt HTTP/1.1" 301 1065 "-" "Mozilla/5.0 (compatible; DotBot/1.2; +https://opensiteexplorer.org/dotbot; help@moz.com)"
216.244.66.234 - - [12/Apr/2026:17:51:26 +0700] "GET /robots.txt HTTP/1.1" 301 1054 "-" "Mozilla/5.0 (compatible; DotBot/1.2; +https://opensiteexplorer.org/dotbot; help@moz.com)"
68.62.194.198 - - [12/Apr/2026:18:08:29 +0700] "GET http://pemco.com.vn/wp-json/wp/v2/posts HTTP/1.1" 301 1026 "-" "Mozilla/5.0 (Windows NT 10.0; Win64; x64) AppleWebKit/537.36 (KHTML, like Gecko) Chrome/120.0.0.0 Safari/537.36"
216.244.66.201 - - [12/Apr/2026:18:25:55 +0700] "GET /robots.txt HTTP/1.1" 301 1065 "-" "Mozilla/5.0 (compatible; DotBot/1.2; +https://opensiteexplorer.org/dotbot; help@moz.com)"
216.244.66.234 - - [12/Apr/2026:18:39:28 +0700] "GET /robots.txt HTTP/1.1" 301 1054 "-" "Mozilla/5.0 (compatible; DotBot/1.2; +https://opensiteexplorer.org/dotbot; help@moz.com)"
216.244.66.233 - - [12/Apr/2026:18:45:27 +0700] "GET /robots.txt HTTP/1.1" 301 1054 "-" "Mozilla/5.0 (compatible; DotBot/1.2; +https://opensiteexplorer.org/dotbot; help@moz.com)"
103.131.71.187 - - [12/Apr/2026:18:53:10 +0700] "GET /robots.txt HTTP/1.1" 301 1017 "-" "Mozilla/5.0 (compatible; coccocbot-web/1.0; +http://help.coccoc.com/searchengine)"
216.244.66.201 - - [12/Apr/2026:19:10:31 +0700] "GET /robots.txt HTTP/1.1" 301 1065 "-" "Mozilla/5.0 (compatible; DotBot/1.2; +https://opensiteexplorer.org/dotbot; help@moz.com)"
216.244.66.234 - - [12/Apr/2026:19:29:03 +0700] "GET /robots.txt HTTP/1.1" 301 1054 "-" "Mozilla/5.0 (compatible; DotBot/1.2; +https://opensiteexplorer.org/dotbot; help@moz.com)"
216.244.66.234 - - [12/Apr/2026:19:29:04 +0700] "GET /robots.txt HTTP/1.1" 301 1058 "-" "Mozilla/5.0 (compatible; DotBot/1.2; +https://opensiteexplorer.org/dotbot; help@moz.com)"
216.244.66.201 - - [12/Apr/2026:19:55:00 +0700] "GET /robots.txt HTTP/1.1" 301 1065 "-" "Mozilla/5.0 (compatible; DotBot/1.2; +https://opensiteexplorer.org/dotbot; help@moz.com)"
216.244.66.234 - - [12/Apr/2026:20:26:01 +0700] "GET /robots.txt HTTP/1.1" 301 1054 "-" "Mozilla/5.0 (compatible; DotBot/1.2; +https://opensiteexplorer.org/dotbot; help@moz.com)"
216.244.66.234 - - [12/Apr/2026:20:26:02 +0700] "GET /robots.txt HTTP/1.1" 301 1058 "-" "Mozilla/5.0 (compatible; DotBot/1.2; +https://opensiteexplorer.org/dotbot; help@moz.com)"
216.244.66.233 - - [12/Apr/2026:20:31:10 +0700] "GET /robots.txt HTTP/1.1" 301 1054 "-" "Mozilla/5.0 (compatible; DotBot/1.2; +https://opensiteexplorer.org/dotbot; help@moz.com)"
216.244.66.201 - - [12/Apr/2026:20:39:11 +0700] "GET /robots.txt HTTP/1.1" 301 1065 "-" "Mozilla/5.0 (compatible; DotBot/1.2; +https://opensiteexplorer.org/dotbot; help@moz.com)"
185.191.127.188 - - [12/Apr/2026:21:09:23 +0700] "GET / HTTP/1.1" 301 1007 "-" "Mozilla/5.0 (Linux; Android 13; 2201117TG) AppleWebKit/537.36 (KHTML, like Gecko) Chrome/119.0.6045.193 Mobile Safari/537.36"
216.244.66.234 - - [12/Apr/2026:21:14:37 +0700] "GET /robots.txt HTTP/1.1" 301 1058 "-" "Mozilla/5.0 (compatible; DotBot/1.2; +https://opensiteexplorer.org/dotbot; help@moz.com)"
216.244.66.234 - - [12/Apr/2026:21:14:39 +0700] "GET /robots.txt HTTP/1.1" 301 1054 "-" "Mozilla/5.0 (compatible; DotBot/1.2; +https://opensiteexplorer.org/dotbot; help@moz.com)"
103.131.71.43 - - [12/Apr/2026:21:15:25 +0700] "GET /robots.txt HTTP/1.1" 301 1028 "-" "Mozilla/5.0 (compatible; coccocbot-image/1.0; +http://help.coccoc.com/searchengine)"
216.244.66.201 - - [12/Apr/2026:21:22:33 +0700] "GET /robots.txt HTTP/1.1" 301 1065 "-" "Mozilla/5.0 (compatible; DotBot/1.2; +https://opensiteexplorer.org/dotbot; help@moz.com)"
216.244.66.233 - - [12/Apr/2026:21:27:43 +0700] "GET /robots.txt HTTP/1.1" 301 1054 "-" "Mozilla/5.0 (compatible; DotBot/1.2; +https://opensiteexplorer.org/dotbot; help@moz.com)"
34.9.176.140 - - [12/Apr/2026:21:31:01 +0700] "GET / HTTP/1.1" 301 1040 "-" "Mozilla/5.0 (Windows NT 10.0; Win64; x64) AppleWebKit/537.36 (KHTML, like Gecko) Chrome/78.0.3904.108 Safari/537.36"
216.244.66.234 - - [12/Apr/2026:22:02:29 +0700] "GET /robots.txt HTTP/1.1" 301 1058 "-" "Mozilla/5.0 (compatible; DotBot/1.2; +https://opensiteexplorer.org/dotbot; help@moz.com)"
216.244.66.234 - - [12/Apr/2026:22:02:29 +0700] "GET /robots.txt HTTP/1.1" 301 1054 "-" "Mozilla/5.0 (compatible; DotBot/1.2; +https://opensiteexplorer.org/dotbot; help@moz.com)"
216.244.66.201 - - [12/Apr/2026:22:08:41 +0700] "GET /robots.txt HTTP/1.1" 301 1065 "-" "Mozilla/5.0 (compatible; DotBot/1.2; +https://opensiteexplorer.org/dotbot; help@moz.com)"
103.131.71.34 - - [12/Apr/2026:22:37:26 +0700] "GET /robots.txt HTTP/1.1" 301 1017 "-" "Mozilla/5.0 (compatible; coccocbot-image/1.0; +http://help.coccoc.com/searchengine)"
103.131.71.47 - - [12/Apr/2026:22:38:06 +0700] "GET /robots.txt HTTP/1.1" 301 1014 "-" "Mozilla/5.0 (compatible; coccocbot-image/1.0; +http://help.coccoc.com/searchengine)"
49.7.227.204 - - [12/Apr/2026:22:44:10 +0700] "GET / HTTP/1.1" 301 1044 "-" "Mozilla/5.0 (iPhone; CPU iPhone OS 13_2_3 like Mac OS X) AppleWebKit/605.1.15 (KHTML, like Gecko) Version/13.0.3 Mobile/15E148 Safari/604.1"
103.131.71.47 - - [12/Apr/2026:22:48:41 +0700] "GET /robots.txt HTTP/1.1" 301 1032 "-" "Mozilla/5.0 (compatible; coccocbot-image/1.0; +http://help.coccoc.com/searchengine)"
43.130.16.140 - - [12/Apr/2026:22:50:22 +0700] "GET / HTTP/1.1" 301 1048 "-" "Mozilla/5.0 (iPhone; CPU iPhone OS 13_2_3 like Mac OS X) AppleWebKit/605.1.15 (KHTML, like Gecko) Version/13.0.3 Mobile/15E148 Safari/604.1"
216.244.66.201 - - [12/Apr/2026:22:53:23 +0700] "GET /robots.txt HTTP/1.1" 301 1065 "-" "Mozilla/5.0 (compatible; DotBot/1.2; +https://opensiteexplorer.org/dotbot; help@moz.com)"
216.244.66.234 - - [12/Apr/2026:22:58:50 +0700] "GET /robots.txt HTTP/1.1" 301 1058 "-" "Mozilla/5.0 (compatible; DotBot/1.2; +https://opensiteexplorer.org/dotbot; help@moz.com)"
216.244.66.234 - - [12/Apr/2026:22:58:55 +0700] "GET /robots.txt HTTP/1.1" 301 1054 "-" "Mozilla/5.0 (compatible; DotBot/1.2; +https://opensiteexplorer.org/dotbot; help@moz.com)"
100.25.25.148 - - [12/Apr/2026:23:27:31 +0700] "GET /robots.txt HTTP/1.1" 301 1017 "-" "Mozilla/5.0 (Macintosh; Intel Mac OS X 10_10_1) AppleWebKit/600.2.5 (KHTML, like Gecko) Version/8.0.2 Safari/600.2.5 (Gort)"
216.244.66.234 - - [12/Apr/2026:23:43:36 +0700] "GET /robots.txt HTTP/1.1" 301 1058 "-" "Mozilla/5.0 (compatible; DotBot/1.2; +https://opensiteexplorer.org/dotbot; help@moz.com)"
216.244.66.234 - - [12/Apr/2026:23:43:36 +0700] "GET /robots.txt HTTP/1.1" 301 1054 "-" "Mozilla/5.0 (compatible; DotBot/1.2; +https://opensiteexplorer.org/dotbot; help@moz.com)"
170.106.84.136 - - [13/Apr/2026:00:03:34 +0700] "GET / HTTP/1.1" 301 1059 "-" "Mozilla/5.0 (iPhone; CPU iPhone OS 13_2_3 like Mac OS X) AppleWebKit/605.1.15 (KHTML, like Gecko) Version/13.0.3 Mobile/15E148 Safari/604.1"
34.214.104.138 - - [13/Apr/2026:00:07:04 +0700] "GET / HTTP/1.1" 301 1003 "-" "Mozilla/5.0 (iPhone; CPU iPhone OS 14_4 like Mac OS X) AppleWebKit/605.1.15 (KHTML, like Gecko) Version/15.4 Mobile/15E148 Safari/604.1"
35.221.61.16 - - [13/Apr/2026:00:07:06 +0700] "HEAD / HTTP/1.1" 301 214 "-" "Mozilla/5.0 (Windows NT 11.0; Win64; x64) AppleWebKit/537.36 (KHTML, like Gecko) Edg/128.0.2790.25 Chrome/128.0.6540.22 Safari/537.36"
35.221.61.16 - - [13/Apr/2026:00:07:08 +0700] "HEAD /wordpress/ HTTP/1.1" 301 224 "-" "Mozilla/5.0 (Windows NT 11.0; Win64; x64) AppleWebKit/537.36 (KHTML, like Gecko) Edg/128.0.2790.25 Chrome/128.0.6540.22 Safari/537.36"
35.221.61.16 - - [13/Apr/2026:00:07:08 +0700] "HEAD /blog/ HTTP/1.1" 301 219 "-" "Mozilla/5.0 (Linux; Android 13; Pixel 7a) AppleWebKit/537.36 (KHTML, like Gecko) Chrome/124.0.6367.82 Mobile Safari/537.36"
35.221.61.16 - - [13/Apr/2026:00:07:10 +0700] "HEAD /wp/ HTTP/1.1" 301 217 "-" "Mozilla/5.0 (iPad; CPU OS 17_4 like Mac OS X) AppleWebKit/605.1.15 (KHTML, like Gecko) Version/17.4 Mobile/15E148 Safari/604.1"
35.221.61.16 - - [13/Apr/2026:00:07:11 +0700] "HEAD /new/ HTTP/1.1" 301 218 "-" "Mozilla/5.0 (Linux; Android 14; OnePlus 12) AppleWebKit/537.36 (KHTML, like Gecko) Chrome/125.0.6422.102 Mobile Safari/537.36"
35.221.61.16 - - [13/Apr/2026:00:07:12 +0700] "HEAD /backup/ HTTP/1.1" 301 221 "-" "Mozilla/5.0 (Windows NT 10.0; Win64; x64; rv:127.0) Gecko/20100101 Firefox/127.0"
35.221.61.16 - - [13/Apr/2026:00:07:14 +0700] "HEAD /old/ HTTP/1.1" 301 218 "-" "Mozilla/5.0 (Windows NT 11.0; Win64; x64) AppleWebKit/537.36 (KHTML, like Gecko) Chrome/128.0.6540.18 Safari/537.36"
216.244.66.201 - - [13/Apr/2026:00:22:02 +0700] "GET /robots.txt HTTP/1.1" 301 1065 "-" "Mozilla/5.0 (compatible; DotBot/1.2; +https://opensiteexplorer.org/dotbot; help@moz.com)"
216.244.66.233 - - [13/Apr/2026:00:25:17 +0700] "GET /robots.txt HTTP/1.1" 301 1054 "-" "Mozilla/5.0 (compatible; DotBot/1.2; +https://opensiteexplorer.org/dotbot; help@moz.com)"
216.244.66.234 - - [13/Apr/2026:00:30:39 +0700] "GET /robots.txt HTTP/1.1" 301 1054 "-" "Mozilla/5.0 (compatible; DotBot/1.2; +https://opensiteexplorer.org/dotbot; help@moz.com)"
216.244.66.234 - - [13/Apr/2026:00:30:39 +0700] "GET /robots.txt HTTP/1.1" 301 1058 "-" "Mozilla/5.0 (compatible; DotBot/1.2; +https://opensiteexplorer.org/dotbot; help@moz.com)"
216.244.66.233 - - [13/Apr/2026:01:09:38 +0700] "GET /robots.txt HTTP/1.1" 301 1054 "-" "Mozilla/5.0 (compatible; DotBot/1.2; +https://opensiteexplorer.org/dotbot; help@moz.com)"
216.244.66.234 - - [13/Apr/2026:01:18:23 +0700] "GET /robots.txt HTTP/1.1" 301 1058 "-" "Mozilla/5.0 (compatible; DotBot/1.2; +https://opensiteexplorer.org/dotbot; help@moz.com)"
216.244.66.234 - - [13/Apr/2026:01:18:23 +0700] "GET /robots.txt HTTP/1.1" 301 1054 "-" "Mozilla/5.0 (compatible; DotBot/1.2; +https://opensiteexplorer.org/dotbot; help@moz.com)"
51.68.107.150 - - [13/Apr/2026:01:18:43 +0700] "GET /robots.txt HTTP/1.1" 301 1054 "-" "Mozilla/5.0 (compatible; MJ12bot/v2.0.5; http://mj12bot.com/)"
51.68.107.150 - - [13/Apr/2026:01:18:45 +0700] "GET / HTTP/1.1" 301 1044 "-" "Mozilla/5.0 (compatible; MJ12bot/v2.0.5; http://mj12bot.com/)"
137.184.69.207 - - [13/Apr/2026:01:33:03 +0700] "GET /.git/config HTTP/1.1" 403 1517 "-" "Mozilla/5.0 (X11; Linux x86_64) AppleWebKit/537.36 (KHTML, like Gecko) Chrome/81.0.4044.129 Safari/537.36"
185.12.150.110 - - [13/Apr/2026:01:37:41 +0700] "GET / HTTP/1.1" 301 1007 "-" "Mozilla/5.0 (iPhone; CPU iPhone OS 17_3_1 like Mac OS X) AppleWebKit/605.1.15 (KHTML, like Gecko) Version/17.3.1 Mobile/15E148 Safari/604"
216.244.66.201 - - [13/Apr/2026:01:53:51 +0700] "GET /robots.txt HTTP/1.1" 301 1065 "-" "Mozilla/5.0 (compatible; DotBot/1.2; +https://opensiteexplorer.org/dotbot; help@moz.com)"
66.249.79.227 - - [13/Apr/2026:01:56:44 +0700] "GET /robots.txt HTTP/1.1" 301 1050 "-" "Mozilla/5.0 (compatible; Googlebot/2.1; +http://www.google.com/bot.html)"
216.244.66.234 - - [13/Apr/2026:02:07:36 +0700] "GET /robots.txt HTTP/1.1" 301 1054 "-" "Mozilla/5.0 (compatible; DotBot/1.2; +https://opensiteexplorer.org/dotbot; help@moz.com)"
216.244.66.234 - - [13/Apr/2026:02:07:45 +0700] "GET /robots.txt HTTP/1.1" 301 1058 "-" "Mozilla/5.0 (compatible; DotBot/1.2; +https://opensiteexplorer.org/dotbot; help@moz.com)"
216.244.66.201 - - [13/Apr/2026:02:40:17 +0700] "GET /robots.txt HTTP/1.1" 301 1065 "-" "Mozilla/5.0 (compatible; DotBot/1.2; +https://opensiteexplorer.org/dotbot; help@moz.com)"
216.244.66.234 - - [13/Apr/2026:03:01:21 +0700] "GET /robots.txt HTTP/1.1" 301 1058 "-" "Mozilla/5.0 (compatible; DotBot/1.2; +https://opensiteexplorer.org/dotbot; help@moz.com)"
216.244.66.234 - - [13/Apr/2026:03:01:22 +0700] "GET /robots.txt HTTP/1.1" 301 1054 "-" "Mozilla/5.0 (compatible; DotBot/1.2; +https://opensiteexplorer.org/dotbot; help@moz.com)"
104.219.42.67 - - [13/Apr/2026:03:21:46 +0700] "HEAD / HTTP/1.1" 301 214 "https://dienmaychuyennghiep.com/" "Mozilla/5.0 (Windows NT 10.0; Win64; x64) AppleWebKit/537.36 (KHTML, like Gecko) Chrome/91.0.4472.124 Safari/537.36"
216.244.66.233 - - [13/Apr/2026:03:22:17 +0700] "GET /robots.txt HTTP/1.1" 301 1054 "-" "Mozilla/5.0 (compatible; DotBot/1.2; +https://opensiteexplorer.org/dotbot; help@moz.com)"
103.131.71.82 - - [13/Apr/2026:03:22:40 +0700] "GET /robots.txt HTTP/1.1" 301 1014 "-" "Mozilla/5.0 (compatible; coccocbot-web/1.0; +http://help.coccoc.com/searchengine)"
216.244.66.201 - - [13/Apr/2026:03:39:33 +0700] "GET /robots.txt HTTP/1.1" 301 1065 "-" "Mozilla/5.0 (compatible; DotBot/1.2; +https://opensiteexplorer.org/dotbot; help@moz.com)"
216.244.66.234 - - [13/Apr/2026:03:48:03 +0700] "GET /robots.txt HTTP/1.1" 301 1054 "-" "Mozilla/5.0 (compatible; DotBot/1.2; +https://opensiteexplorer.org/dotbot; help@moz.com)"
83.99.206.10 - - [13/Apr/2026:03:48:23 +0700] "GET / HTTP/1.1" 301 1055 "-" "Mozilla/5.0 (X11; Linux x86_64) AppleWebKit/537.36 (KHTML, like Gecko; GeedoShopProductFinder) Chrome/142.0.0.0 Safari/537.36"
216.244.66.234 - - [13/Apr/2026:04:35:09 +0700] "GET /robots.txt HTTP/1.1" 301 1058 "-" "Mozilla/5.0 (compatible; DotBot/1.2; +https://opensiteexplorer.org/dotbot; help@moz.com)"
119.249.100.107 - - [13/Apr/2026:04:49:50 +0700] "GET /robots.txt HTTP/1.1" 301 1021 "-" "Mozilla/5.0 (Windows NT 10.0; WOW64) AppleWebKit/537.36 (KHTML, like Gecko) Chrome/48.0.2564.116 Safari/537.36"
216.244.66.233 - - [13/Apr/2026:04:53:35 +0700] "GET /robots.txt HTTP/1.1" 301 1054 "-" "Mozilla/5.0 (compatible; DotBot/1.2; +https://opensiteexplorer.org/dotbot; help@moz.com)"
43.163.118.136 - - [13/Apr/2026:04:59:51 +0700] "GET / HTTP/1.1" 301 1048 "-" "Mozilla/5.0 (iPhone; CPU iPhone OS 13_2_3 like Mac OS X) AppleWebKit/605.1.15 (KHTML, like Gecko) Version/13.0.3 Mobile/15E148 Safari/604.1"
192.71.12.156 - - [13/Apr/2026:05:19:55 +0700] "GET / HTTP/1.1" 301 1003 "-" "Mozilla/5.0 (Android 14; Mobile; rv:123.0) Gecko/123.0 Firefox/123"
119.249.100.238 - - [13/Apr/2026:05:24:03 +0700] "GET /robots.txt HTTP/1.1" 301 1017 "-" "Mozilla/5.0 (Windows NT 10.0; WOW64) AppleWebKit/537.36 (KHTML, like Gecko) Chrome/48.0.2564.116 Safari/537.36"
66.249.71.164 - - [13/Apr/2026:05:25:18 +0700] "GET /robots.txt HTTP/1.1" 301 1051 "-" "Mozilla/5.0 (compatible; Googlebot/2.1; +http://www.google.com/bot.html)"
66.249.71.164 - - [13/Apr/2026:05:25:18 +0700] "GET / HTTP/1.1" 301 1041 "-" "Mozilla/5.0 (compatible; Googlebot/2.1; +http://www.google.com/bot.html)"
216.244.66.234 - - [13/Apr/2026:05:35:11 +0700] "GET /robots.txt HTTP/1.1" 301 1054 "-" "Mozilla/5.0 (compatible; DotBot/1.2; +https://opensiteexplorer.org/dotbot; help@moz.com)"
216.244.66.234 - - [13/Apr/2026:05:35:11 +0700] "GET /robots.txt HTTP/1.1" 301 1058 "-" "Mozilla/5.0 (compatible; DotBot/1.2; +https://opensiteexplorer.org/dotbot; help@moz.com)"
216.244.66.233 - - [13/Apr/2026:05:39:47 +0700] "GET /robots.txt HTTP/1.1" 301 1054 "-" "Mozilla/5.0 (compatible; DotBot/1.2; +https://opensiteexplorer.org/dotbot; help@moz.com)"
216.244.66.234 - - [13/Apr/2026:06:20:37 +0700] "GET /robots.txt HTTP/1.1" 301 1054 "-" "Mozilla/5.0 (compatible; DotBot/1.2; +https://opensiteexplorer.org/dotbot; help@moz.com)"
216.244.66.234 - - [13/Apr/2026:06:20:37 +0700] "GET /robots.txt HTTP/1.1" 301 1058 "-" "Mozilla/5.0 (compatible; DotBot/1.2; +https://opensiteexplorer.org/dotbot; help@moz.com)"
216.244.66.233 - - [13/Apr/2026:06:25:57 +0700] "GET /robots.txt HTTP/1.1" 301 1054 "-" "Mozilla/5.0 (compatible; DotBot/1.2; +https://opensiteexplorer.org/dotbot; help@moz.com)"
113.44.96.102 - - [13/Apr/2026:06:56:51 +0700] "GET /robots.txt HTTP/1.1" 301 1051 "-" "Mozilla/5.0 (Macintosh; Intel Mac OS X 10_15_7) AppleWebKit/537.36 (KHTML, like Gecko) Chrome/144.0.0.0 Safari/537.36"
103.131.71.97 - - [13/Apr/2026:07:01:10 +0700] "GET /robots.txt HTTP/1.1" 301 1028 "-" "Mozilla/5.0 (compatible; coccocbot-web/1.0; +http://help.coccoc.com/searchengine)"
103.131.71.96 - - [13/Apr/2026:07:01:30 +0700] "GET / HTTP/1.1" 301 1018 "-" "Mozilla/5.0 (compatible; coccocbot-web/1.0; +http://help.coccoc.com/searchengine)"
216.244.66.234 - - [13/Apr/2026:07:07:17 +0700] "GET /robots.txt HTTP/1.1" 301 1054 "-" "Mozilla/5.0 (compatible; DotBot/1.2; +https://opensiteexplorer.org/dotbot; help@moz.com)"
176.65.148.161 - - [13/Apr/2026:07:29:52 +0700] "HEAD / HTTP/1.1" 301 177 "-" "Mozilla/5.0 (compatible; Let's Encrypt validation server; +https://www.letsencrypt.org)"
176.65.148.161 - - [13/Apr/2026:07:29:52 +0700] "HEAD / HTTP/1.1" 301 167 "-" "Mozilla/5.0 (compatible; Let's Encrypt validation server; +https://www.letsencrypt.org)"
176.65.148.161 - - [13/Apr/2026:07:29:52 +0700] "HEAD / HTTP/1.1" 301 166 "-" "Mozilla/5.0 (compatible; Let's Encrypt validation server; +https://www.letsencrypt.org)"
176.65.148.161 - - [13/Apr/2026:07:29:52 +0700] "HEAD / HTTP/1.1" 301 170 "-" "Mozilla/5.0 (compatible; Let's Encrypt validation server; +https://www.letsencrypt.org)"
176.65.148.161 - - [13/Apr/2026:07:29:52 +0700] "HEAD / HTTP/1.1" 301 181 "-" "Mozilla/5.0 (compatible; Let's Encrypt validation server; +https://www.letsencrypt.org)"
176.65.148.161 - - [13/Apr/2026:07:29:52 +0700] "HEAD / HTTP/1.1" 301 162 "-" "Mozilla/5.0 (compatible; Let's Encrypt validation server; +https://www.letsencrypt.org)"
176.65.148.161 - - [13/Apr/2026:07:29:52 +0700] "HEAD / HTTP/1.1" 301 163 "-" "Mozilla/5.0 (compatible; Let's Encrypt validation server; +https://www.letsencrypt.org)"
176.65.148.161 - - [13/Apr/2026:07:29:52 +0700] "HEAD / HTTP/1.1" 301 166 "-" "Mozilla/5.0 (compatible; Let's Encrypt validation server; +https://www.letsencrypt.org)"
103.131.71.75 - - [13/Apr/2026:07:31:25 +0700] "GET /robots.txt HTTP/1.1" 301 1032 "-" "Mozilla/5.0 (compatible; coccocbot-web/1.0; +http://help.coccoc.com/searchengine)"
216.244.66.233 - - [13/Apr/2026:07:57:44 +0700] "GET /robots.txt HTTP/1.1" 301 1054 "-" "Mozilla/5.0 (compatible; DotBot/1.2; +https://opensiteexplorer.org/dotbot; help@moz.com)"
34.74.242.206 - - [13/Apr/2026:07:59:22 +0700] "GET /robots.txt HTTP/1.0" 301 1028 "-" "ZoominfoBot (zoominfobot at zoominfo dot com)"
34.74.242.206 - - [13/Apr/2026:07:59:24 +0700] "GET / HTTP/1.0" 301 1018 "-" "ZoominfoBot (zoominfobot at zoominfo dot com)"
43.164.195.17 - - [13/Apr/2026:08:28:09 +0700] "GET / HTTP/1.1" 301 1044 "-" "Mozilla/5.0 (iPhone; CPU iPhone OS 13_2_3 like Mac OS X) AppleWebKit/605.1.15 (KHTML, like Gecko) Version/13.0.3 Mobile/15E148 Safari/604.1"
216.244.66.201 - - [13/Apr/2026:08:31:41 +0700] "GET /robots.txt HTTP/1.1" 301 1065 "-" "Mozilla/5.0 (compatible; DotBot/1.2; +https://opensiteexplorer.org/dotbot; help@moz.com)"
34.74.242.206 - - [13/Apr/2026:08:37:46 +0700] "GET /robots.txt HTTP/1.0" 301 1032 "-" "ZoominfoBot (zoominfobot at zoominfo dot com)"
34.74.242.206 - - [13/Apr/2026:08:37:49 +0700] "GET / HTTP/1.0" 301 1022 "-" "ZoominfoBot (zoominfobot at zoominfo dot com)"
216.244.66.234 - - [13/Apr/2026:08:40:01 +0700] "GET /robots.txt HTTP/1.1" 301 1058 "-" "Mozilla/5.0 (compatible; DotBot/1.2; +https://opensiteexplorer.org/dotbot; help@moz.com)"
216.244.66.234 - - [13/Apr/2026:08:40:01 +0700] "GET /robots.txt HTTP/1.1" 301 1054 "-" "Mozilla/5.0 (compatible; DotBot/1.2; +https://opensiteexplorer.org/dotbot; help@moz.com)"
216.244.66.233 - - [13/Apr/2026:08:50:11 +0700] "GET /robots.txt HTTP/1.1" 301 1054 "-" "Mozilla/5.0 (compatible; DotBot/1.2; +https://opensiteexplorer.org/dotbot; help@moz.com)"
216.244.66.234 - - [13/Apr/2026:09:35:52 +0700] "GET /robots.txt HTTP/1.1" 301 1054 "-" "Mozilla/5.0 (compatible; DotBot/1.2; +https://opensiteexplorer.org/dotbot; help@moz.com)"
216.244.66.234 - - [13/Apr/2026:09:35:52 +0700] "GET /robots.txt HTTP/1.1" 301 1058 "-" "Mozilla/5.0 (compatible; DotBot/1.2; +https://opensiteexplorer.org/dotbot; help@moz.com)"
44.249.9.237 - - [13/Apr/2026:09:59:21 +0700] "GET / HTTP/1.1" 301 1007 "-" "Mozilla/5.0 (Macintosh; Intel Mac OS X 10_15_7) AppleWebKit/537.36 (KHTML, like Gecko) Chrome/113.0.0.0 Safari/537.36"
172.127.77.162 - - [13/Apr/2026:09:59:22 +0700] "GET / HTTP/1.1" 301 1007 "-" "Mozilla/5.0 (Macintosh; Intel Mac OS X 10_15_7) AppleWebKit/537.36 (KHTML, like Gecko) Chrome/113.0.0.0 Safari/537.36"
216.244.66.201 - - [13/Apr/2026:10:16:46 +0700] "GET /robots.txt HTTP/1.1" 301 1065 "-" "Mozilla/5.0 (compatible; DotBot/1.2; +https://opensiteexplorer.org/dotbot; help@moz.com)"
216.244.66.234 - - [13/Apr/2026:10:20:54 +0700] "GET /robots.txt HTTP/1.1" 301 1058 "-" "Mozilla/5.0 (compatible; DotBot/1.2; +https://opensiteexplorer.org/dotbot; help@moz.com)"
216.244.66.234 - - [13/Apr/2026:11:05:25 +0700] "GET /robots.txt HTTP/1.1" 301 1058 "-" "Mozilla/5.0 (compatible; DotBot/1.2; +https://opensiteexplorer.org/dotbot; help@moz.com)"
216.244.66.201 - - [13/Apr/2026:11:49:50 +0700] "GET /robots.txt HTTP/1.1" 301 1065 "-" "Mozilla/5.0 (compatible; DotBot/1.2; +https://opensiteexplorer.org/dotbot; help@moz.com)"
216.244.66.234 - - [13/Apr/2026:11:50:53 +0700] "GET /robots.txt HTTP/1.1" 301 1058 "-" "Mozilla/5.0 (compatible; DotBot/1.2; +https://opensiteexplorer.org/dotbot; help@moz.com)"
52.22.138.222 - - [13/Apr/2026:12:33:13 +0700] "GET /robots.txt HTTP/1.1" 301 1021 "-" "Mozilla/5.0 (Macintosh; Intel Mac OS X 10_10_1) AppleWebKit/600.2.5 (KHTML, like Gecko) Version/8.0.2 Safari/600.2.5 (Gort)"
216.244.66.234 - - [13/Apr/2026:12:36:08 +0700] "GET /robots.txt HTTP/1.1" 301 1054 "-" "Mozilla/5.0 (compatible; DotBot/1.2; +https://opensiteexplorer.org/dotbot; help@moz.com)"
43.130.106.18 - - [13/Apr/2026:13:11:22 +0700] "GET / HTTP/1.1" 301 1059 "-" "Mozilla/5.0 (iPhone; CPU iPhone OS 13_2_3 like Mac OS X) AppleWebKit/605.1.15 (KHTML, like Gecko) Version/13.0.3 Mobile/15E148 Safari/604.1"
103.131.71.180 - - [13/Apr/2026:13:18:24 +0700] "GET /robots.txt HTTP/1.1" 301 1028 "-" "Mozilla/5.0 (compatible; coccocbot-web/1.0; +http://help.coccoc.com/searchengine)"
103.131.71.138 - - [13/Apr/2026:13:18:44 +0700] "GET / HTTP/1.1" 301 1018 "-" "Mozilla/5.0 (compatible; coccocbot-web/1.0; +http://help.coccoc.com/searchengine)"
216.244.66.234 - - [13/Apr/2026:13:21:32 +0700] "GET /robots.txt HTTP/1.1" 301 1054 "-" "Mozilla/5.0 (compatible; DotBot/1.2; +https://opensiteexplorer.org/dotbot; help@moz.com)"
